Last updated on 2024-05-01 16:53:07 CEST.
Flavor | Version | Tinstall | Tcheck | Ttotal | Status | Flags |
---|---|---|---|---|---|---|
r-devel-linux-x86_64-debian-clang | 0.1.3 | 218.29 | 41.81 | 260.10 | OK | |
r-devel-linux-x86_64-debian-gcc | 0.1.3 | 160.35 | 32.13 | 192.48 | OK | |
r-devel-linux-x86_64-fedora-clang | 0.1.3 | 406.93 | OK | |||
r-devel-linux-x86_64-fedora-gcc | 0.1.3 | 392.49 | OK | |||
r-devel-windows-x86_64 | 0.1.3 | 169.00 | 82.00 | 251.00 | OK | |
r-patched-linux-x86_64 | 0.1.3 | 212.25 | 39.64 | 251.89 | OK | |
r-release-linux-x86_64 | 0.1.3 | 206.73 | 40.69 | 247.42 | OK | |
r-release-macos-arm64 | 0.1.3 | 72.00 | NOTE | |||
r-release-windows-x86_64 | 0.1.3 | 168.00 | 83.00 | 251.00 | OK | |
r-oldrel-macos-arm64 | 0.1.3 | 108.00 | NOTE | |||
r-oldrel-macos-x86_64 | 0.1.3 | 125.00 | NOTE | |||
r-oldrel-windows-x86_64 | 0.1.3 | 163.00 | 91.00 | 254.00 | OK |
Version: 0.1.3
Check: installed package size
Result: NOTE
installed size is 8.9Mb
sub-directories of 1Mb or more:
libs 8.6Mb
Flavors: r-release-macos-arm64, r-oldrel-macos-arm64, r-oldrel-macos-x86_64