Last updated on 2025-01-19 05:49:18 CET.
Flavor | Version | Tinstall | Tcheck | Ttotal | Status | Flags |
---|---|---|---|---|---|---|
r-devel-linux-x86_64-debian-clang | 2.8.3 | 2.78 | 27.01 | 29.79 | NOTE | |
r-devel-linux-x86_64-debian-gcc | 2.8.3 | 2.21 | 20.96 | 23.17 | NOTE | |
r-devel-linux-x86_64-fedora-clang | 2.8.3 | 48.55 | NOTE | |||
r-devel-linux-x86_64-fedora-gcc | 2.8.3 | 48.80 | NOTE | |||
r-devel-windows-x86_64 | 2.8.3 | 6.00 | 48.00 | 54.00 | NOTE | |
r-patched-linux-x86_64 | 2.8.3 | 2.80 | 25.93 | 28.73 | NOTE | |
r-release-linux-x86_64 | 2.8.3 | 2.92 | 25.58 | 28.50 | NOTE | |
r-release-macos-arm64 | 2.8.3 | 17.00 | NOTE | |||
r-release-macos-x86_64 | 2.8.3 | 26.00 | NOTE | |||
r-release-windows-x86_64 | 2.8.3 | 3.00 | 50.00 | 53.00 | NOTE | |
r-oldrel-macos-arm64 | 2.8.3 | 21.00 | OK | |||
r-oldrel-macos-x86_64 | 2.8.3 | 45.00 | OK | |||
r-oldrel-windows-x86_64 | 2.8.3 | 6.00 | 51.00 | 57.00 | OK |
Version: 2.8.3
Check: Rd files
Result: NOTE
checkRd: (-1) readMzXmlDir.Rd:39: Lost braces in \itemize; \value handles \item{}{} directly
checkRd: (-1) readMzXmlDir.Rd:40: Lost braces in \itemize; \value handles \item{}{} directly
checkRd: (-1) readMzXmlDir.Rd:41: Lost braces in \itemize; \value handles \item{}{} directly
checkRd: (-1) readMzXmlFile.Rd:21: Lost braces in \itemize; \value handles \item{}{} directly
checkRd: (-1) readMzXmlFile.Rd:22: Lost braces in \itemize; \value handles \item{}{} directly
checkRd: (-1) readMzXmlFile.Rd:23: Lost braces in \itemize; \value handles \item{}{} directly
Flavors: r-devel-linux-x86_64-debian-clang, r-devel-linux-x86_64-debian-gcc, r-devel-linux-x86_64-fedora-clang, r-devel-linux-x86_64-fedora-gcc, r-devel-windows-x86_64, r-patched-linux-x86_64, r-release-linux-x86_64, r-release-macos-arm64, r-release-macos-x86_64, r-release-windows-x86_64