CRAN Package Check Results for Package readroper

Last updated on 2025-01-19 05:49:18 CET.

Flavor Version Tinstall Tcheck Ttotal Status Flags
r-devel-linux-x86_64-debian-clang 0.9.3 1.67 24.84 26.51 OK
r-devel-linux-x86_64-debian-gcc 0.9.3 1.35 19.50 20.85 OK
r-devel-linux-x86_64-fedora-clang 0.9.3 43.51 OK
r-devel-linux-x86_64-fedora-gcc 0.9.3 57.47 OK
r-devel-windows-x86_64 0.9.3 3.00 49.00 52.00 OK
r-patched-linux-x86_64 0.9.3 1.75 23.38 25.13 NOTE
r-release-linux-x86_64 0.9.3 1.63 23.79 25.42 NOTE
r-release-macos-arm64 0.9.3 23.00 NOTE
r-release-macos-x86_64 0.9.3 32.00 NOTE
r-release-windows-x86_64 0.9.3 3.00 47.00 50.00 NOTE
r-oldrel-macos-arm64 0.9.3 23.00 NOTE
r-oldrel-macos-x86_64 0.9.3 34.00 NOTE
r-oldrel-windows-x86_64 0.9.3 4.00 47.00 51.00 NOTE

Check Details

Version: 0.9.3
Check: LazyData
Result: NOTE 'LazyData' is specified without a 'data' directory Flavors: r-patched-linux-x86_64, r-release-linux-x86_64, r-release-macos-arm64, r-release-macos-x86_64, r-release-windows-x86_64, r-oldrel-macos-arm64, r-oldrel-macos-x86_64, r-oldrel-windows-x86_64