CRAN Package Check Results for Package rebus.base

Last updated on 2025-01-19 05:49:18 CET.

Flavor Version Tinstall Tcheck Ttotal Status Flags
r-devel-linux-x86_64-debian-clang 0.0-3 2.05 21.25 23.30 OK
r-devel-linux-x86_64-debian-gcc 0.0-3 1.49 16.82 18.31 OK
r-devel-linux-x86_64-fedora-clang 0.0-3 38.61 OK
r-devel-linux-x86_64-fedora-gcc 0.0-3 37.97 OK
r-devel-windows-x86_64 0.0-3 3.00 53.00 56.00 OK
r-patched-linux-x86_64 0.0-3 2.69 20.61 23.30 NOTE
r-release-linux-x86_64 0.0-3 1.97 20.48 22.45 NOTE
r-release-macos-arm64 0.0-3 17.00 NOTE
r-release-macos-x86_64 0.0-3 23.00 NOTE
r-release-windows-x86_64 0.0-3 3.00 48.00 51.00 NOTE
r-oldrel-macos-arm64 0.0-3 19.00 NOTE
r-oldrel-macos-x86_64 0.0-3 23.00 NOTE
r-oldrel-windows-x86_64 0.0-3 3.00 50.00 53.00 NOTE

Check Details

Version: 0.0-3
Check: LazyData
Result: NOTE 'LazyData' is specified without a 'data' directory Flavors: r-patched-linux-x86_64, r-release-linux-x86_64, r-release-macos-arm64, r-release-macos-x86_64, r-release-windows-x86_64, r-oldrel-macos-arm64, r-oldrel-macos-x86_64, r-oldrel-windows-x86_64