Last updated on 2024-03-28 14:48:39 CET.
Flavor | Version | Tinstall | Tcheck | Ttotal | Status | Flags |
---|---|---|---|---|---|---|
r-devel-linux-x86_64-debian-clang | 0.1-3 | 2.63 | 28.01 | 30.64 | NOTE | |
r-devel-linux-x86_64-debian-gcc | 0.1-3 | 2.04 | 21.92 | 23.96 | NOTE | |
r-devel-linux-x86_64-fedora-clang | 0.1-3 | 38.57 | NOTE | |||
r-devel-linux-x86_64-fedora-gcc | 0.1-3 | 37.55 | NOTE | |||
r-devel-windows-x86_64 | 0.1-3 | 4.00 | 52.00 | 56.00 | NOTE | |
r-patched-linux-x86_64 | 0.1-3 | 2.98 | 27.71 | 30.69 | NOTE | |
r-release-linux-x86_64 | 0.1-3 | 2.78 | 26.73 | 29.51 | NOTE | |
r-release-macos-arm64 | 0.1-3 | 18.00 | NOTE | |||
r-release-macos-x86_64 | 0.1-3 | 25.00 | NOTE | |||
r-release-windows-x86_64 | 0.1-3 | 4.00 | 51.00 | 55.00 | NOTE | |
r-oldrel-macos-arm64 | 0.1-3 | 19.00 | NOTE | |||
r-oldrel-windows-x86_64 | 0.1-3 | 4.00 | 52.00 | 56.00 | NOTE |
Version: 0.1-3
Check: LazyData
Result: NOTE
'LazyData' is specified without a 'data' directory
Flavors: r-devel-linux-x86_64-debian-clang, r-devel-linux-x86_64-debian-gcc, r-devel-linux-x86_64-fedora-clang, r-devel-linux-x86_64-fedora-gcc, r-devel-windows-x86_64, r-patched-linux-x86_64, r-release-linux-x86_64, r-release-macos-arm64, r-release-macos-x86_64, r-release-windows-x86_64, r-oldrel-macos-arm64, r-oldrel-windows-x86_64