CRAN Package Check Results for Package rebus.unicode

Last updated on 2025-01-19 05:49:18 CET.

Flavor Version Tinstall Tcheck Ttotal Status Flags
r-devel-linux-x86_64-debian-clang 0.0-2 2.53 22.02 24.55 OK
r-devel-linux-x86_64-debian-gcc 0.0-2 2.17 17.43 19.60 OK
r-devel-linux-x86_64-fedora-clang 0.0-2 39.60 OK
r-devel-linux-x86_64-fedora-gcc 0.0-2 39.47 OK
r-devel-windows-x86_64 0.0-2 4.00 44.00 48.00 OK
r-patched-linux-x86_64 0.0-2 2.85 21.02 23.87 NOTE
r-release-linux-x86_64 0.0-2 2.63 21.15 23.78 NOTE
r-release-macos-arm64 0.0-2 16.00 NOTE
r-release-macos-x86_64 0.0-2 25.00 NOTE
r-release-windows-x86_64 0.0-2 4.00 44.00 48.00 NOTE
r-oldrel-macos-arm64 0.0-2 17.00 NOTE
r-oldrel-macos-x86_64 0.0-2 22.00 NOTE
r-oldrel-windows-x86_64 0.0-2 5.00 46.00 51.00 NOTE

Check Details

Version: 0.0-2
Check: LazyData
Result: NOTE 'LazyData' is specified without a 'data' directory Flavors: r-patched-linux-x86_64, r-release-linux-x86_64, r-release-macos-arm64, r-release-macos-x86_64, r-release-windows-x86_64, r-oldrel-macos-arm64, r-oldrel-macos-x86_64, r-oldrel-windows-x86_64