CRAN Package Check Results for Package recipes

Last updated on 2025-01-19 05:49:18 CET.

Flavor Version Tinstall Tcheck Ttotal Status Flags
r-devel-linux-x86_64-debian-clang 1.1.0 25.10 400.76 425.86 NOTE
r-devel-linux-x86_64-debian-gcc 1.1.0 18.95 268.80 287.75 NOTE
r-devel-linux-x86_64-fedora-clang 1.1.0 675.39 NOTE
r-devel-linux-x86_64-fedora-gcc 1.1.0 682.13 NOTE
r-devel-windows-x86_64 1.1.0 27.00 405.00 432.00 OK
r-patched-linux-x86_64 1.1.0 29.50 370.87 400.37 NOTE
r-release-linux-x86_64 1.1.0 24.32 372.39 396.71 NOTE
r-release-macos-arm64 1.1.0 190.00 OK
r-release-macos-x86_64 1.1.0 525.00 OK
r-release-windows-x86_64 1.1.0 30.00 385.00 415.00 OK
r-oldrel-macos-arm64 1.1.0 179.00 OK
r-oldrel-macos-x86_64 1.1.0 375.00 OK
r-oldrel-windows-x86_64 1.1.0 28.00 502.00 530.00 OK

Check Details

Version: 1.1.0
Check: Rd cross-references
Result: NOTE Unknown package ‘dimRed’ in Rd xrefs Flavors: r-devel-linux-x86_64-debian-clang, r-devel-linux-x86_64-debian-gcc, r-devel-linux-x86_64-fedora-gcc, r-patched-linux-x86_64, r-release-linux-x86_64

Version: 1.1.0
Check: Rd cross-references
Result: NOTE Undeclared packages ‘fastICA’, ‘dimRed’ in Rd xrefs Unknown package ‘dimRed’ in Rd xrefs Flavor: r-devel-linux-x86_64-fedora-clang