Last updated on 2024-04-17 13:57:40 CEST.
Flavor | Version | Tinstall | Tcheck | Ttotal | Status | Flags |
---|---|---|---|---|---|---|
r-devel-linux-x86_64-debian-clang | 1.0.10 | 26.55 | 508.19 | 534.74 | OK | |
r-devel-linux-x86_64-debian-gcc | 1.0.10 | 23.30 | 369.08 | 392.38 | OK | |
r-devel-linux-x86_64-fedora-clang | 1.0.10 | 647.94 | NOTE | |||
r-devel-linux-x86_64-fedora-gcc | 1.0.10 | 639.23 | OK | |||
r-prerel-macos-arm64 | 1.0.10 | 172.00 | OK | |||
r-prerel-macos-x86_64 | 1.0.10 | 497.00 | OK | |||
r-prerel-windows-x86_64 | 1.0.10 | 27.00 | 373.00 | 400.00 | OK | |
r-patched-linux-x86_64 | 1.0.10 | 38.35 | 496.07 | 534.42 | OK | |
r-release-linux-x86_64 | 1.0.10 | 25.58 | 496.03 | 521.61 | OK | |
r-release-macos-arm64 | 1.0.10 | 177.00 | OK | |||
r-release-macos-x86_64 | 1.0.10 | 438.00 | OK | |||
r-release-windows-x86_64 | 1.0.10 | 37.00 | 506.00 | 543.00 | OK | |
r-oldrel-macos-arm64 | 1.0.10 | 163.00 | OK | |||
r-oldrel-windows-x86_64 | 1.0.10 | 37.00 | 460.00 | 497.00 | OK |
Version: 1.0.10
Check: Rd cross-references
Result: NOTE
Undeclared packages ‘fastICA’, ‘dimRed’ in Rd xrefs
Flavor: r-devel-linux-x86_64-fedora-clang