Last updated on 2025-01-19 05:49:18 CET.
Flavor | Version | Tinstall | Tcheck | Ttotal | Status | Flags |
---|---|---|---|---|---|---|
r-devel-linux-x86_64-debian-clang | 0.5.0 | 16.54 | 66.45 | 82.99 | NOTE | |
r-devel-linux-x86_64-debian-gcc | 0.5.0 | 11.31 | 49.45 | 60.76 | NOTE | |
r-devel-linux-x86_64-fedora-clang | 0.5.0 | 138.41 | OK | |||
r-devel-linux-x86_64-fedora-gcc | 0.5.0 | 141.24 | OK | |||
r-devel-windows-x86_64 | 0.5.0 | 18.00 | 119.00 | 137.00 | NOTE | |
r-patched-linux-x86_64 | 0.5.0 | 17.38 | 59.26 | 76.64 | OK | |
r-release-linux-x86_64 | 0.5.0 | 15.72 | 58.92 | 74.64 | OK | |
r-release-macos-arm64 | 0.5.0 | 56.00 | OK | |||
r-release-macos-x86_64 | 0.5.0 | 79.00 | OK | |||
r-release-windows-x86_64 | 0.5.0 | 18.00 | 116.00 | 134.00 | OK | |
r-oldrel-macos-arm64 | 0.5.0 | 63.00 | OK | |||
r-oldrel-macos-x86_64 | 0.5.0 | 158.00 | OK | |||
r-oldrel-windows-x86_64 | 0.5.0 | 20.00 | 127.00 | 147.00 | OK |
Version: 0.5.0
Check: Rd cross-references
Result: NOTE
Found the following Rd file(s) with Rd \link{} targets missing package
anchors:
add_from_x.Rd: data.table
comparators.Rd: stringdist
compare_pairs.Rd: data.table
compare_vars.Rd: data.table
get_inspect_pairs.Rd: data.table
pair.Rd: data.table
pair_blocking.Rd: data.table
pair_minsim.Rd: data.table
Please provide package anchors for all Rd \link{} targets not in the
package itself and the base packages.
Flavors: r-devel-linux-x86_64-debian-clang, r-devel-linux-x86_64-debian-gcc, r-devel-windows-x86_64