Last updated on 2025-01-19 05:49:18 CET.
Flavor | Version | Tinstall | Tcheck | Ttotal | Status | Flags |
---|---|---|---|---|---|---|
r-devel-linux-x86_64-debian-clang | 0.2-0 | 6.86 | 59.85 | 66.71 | OK | |
r-devel-linux-x86_64-debian-gcc | 0.2-0 | 5.06 | 49.26 | 54.32 | OK | |
r-devel-linux-x86_64-fedora-clang | 0.2-0 | 101.17 | OK | |||
r-devel-linux-x86_64-fedora-gcc | 0.2-0 | 100.45 | OK | |||
r-devel-windows-x86_64 | 0.2-0 | 8.00 | 73.00 | 81.00 | OK | |
r-patched-linux-x86_64 | 0.2-0 | 6.87 | 56.74 | 63.61 | OK | |
r-release-linux-x86_64 | 0.2-0 | 7.07 | 57.35 | 64.42 | OK | |
r-release-macos-arm64 | 0.2-0 | 34.00 | NOTE | |||
r-release-macos-x86_64 | 0.2-0 | 48.00 | NOTE | |||
r-release-windows-x86_64 | 0.2-0 | 6.00 | 74.00 | 80.00 | NOTE | |
r-oldrel-macos-arm64 | 0.2-0 | 35.00 | NOTE | |||
r-oldrel-macos-x86_64 | 0.2-0 | 58.00 | NOTE | |||
r-oldrel-windows-x86_64 | 0.2-0 | 10.00 | 81.00 | 91.00 | NOTE |
Version: 0.2-0
Check: installed package size
Result: NOTE
installed size is 9.1Mb
sub-directories of 1Mb or more:
data 9.0Mb
Flavors: r-release-macos-arm64, r-release-macos-x86_64, r-release-windows-x86_64, r-oldrel-macos-arm64, r-oldrel-macos-x86_64, r-oldrel-windows-x86_64