Last updated on 2025-01-19 05:49:18 CET.
Flavor | Version | Tinstall | Tcheck | Ttotal | Status | Flags |
---|---|---|---|---|---|---|
r-devel-linux-x86_64-debian-clang | 2.1.0 | 41.99 | 710.04 | 752.03 | NOTE | |
r-devel-linux-x86_64-debian-gcc | 2.1.0 | 32.16 | 450.06 | 482.22 | NOTE | |
r-devel-linux-x86_64-fedora-clang | 2.1.0 | 1220.75 | NOTE | |||
r-devel-linux-x86_64-fedora-gcc | 2.1.0 | 1317.34 | NOTE | |||
r-devel-windows-x86_64 | 2.1.0 | 50.00 | 864.00 | 914.00 | NOTE | |
r-patched-linux-x86_64 | 2.1.0 | 48.83 | 686.95 | 735.78 | NOTE | |
r-release-linux-x86_64 | 2.1.0 | 40.66 | 681.91 | 722.57 | NOTE | |
r-release-macos-arm64 | 2.1.0 | 377.00 | NOTE | |||
r-release-macos-x86_64 | 2.1.0 | 543.00 | NOTE | |||
r-release-windows-x86_64 | 2.1.0 | 48.00 | 831.00 | 879.00 | NOTE | |
r-oldrel-macos-arm64 | 2.1.0 | 410.00 | NOTE | |||
r-oldrel-macos-x86_64 | 2.1.0 | 628.00 | NOTE | |||
r-oldrel-windows-x86_64 | 2.1.0 | 56.00 | 959.00 | 1015.00 | NOTE |
Version: 2.1.0
Check: C++ specification
Result: NOTE
Specified C++11: please drop specification unless essential
Flavors: r-devel-linux-x86_64-debian-clang, r-devel-linux-x86_64-debian-gcc, r-devel-linux-x86_64-fedora-clang, r-devel-linux-x86_64-fedora-gcc, r-devel-windows-x86_64, r-patched-linux-x86_64, r-release-linux-x86_64, r-release-macos-arm64, r-release-macos-x86_64, r-release-windows-x86_64, r-oldrel-macos-arm64, r-oldrel-macos-x86_64, r-oldrel-windows-x86_64
Version: 2.1.0
Check: Rd cross-references
Result: NOTE
Found the following Rd file(s) with Rd \link{} targets missing package
anchors:
gfpca_twoStep.Rd: gamm4
Please provide package anchors for all Rd \link{} targets not in the
package itself and the base packages.
Flavors: r-devel-linux-x86_64-debian-clang, r-devel-linux-x86_64-debian-gcc, r-devel-windows-x86_64