Last updated on 2025-01-19 05:49:18 CET.
Flavor | Version | Tinstall | Tcheck | Ttotal | Status | Flags |
---|---|---|---|---|---|---|
r-devel-linux-x86_64-debian-clang | 1.0.1 | 8.64 | 187.51 | 196.15 | OK | |
r-devel-linux-x86_64-debian-gcc | 1.0.1 | 6.28 | 129.15 | 135.43 | OK | |
r-devel-linux-x86_64-fedora-clang | 1.0.1 | 317.65 | NOTE | |||
r-devel-linux-x86_64-fedora-gcc | 1.0.1 | 331.07 | NOTE | |||
r-devel-windows-x86_64 | 1.0.1 | 10.00 | 187.00 | 197.00 | OK | |
r-patched-linux-x86_64 | 1.0.1 | 9.92 | 177.50 | 187.42 | OK | |
r-release-linux-x86_64 | 1.0.1 | 9.44 | 176.88 | 186.32 | OK | |
r-release-macos-arm64 | 1.0.1 | 114.00 | OK | |||
r-release-macos-x86_64 | 1.0.1 | 188.00 | OK | |||
r-release-windows-x86_64 | 1.0.1 | 10.00 | 183.00 | 193.00 | OK | |
r-oldrel-macos-arm64 | 1.0.1 | 104.00 | OK | |||
r-oldrel-macos-x86_64 | 1.0.1 | 212.00 | OK | |||
r-oldrel-windows-x86_64 | 1.0.1 | 13.00 | 238.00 | 251.00 | OK |
Version: 1.0.1
Check: dependencies in R code
Result: NOTE
Namespace in Imports field not imported from: ‘Deriv’
All declared Imports should be used.
Flavors: r-devel-linux-x86_64-fedora-clang, r-devel-linux-x86_64-fedora-gcc