CRAN Package Check Results for Package relliptical

Last updated on 2025-01-19 05:49:18 CET.

Flavor Version Tinstall Tcheck Ttotal Status Flags
r-devel-linux-x86_64-debian-clang 1.3.0 36.02 55.42 91.44 OK
r-devel-linux-x86_64-debian-gcc 1.3.0 29.39 38.74 68.13 OK
r-devel-linux-x86_64-fedora-clang 1.3.0 162.58 OK
r-devel-linux-x86_64-fedora-gcc 1.3.0 180.61 OK
r-devel-windows-x86_64 1.3.0 43.00 94.00 137.00 OK
r-patched-linux-x86_64 1.3.0 44.61 50.50 95.11 OK
r-release-linux-x86_64 1.3.0 45.92 50.64 96.56 OK
r-release-macos-arm64 1.3.0 37.00 NOTE
r-release-macos-x86_64 1.3.0 62.00 NOTE
r-release-windows-x86_64 1.3.0 43.00 91.00 134.00 OK
r-oldrel-macos-arm64 1.3.0 55.00 NOTE
r-oldrel-macos-x86_64 1.3.0 122.00 NOTE
r-oldrel-windows-x86_64 1.3.0 52.00 108.00 160.00 OK

Check Details

Version: 1.3.0
Check: installed package size
Result: NOTE installed size is 6.2Mb sub-directories of 1Mb or more: libs 6.0Mb Flavors: r-release-macos-arm64, r-release-macos-x86_64, r-oldrel-macos-arm64, r-oldrel-macos-x86_64