Last updated on 2025-01-19 05:49:18 CET.
Flavor | Version | Tinstall | Tcheck | Ttotal | Status | Flags |
---|---|---|---|---|---|---|
r-devel-linux-x86_64-debian-clang | 1.0.2 | 13.67 | 162.74 | 176.41 | OK | |
r-devel-linux-x86_64-debian-gcc | 1.0.2 | 10.96 | 113.77 | 124.73 | OK | |
r-devel-linux-x86_64-fedora-clang | 1.0.2 | 280.38 | OK | |||
r-devel-linux-x86_64-fedora-gcc | 1.0.2 | 276.82 | OK | |||
r-devel-windows-x86_64 | 1.0.2 | 19.00 | 157.00 | 176.00 | OK | |
r-patched-linux-x86_64 | 1.0.2 | 14.45 | 150.30 | 164.75 | OK | |
r-release-linux-x86_64 | 1.0.2 | 13.42 | 149.31 | 162.73 | OK | |
r-release-macos-arm64 | 1.0.2 | 73.00 | OK | |||
r-release-macos-x86_64 | 1.0.2 | 124.00 | OK | |||
r-release-windows-x86_64 | 1.0.2 | 19.00 | 154.00 | 173.00 | OK | |
r-oldrel-macos-arm64 | 1.0.2 | 89.00 | OK | |||
r-oldrel-macos-x86_64 | 1.0.2 | 129.00 | NOTE | |||
r-oldrel-windows-x86_64 | 1.0.2 | 21.00 | 196.00 | 217.00 | OK |
Version: 1.0.2
Check: package dependencies
Result: NOTE
Package suggested but not available for checking: ‘ggpubr’
Flavor: r-oldrel-macos-x86_64