CRAN Package Check Results for Package renpow

Last updated on 2025-09-29 16:49:59 CEST.

Flavor Version Tinstall Tcheck Ttotal Status Flags
r-devel-linux-x86_64-debian-clang 0.1-1 6.86 43.58 50.44 NOTE
r-devel-linux-x86_64-debian-gcc 0.1-1 5.01 30.28 35.29 NOTE
r-devel-linux-x86_64-fedora-clang 0.1-1 77.40 OK
r-devel-linux-x86_64-fedora-gcc 0.1-1 79.50 OK
r-devel-windows-x86_64 0.1-1 8.00 58.00 66.00 OK
r-patched-linux-x86_64 0.1-1 7.44 40.77 48.21 OK
r-release-linux-x86_64 0.1-1 7.11 40.93 48.04 OK
r-release-macos-arm64 0.1-1 21.00 OK
r-release-macos-x86_64 0.1-1 41.00 OK
r-release-windows-x86_64 0.1-1 6.00 61.00 67.00 OK
r-oldrel-macos-arm64 0.1-1 20.00 OK
r-oldrel-macos-x86_64 0.1-1 37.00 OK
r-oldrel-windows-x86_64 0.1-1 8.00 57.00 65.00 OK

Check Details

Version: 0.1-1
Check: CRAN incoming feasibility
Result: NOTE Maintainer: ‘Miguel F. Acevedo <acevedo@unt.edu>’ No Authors@R field in DESCRIPTION. Please add one, modifying Authors@R: person(given = c("Miguel", "F."), family = "Acevedo", role = c("aut", "cre"), email = "acevedo@unt.edu") as necessary. Flavors: r-devel-linux-x86_64-debian-clang, r-devel-linux-x86_64-debian-gcc