CRAN Package Check Results for Package repec

Last updated on 2025-01-19 05:49:18 CET.

Flavor Version Tinstall Tcheck Ttotal Status Flags
r-devel-linux-x86_64-debian-clang 0.1.0 1.56 17.60 19.16 OK
r-devel-linux-x86_64-debian-gcc 0.1.0 1.51 14.50 16.01 OK
r-devel-linux-x86_64-fedora-clang 0.1.0 31.07 OK
r-devel-linux-x86_64-fedora-gcc 0.1.0 31.13 OK
r-devel-windows-x86_64 0.1.0 3.00 44.00 47.00 OK
r-patched-linux-x86_64 0.1.0 1.91 16.78 18.69 NOTE
r-release-linux-x86_64 0.1.0 1.56 16.67 18.23 NOTE
r-release-macos-arm64 0.1.0 13.00 NOTE
r-release-macos-x86_64 0.1.0 21.00 NOTE
r-release-windows-x86_64 0.1.0 3.00 48.00 51.00 NOTE
r-oldrel-macos-arm64 0.1.0 14.00 NOTE
r-oldrel-macos-x86_64 0.1.0 18.00 NOTE
r-oldrel-windows-x86_64 0.1.0 3.00 46.00 49.00 NOTE

Check Details

Version: 0.1.0
Check: LazyData
Result: NOTE 'LazyData' is specified without a 'data' directory Flavors: r-patched-linux-x86_64, r-release-linux-x86_64, r-release-macos-arm64, r-release-macos-x86_64, r-release-windows-x86_64, r-oldrel-macos-arm64, r-oldrel-macos-x86_64, r-oldrel-windows-x86_64