CRAN Package Check Results for Package reportReg

Last updated on 2025-01-19 05:49:18 CET.

Flavor Version Tinstall Tcheck Ttotal Status Flags
r-devel-linux-x86_64-debian-clang 0.3.0 1.67 17.84 19.51 OK
r-devel-linux-x86_64-debian-gcc 0.3.0 1.37 14.92 16.29 OK
r-devel-linux-x86_64-fedora-clang 0.3.0 32.20 OK
r-devel-linux-x86_64-fedora-gcc 0.3.0 31.60 OK
r-devel-windows-x86_64 0.3.0 3.00 39.00 42.00 OK
r-patched-linux-x86_64 0.3.0 2.04 17.19 19.23 NOTE
r-release-linux-x86_64 0.3.0 1.96 17.35 19.31 NOTE
r-release-macos-arm64 0.3.0 15.00 NOTE
r-release-macos-x86_64 0.3.0 21.00 NOTE
r-release-windows-x86_64 0.3.0 2.00 41.00 43.00 NOTE
r-oldrel-macos-arm64 0.3.0 16.00 NOTE
r-oldrel-macos-x86_64 0.3.0 19.00 NOTE
r-oldrel-windows-x86_64 0.3.0 4.00 40.00 44.00 NOTE

Check Details

Version: 0.3.0
Check: LazyData
Result: NOTE 'LazyData' is specified without a 'data' directory Flavors: r-patched-linux-x86_64, r-release-linux-x86_64, r-release-macos-arm64, r-release-macos-x86_64, r-release-windows-x86_64, r-oldrel-macos-arm64, r-oldrel-macos-x86_64, r-oldrel-windows-x86_64