Last updated on 2024-03-27 20:50:08 CET.
Flavor | Version | Tinstall | Tcheck | Ttotal | Status | Flags |
---|---|---|---|---|---|---|
r-devel-linux-x86_64-debian-clang | 1.1.7 | 5.25 | 53.76 | 59.01 | OK | |
r-devel-linux-x86_64-debian-gcc | 1.1.7 | 4.39 | 40.88 | 45.27 | OK | |
r-devel-linux-x86_64-fedora-clang | 1.1.7 | 77.27 | NOTE | |||
r-devel-linux-x86_64-fedora-gcc | 1.1.7 | 185.38 | OK | |||
r-devel-windows-x86_64 | 1.1.7 | 5.00 | 70.00 | 75.00 | OK | |
r-patched-linux-x86_64 | 1.1.6 | 6.62 | 49.71 | 56.33 | OK | |
r-release-linux-x86_64 | 1.1.7 | 5.24 | 52.34 | 57.58 | OK | |
r-release-macos-arm64 | 1.1.7 | 69.00 | OK | |||
r-release-macos-x86_64 | 1.1.7 | 211.00 | OK | |||
r-release-windows-x86_64 | 1.1.7 | 7.00 | 75.00 | 82.00 | OK | |
r-oldrel-macos-arm64 | 1.1.7 | 80.00 | OK | |||
r-oldrel-windows-x86_64 | 1.1.7 | 9.00 | 76.00 | 85.00 | OK |
Version: 1.1.7
Check: Rd cross-references
Result: NOTE
Undeclared package ‘ggplot2’ in Rd xrefs
Flavor: r-devel-linux-x86_64-fedora-clang