CRAN Package Check Results for Package reproducer

Last updated on 2019-10-20 12:46:24 CEST.

Flavor Version Tinstall Tcheck Ttotal Status Flags
r-devel-linux-x86_64-debian-clang 0.3.0 6.89 56.01 62.90 OK
r-devel-linux-x86_64-debian-gcc 0.3.0 5.82 42.83 48.65 OK
r-devel-linux-x86_64-fedora-clang 0.3.0 75.75 NOTE
r-devel-linux-x86_64-fedora-gcc 0.3.0 77.05 NOTE
r-devel-windows-ix86+x86_64 0.3.0 15.00 106.00 121.00 OK
r-patched-linux-x86_64 0.3.0 6.54 52.91 59.45 OK
r-patched-solaris-x86 0.3.0 104.60 NOTE
r-release-linux-x86_64 0.3.0 6.55 54.37 60.92 OK
r-release-windows-ix86+x86_64 0.3.0 25.00 77.00 102.00 OK
r-release-osx-x86_64 0.3.0 NOTE
r-oldrel-windows-ix86+x86_64 0.3.0 9.00 64.00 73.00 OK
r-oldrel-osx-x86_64 0.3.0 NOTE

Check Details

Version: 0.3.0
Check: dependencies in R code
Result: NOTE
    Namespace in Imports field not imported from: ‘magrittr’
     All declared Imports should be used.
Flavors: r-devel-linux-x86_64-fedora-clang, r-devel-linux-x86_64-fedora-gcc, r-patched-solaris-x86, r-release-osx-x86_64, r-oldrel-osx-x86_64