CRAN Package Check Results for Package reproducible

Last updated on 2020-11-24 12:51:38 CET.

Flavor Version Tinstall Tcheck Ttotal Status Flags
r-devel-linux-x86_64-debian-clang 1.2.1 33.62 226.82 260.44 ERROR
r-devel-linux-x86_64-debian-gcc 1.2.1 23.02 180.92 203.94 ERROR
r-devel-linux-x86_64-fedora-clang 1.2.1 302.68 ERROR
r-devel-linux-x86_64-fedora-gcc 1.2.1 311.36 ERROR
r-devel-windows-ix86+x86_64 1.2.1 46.00 267.00 313.00 ERROR
r-patched-linux-x86_64 1.2.1 27.78 218.83 246.61 ERROR
r-patched-solaris-x86 1.2.1 350.10 ERROR
r-release-linux-x86_64 1.2.1 27.87 221.99 249.86 ERROR
r-release-macos-x86_64 1.2.1 OK
r-release-windows-ix86+x86_64 1.2.1 33.00 207.00 240.00 ERROR
r-oldrel-macos-x86_64 1.2.1 OK
r-oldrel-windows-ix86+x86_64 1.2.1 31.00 199.00 230.00 ERROR

Check Details

Version: 1.2.1
Check: examples
Result: ERROR
    Running examples in 'reproducible-Ex.R' failed
    The error most likely occurred in:
    
    > base::assign(".ptime", proc.time(), pos = "CheckExEnv")
    > ### Name: Cache
    > ### Title: Cache method that accommodates environments, S4 methods,
    > ### Rasters, & nested caching
    > ### Aliases: Cache Cache,ANY-method
    >
    > ### ** Examples
    >
    > tmpDir <- file.path(tempdir())
    >
    > # Basic use
    > ranNumsA <- Cache(rnorm, 10, 16, cacheRepo = tmpDir)
    >
    > # All same
    > ranNumsB <- Cache(rnorm, 10, 16, cacheRepo = tmpDir) # recovers cached copy
     ...(Object to retrieve (f11fb1a2880f8060.rds))
     loaded cached result from previous rnorm call,
    > ranNumsC <- Cache(cacheRepo = tmpDir) %C% rnorm(10, 16) # recovers cached copy
    Error in get(x, envir = ns, inherits = FALSE) :
     object 'split_chain' not found
    Calls: %C% -> getFromNamespace -> get
    Execution halted
Flavors: r-devel-linux-x86_64-debian-clang, r-devel-linux-x86_64-debian-gcc, r-patched-linux-x86_64, r-release-linux-x86_64

Version: 1.2.1
Check: tests
Result: ERROR
     Running 'test-all.R' [71s/98s]
    Running the tests in 'tests/test-all.R' failed.
    Complete output:
     > library(testthat)
     > test_check("reproducible")
     Loading required package: reproducible
     -- ERROR (test-cache.R:550:3): test pipe for Cache -----------------------------
     Error: object 'split_chain' not found
     Backtrace:
     x
     1. \-`%C%`(...)
     2. \-utils::getFromNamespace("split_chain", ns = "magrittr")
     3. \-base::get(x, envir = ns, inherits = FALSE)
    
     -- Skip (test-cache.R:757:3): test future --------------------------------------
     Reason: On CRAN
    
     -- Skip (test-cache.R:929:3): test rm large non-file-backed rasters ------------
     Reason: On CRAN
    
     -- Skip (test-cache.R:952:3): test cc ------------------------------------------
     Reason: On CRAN
    
     -- Skip (test-cacheArguments.R:2:3): test cached downloads ---------------------
     Reason: On CRAN
    
     -- Skip (test-cloud.R:3:3): test Cache(useCloud=TRUE, ...) ---------------------
     Reason: No Drive token is not TRUE
    
     -- Skip (test-cloud.R:145:3): test Cache(useCloud=TRUE, ...) with raster-backed
     Reason: No Drive token is not TRUE
    
     -- Skip (test-cloud.R:181:3): test Cache(useCloud=TRUE, ...) with raster-backed
     Reason: No Drive token is not TRUE
    
     -- Skip (test-cloud.R:204:3): test Cache(useCloud=TRUE, ...) with raster-backed
     Reason: No Drive token is not TRUE
    
     -- Skip (test-cluster.R:2:3): test parallel collisions -------------------------
     Reason: On CRAN
    
     -- Warning (test-copy.R:8:3): test Copy ----------------------------------------
     NOT UPDATED FOR PROJ >= 6
    
     -- Skip (test-download.R:1:1): dlGeneric works ---------------------------------
     Reason: empty test
    
     -- Skip (test-examples.R:1:1): all exported functions have examples ------------
     Reason: empty test
    
     -- Skip (test-filesMissingExtension.R:2:3): prepInputs works with NULL archive +
     Reason: On CRAN
    
     -- Skip (test-filesMissingExtension.R:14:3): prepInputs WORKS if the file is not
     Reason: On CRAN
    
     -- Skip (test-filesMissingExtension.R:27:3): prepInputs WORKS if passing archive
     Reason: On CRAN
    
     -- Skip (test-filesMissingExtension.R:40:3): prepInputs WORKS passing just targe
     Reason: On CRAN
    
     -- Skip (test-filesMissingExtension.R:52:3): prepInputs WORKS passing archive +
     Reason: On CRAN
    
     Writing layer `file3286e3a136b' to data source `/tmp/RtmpZWFj7j/raster//file3286e3a136b.shp' using driver `ESRI Shapefile'
     Writing 3 features with 2 fields and geometry type Polygon.
     adding: tmp/RtmpZWFj7j/Require/FNSjN1/YIGI2Xt.tif (stored 0%)
     adding: tmp/RtmpZWFj7j/Require/FNSjN1/eR9eiXf.grd (stored 0%)
     -- Skip (test-misc.R:149:3): test miscellaneous fns (part 2) -------------------
     Reason: No Drive token is not TRUE
    
     -- Skip (test-multipleCacheRepo.R:40:3): test multiple cacheRepo with 1 of them
     Reason: test cloudCache inside Cache -- Not fully written test
    
     -- Skip (test-preProcessDoesntWork.R:2:3): preProcess fails if user provides a n
     Reason: On CRAN
    
     -- Skip (test-preProcessDoesntWork.R:18:3): preProcess fails if user provides no
     Reason: On CRAN
    
     -- Skip (test-preProcessDoesntWork.R:34:3): preProcess fails if user provides a
     Reason: On CRAN
    
     -- Skip (test-preProcessDoesntWork.R:50:3): preProcess fails if the .rar file is
     Reason: On CRAN
    
     -- Skip (test-preProcessWorks.R:2:3): preProcess works for .tar files ----------
     Reason: On CRAN
    
     -- Skip (test-preProcessWorks.R:14:3): preProcess works for .zip when provided o
     Reason: On CRAN
    
     -- Skip (test-preProcessWorks.R:26:3): preProcess works with only url ----------
     Reason: On CRAN
    
     -- Skip (test-preProcessWorks.R:38:3): preProcess works when provides only archi
     Reason: On CRAN
    
     -- Skip (test-preProcessWorks.R:54:3): preProcess works when provides archive an
     Reason: On CRAN
    
     -- Skip (test-preProcessWorks.R:71:3): preProcess works when provides only targe
     Reason: On CRAN
    
     -- Skip (test-preProcessWorks.R:84:3): preProcess works when provides targetfile
     Reason: On CRAN
    
     -- Skip (test-preProcessWorks.R:98:3): preProcess works when provides url, archi
     Reason: On CRAN
    
     -- Skip (test-preProcessWorks.R:112:3): preProcess works when provides url, targ
     Reason: On CRAN
    
     -- Skip (test-preProcessWorks.R:125:3): preProcess works when provides url and d
     Reason: On CRAN
    
     -- Skip (test-preProcessWorks.R:145:3): preProcess works when provides url, targ
     Reason: On CRAN
    
     -- Skip (test-preProcessWorks.R:169:3): preProcess works when provides url, arch
     Reason: On CRAN
    
     -- Skip (test-preProcessWorks.R:190:3): preProcess works, but gives a warning wh
     Reason: On CRAN
    
     -- Skip (test-preProcessWorks.R:204:3): preProcess works, but gives a warning wh
     Reason: On CRAN
    
     -- Skip (test-preProcessWorks.R:219:3): preProcess works, but gives a warning wh
     Reason: On CRAN
    
     -- Skip (test-preProcessWorks.R:233:3): preProcess works, but gives a warning wh
     Reason: On CRAN
    
     -- Skip (test-preProcessWorks.R:247:3): preProcess works, but gives a warning wh
     Reason: On CRAN
    
     -- Skip (test-prepInputs-large-files.R:2:3): prepInputs correctly unzips large f
     Reason: On CRAN
    
     -- Skip (test-prepInputs.R:2:3): prepInputs doesn't work (part 1) --------------
     Reason: On CRAN
    
     -- Skip (test-prepInputs.R:295:1): interactive prepInputs ----------------------
     Reason: empty test
    
     -- Skip (test-prepInputs.R:439:3): preProcess doesn't work ---------------------
     Reason: On CRAN
    
     -- Skip (test-prepInputs.R:1114:3): prepInputs doesn't work (part 2) -----------
     Reason: On CRAN
    
     -- Skip (test-prepInputs.R:1385:1): lightweight tests for code coverage --------
     Reason: empty test
    
     -- Skip (test-prepInputs.R:1521:3): lightweight tests 2 for code coverage ------
     Reason: On CRAN
    
     -- Skip (test-prepInputs.R:1584:3): options inputPaths -------------------------
     Reason: On CRAN
    
     -- Skip (test-prepInputs.R:1754:3): writeOutputs saves factor rasters with .grd
     Reason: On CRAN
    
     -- Warning (test-prepInputs.R:1803:3): rasters aren't properly resampled -------
     input and ouput crs are the same
    
     -- Warning (test-prepInputs.R:1818:3): rasters aren't properly resampled -------
     input and ouput crs are the same
    
     -- Skip (test-prepInputs.R:1825:3): System call gdal works ---------------------
     Reason: On CRAN
    
     -- Skip (test-prepInputs.R:1861:3): System call gdal works using multicores for
     Reason: On CRAN
    
     -- Skip (test-prepInputs.R:1918:3): System call gdal will make the rasters match
     Reason: On CRAN
    
     -- Skip (test-prepInputs.R:1953:3): cropInputs crops too closely when input proj
     Reason: On CRAN
    
     -- Skip (test-prepInputs.R:1990:3): message when files from archive are already
     Reason: On CRAN
    
     -- Skip (test-prepInputs.R:2005:3): message when file is a shapefile -----------
     Reason: On CRAN
    
     -- Skip (test-prepInputs.R:2017:3): message when doesn't know the targetFile ext
     Reason: On CRAN
    
     -- Skip (test-prepInputs.R:2029:3): When supplying two files without archive, wh
     Reason: On CRAN
    
     -- Skip (test-prepInputs.R:2043:3): message when archive has two known files (ra
     Reason: On CRAN
    
     -- Skip (test-prepInputs.R:2058:3): message when extracting a file that is alrea
     Reason: On CRAN
    
     -- Skip (test-prepInputs.R:2076:1): Test to fix issue #101 prepInputs on raster
     Reason: empty test
    
     -- Skip (test-prepInputs.R:2092:1): Test of using future and progress indicator
     Reason: empty test
    
     Writing layer `file32811608770' to data source `/tmp/RtmpZWFj7j/raster//file32811608770.shp' using driver `ESRI Shapefile'
     Writing 1 features with 0 fields and geometry type Polygon.
     Writing layer `file32815877a77' to data source `/tmp/RtmpZWFj7j/raster//file32815877a77.shp' using driver `ESRI Shapefile'
     Writing 1 features with 0 fields and geometry type Polygon.
     Writing layer `file32839edae50' to data source `/tmp/RtmpZWFj7j/raster//file32839edae50.shp' using driver `ESRI Shapefile'
     Writing 1 features with 0 fields and geometry type Polygon.
     -- Skip (test-prepInputsInNestedArchives.R:2:3): prepInputs in a simple one doub
     Reason: On CRAN
    
     -- Skip (test-prepInputsInNestedArchives.R:14:3): prepInputs in a simple one dou
     Reason: On CRAN
    
     -- Skip (test-prepInputsInNestedArchives.R:28:3): prepInputs in a two files doub
     Reason: On CRAN
    
     -- Skip (test-prepInputsInNestedArchives.R:40:3): prepInputs in a two files doub
     Reason: On CRAN
    
     -- Skip (test-prepInputsInNestedArchives.R:58:3): prepInputs in a two files doub
     Reason: On CRAN
    
     -- Skip (test-prepInputsInNestedArchives.R:79:3): prepInputs in a two files doub
     Reason: On CRAN
    
     -- Skip (test-prepInputsInNestedArchives.R:95:3): prepInputs in a two files doub
     Reason: On CRAN
    
     -- Skip (test-prepInputsInNestedArchives.R:124:3): prepInputs in a two files dou
     Reason: On CRAN
    
     -- Skip (test-prepInputsInNestedArchives.R:149:3): prepInputs in a two files dou
     Reason: On CRAN
    
     -- Skip (test-prepInputsInNestedArchives.R:175:3): prepInputs works with nested
     Reason: On CRAN
    
     -- Skipped tests --------------------------------------------------------------
     * No Drive token is not TRUE (5)
     * On CRAN (58)
     * empty test (6)
     * test cloudCache inside Cache -- Not fully written test (1)
    
     == testthat results ===========================================================
     ERROR (test-cache.R:550:3): test pipe for Cache
     Warning (test-copy.R:8:3): test Copy
     Warning (test-prepInputs.R:1803:3): rasters aren't properly resampled
     Warning (test-prepInputs.R:1818:3): rasters aren't properly resampled
    
     [ FAIL 1 | WARN 3 | SKIP 70 | PASS 353 ]
     Error: Test failures
     Execution halted
Flavor: r-devel-linux-x86_64-debian-clang

Version: 1.2.1
Check: re-building of vignette outputs
Result: WARN
    Error(s) in re-building vignettes:
     ...
    --- re-building 'Cache-using-postgresql.Rmd' using rmarkdown
    --- finished re-building 'Cache-using-postgresql.Rmd'
    
    --- re-building 'Intro-to-Cache.Rmd' using rmarkdown
    Quitting from lines 87-101 (Intro-to-Cache.Rmd)
    Error: processing vignette 'Intro-to-Cache.Rmd' failed with diagnostics:
    object 'split_chain' not found
    --- failed re-building 'Intro-to-Cache.Rmd'
    
    SUMMARY: processing the following file failed:
     'Intro-to-Cache.Rmd'
    
    Error: Vignette re-building failed.
    Execution halted
Flavors: r-devel-linux-x86_64-debian-clang, r-devel-linux-x86_64-debian-gcc, r-patched-linux-x86_64, r-release-linux-x86_64

Version: 1.2.1
Check: tests
Result: ERROR
     Running ‘test-all.R’ [60s/133s]
    Running the tests in ‘tests/test-all.R’ failed.
    Complete output:
     > library(testthat)
     > test_check("reproducible")
     Loading required package: reproducible
     ── ERROR (test-cache.R:550:3): test pipe for Cache ─────────────────────────────
     Error: object 'split_chain' not found
     Backtrace:
     █
     1. └─`%C%`(...)
     2. └─utils::getFromNamespace("split_chain", ns = "magrittr")
     3. └─base::get(x, envir = ns, inherits = FALSE)
    
     ── Skip (test-cache.R:757:3): test future ──────────────────────────────────────
     Reason: On CRAN
    
     ── Skip (test-cache.R:929:3): test rm large non-file-backed rasters ────────────
     Reason: On CRAN
    
     ── Skip (test-cache.R:952:3): test cc ──────────────────────────────────────────
     Reason: On CRAN
    
     ── Skip (test-cacheArguments.R:2:3): test cached downloads ─────────────────────
     Reason: On CRAN
    
     ── Skip (test-cloud.R:3:3): test Cache(useCloud=TRUE, ...) ─────────────────────
     Reason: No Drive token is not TRUE
    
     ── Skip (test-cloud.R:145:3): test Cache(useCloud=TRUE, ...) with raster-backed
     Reason: No Drive token is not TRUE
    
     ── Skip (test-cloud.R:181:3): test Cache(useCloud=TRUE, ...) with raster-backed
     Reason: No Drive token is not TRUE
    
     ── Skip (test-cloud.R:204:3): test Cache(useCloud=TRUE, ...) with raster-backed
     Reason: No Drive token is not TRUE
    
     ── Skip (test-cluster.R:2:3): test parallel collisions ─────────────────────────
     Reason: On CRAN
    
     ── Warning (test-copy.R:8:3): test Copy ────────────────────────────────────────
     NOT UPDATED FOR PROJ >= 6
    
     ── Skip (test-download.R:1:1): dlGeneric works ─────────────────────────────────
     Reason: empty test
    
     ── Skip (test-examples.R:1:1): all exported functions have examples ────────────
     Reason: empty test
    
     ── Skip (test-filesMissingExtension.R:2:3): prepInputs works with NULL archive +
     Reason: On CRAN
    
     ── Skip (test-filesMissingExtension.R:14:3): prepInputs WORKS if the file is not
     Reason: On CRAN
    
     ── Skip (test-filesMissingExtension.R:27:3): prepInputs WORKS if passing archive
     Reason: On CRAN
    
     ── Skip (test-filesMissingExtension.R:40:3): prepInputs WORKS passing just targe
     Reason: On CRAN
    
     ── Skip (test-filesMissingExtension.R:52:3): prepInputs WORKS passing archive +
     Reason: On CRAN
    
     Writing layer `file6dc825c90501' to data source `/home/hornik/tmp/scratch/RtmpCdU6gi/raster//file6dc825c90501.shp' using driver `ESRI Shapefile'
     Writing 3 features with 2 fields and geometry type Polygon.
     adding: home/hornik/tmp/scratch/RtmpCdU6gi/Require/FNSjN1/YIGI2Xt.tif (stored 0%)
     adding: home/hornik/tmp/scratch/RtmpCdU6gi/Require/FNSjN1/eR9eiXf.grd (stored 0%)
     ── Skip (test-misc.R:149:3): test miscellaneous fns (part 2) ───────────────────
     Reason: No Drive token is not TRUE
    
     ── Skip (test-multipleCacheRepo.R:40:3): test multiple cacheRepo with 1 of them
     Reason: test cloudCache inside Cache -- Not fully written test
    
     ── Skip (test-preProcessDoesntWork.R:2:3): preProcess fails if user provides a n
     Reason: On CRAN
    
     ── Skip (test-preProcessDoesntWork.R:18:3): preProcess fails if user provides no
     Reason: On CRAN
    
     ── Skip (test-preProcessDoesntWork.R:34:3): preProcess fails if user provides a
     Reason: On CRAN
    
     ── Skip (test-preProcessDoesntWork.R:50:3): preProcess fails if the .rar file is
     Reason: On CRAN
    
     ── Skip (test-preProcessWorks.R:2:3): preProcess works for .tar files ──────────
     Reason: On CRAN
    
     ── Skip (test-preProcessWorks.R:14:3): preProcess works for .zip when provided o
     Reason: On CRAN
    
     ── Skip (test-preProcessWorks.R:26:3): preProcess works with only url ──────────
     Reason: On CRAN
    
     ── Skip (test-preProcessWorks.R:38:3): preProcess works when provides only archi
     Reason: On CRAN
    
     ── Skip (test-preProcessWorks.R:54:3): preProcess works when provides archive an
     Reason: On CRAN
    
     ── Skip (test-preProcessWorks.R:71:3): preProcess works when provides only targe
     Reason: On CRAN
    
     ── Skip (test-preProcessWorks.R:84:3): preProcess works when provides targetfile
     Reason: On CRAN
    
     ── Skip (test-preProcessWorks.R:98:3): preProcess works when provides url, archi
     Reason: On CRAN
    
     ── Skip (test-preProcessWorks.R:112:3): preProcess works when provides url, targ
     Reason: On CRAN
    
     ── Skip (test-preProcessWorks.R:125:3): preProcess works when provides url and d
     Reason: On CRAN
    
     ── Skip (test-preProcessWorks.R:145:3): preProcess works when provides url, targ
     Reason: On CRAN
    
     ── Skip (test-preProcessWorks.R:169:3): preProcess works when provides url, arch
     Reason: On CRAN
    
     ── Skip (test-preProcessWorks.R:190:3): preProcess works, but gives a warning wh
     Reason: On CRAN
    
     ── Skip (test-preProcessWorks.R:204:3): preProcess works, but gives a warning wh
     Reason: On CRAN
    
     ── Skip (test-preProcessWorks.R:219:3): preProcess works, but gives a warning wh
     Reason: On CRAN
    
     ── Skip (test-preProcessWorks.R:233:3): preProcess works, but gives a warning wh
     Reason: On CRAN
    
     ── Skip (test-preProcessWorks.R:247:3): preProcess works, but gives a warning wh
     Reason: On CRAN
    
     ── Skip (test-prepInputs-large-files.R:2:3): prepInputs correctly unzips large f
     Reason: On CRAN
    
     ── Skip (test-prepInputs.R:2:3): prepInputs doesn't work (part 1) ──────────────
     Reason: On CRAN
    
     ── Skip (test-prepInputs.R:295:1): interactive prepInputs ──────────────────────
     Reason: empty test
    
     ── Skip (test-prepInputs.R:439:3): preProcess doesn't work ─────────────────────
     Reason: On CRAN
    
     ── Skip (test-prepInputs.R:1114:3): prepInputs doesn't work (part 2) ───────────
     Reason: On CRAN
    
     ── Skip (test-prepInputs.R:1385:1): lightweight tests for code coverage ────────
     Reason: empty test
    
     ── Skip (test-prepInputs.R:1521:3): lightweight tests 2 for code coverage ──────
     Reason: On CRAN
    
     ── Skip (test-prepInputs.R:1584:3): options inputPaths ─────────────────────────
     Reason: On CRAN
    
     ── Skip (test-prepInputs.R:1754:3): writeOutputs saves factor rasters with .grd
     Reason: On CRAN
    
     ── Warning (test-prepInputs.R:1803:3): rasters aren't properly resampled ───────
     input and ouput crs are the same
    
     ── Warning (test-prepInputs.R:1818:3): rasters aren't properly resampled ───────
     input and ouput crs are the same
    
     ── Skip (test-prepInputs.R:1825:3): System call gdal works ─────────────────────
     Reason: On CRAN
    
     ── Skip (test-prepInputs.R:1861:3): System call gdal works using multicores for
     Reason: On CRAN
    
     ── Skip (test-prepInputs.R:1918:3): System call gdal will make the rasters match
     Reason: On CRAN
    
     ── Skip (test-prepInputs.R:1953:3): cropInputs crops too closely when input proj
     Reason: On CRAN
    
     ── Skip (test-prepInputs.R:1990:3): message when files from archive are already
     Reason: On CRAN
    
     ── Skip (test-prepInputs.R:2005:3): message when file is a shapefile ───────────
     Reason: On CRAN
    
     ── Skip (test-prepInputs.R:2017:3): message when doesn't know the targetFile ext
     Reason: On CRAN
    
     ── Skip (test-prepInputs.R:2029:3): When supplying two files without archive, wh
     Reason: On CRAN
    
     ── Skip (test-prepInputs.R:2043:3): message when archive has two known files (ra
     Reason: On CRAN
    
     ── Skip (test-prepInputs.R:2058:3): message when extracting a file that is alrea
     Reason: On CRAN
    
     ── Skip (test-prepInputs.R:2076:1): Test to fix issue #101 prepInputs on raster
     Reason: empty test
    
     ── Skip (test-prepInputs.R:2092:1): Test of using future and progress indicator
     Reason: empty test
    
     Writing layer `file6dc83af12160' to data source `/home/hornik/tmp/scratch/RtmpCdU6gi/raster//file6dc83af12160.shp' using driver `ESRI Shapefile'
     Writing 1 features with 0 fields and geometry type Polygon.
     Writing layer `file6dc87f921953' to data source `/home/hornik/tmp/scratch/RtmpCdU6gi/raster//file6dc87f921953.shp' using driver `ESRI Shapefile'
     Writing 1 features with 0 fields and geometry type Polygon.
     Writing layer `file6dc83320e8e' to data source `/home/hornik/tmp/scratch/RtmpCdU6gi/raster//file6dc83320e8e.shp' using driver `ESRI Shapefile'
     Writing 1 features with 0 fields and geometry type Polygon.
     ── Skip (test-prepInputsInNestedArchives.R:2:3): prepInputs in a simple one doub
     Reason: On CRAN
    
     ── Skip (test-prepInputsInNestedArchives.R:14:3): prepInputs in a simple one dou
     Reason: On CRAN
    
     ── Skip (test-prepInputsInNestedArchives.R:28:3): prepInputs in a two files doub
     Reason: On CRAN
    
     ── Skip (test-prepInputsInNestedArchives.R:40:3): prepInputs in a two files doub
     Reason: On CRAN
    
     ── Skip (test-prepInputsInNestedArchives.R:58:3): prepInputs in a two files doub
     Reason: On CRAN
    
     ── Skip (test-prepInputsInNestedArchives.R:79:3): prepInputs in a two files doub
     Reason: On CRAN
    
     ── Skip (test-prepInputsInNestedArchives.R:95:3): prepInputs in a two files doub
     Reason: On CRAN
    
     ── Skip (test-prepInputsInNestedArchives.R:124:3): prepInputs in a two files dou
     Reason: On CRAN
    
     ── Skip (test-prepInputsInNestedArchives.R:149:3): prepInputs in a two files dou
     Reason: On CRAN
    
     ── Skip (test-prepInputsInNestedArchives.R:175:3): prepInputs works with nested
     Reason: On CRAN
    
     ── Skipped tests ──────────────────────────────────────────────────────────────
     ● No Drive token is not TRUE (5)
     ● On CRAN (58)
     ● empty test (6)
     ● test cloudCache inside Cache -- Not fully written test (1)
    
     ══ testthat results ═══════════════════════════════════════════════════════════
     ERROR (test-cache.R:550:3): test pipe for Cache
     Warning (test-copy.R:8:3): test Copy
     Warning (test-prepInputs.R:1803:3): rasters aren't properly resampled
     Warning (test-prepInputs.R:1818:3): rasters aren't properly resampled
    
     [ FAIL 1 | WARN 3 | SKIP 70 | PASS 353 ]
     Error: Test failures
     Execution halted
Flavor: r-devel-linux-x86_64-debian-gcc

Version: 1.2.1
Check: examples
Result: ERROR
    Running examples in ‘reproducible-Ex.R’ failed
    The error most likely occurred in:
    
    > ### Name: Cache
    > ### Title: Cache method that accommodates environments, S4 methods,
    > ### Rasters, & nested caching
    > ### Aliases: Cache Cache,ANY-method
    >
    > ### ** Examples
    >
    > tmpDir <- file.path(tempdir())
    >
    > # Basic use
    > ranNumsA <- Cache(rnorm, 10, 16, cacheRepo = tmpDir)
    >
    > # All same
    > ranNumsB <- Cache(rnorm, 10, 16, cacheRepo = tmpDir) # recovers cached copy
     ...(Object to retrieve (f11fb1a2880f8060.rds))
     loaded cached result from previous rnorm call,
    > ranNumsC <- Cache(cacheRepo = tmpDir) %C% rnorm(10, 16) # recovers cached copy
    Error in get(x, envir = ns, inherits = FALSE) :
     object 'split_chain' not found
    Calls: %C% -> getFromNamespace -> get
    Execution halted
Flavors: r-devel-linux-x86_64-fedora-clang, r-devel-linux-x86_64-fedora-gcc, r-devel-windows-ix86+x86_64, r-patched-solaris-x86, r-release-windows-ix86+x86_64, r-oldrel-windows-ix86+x86_64

Version: 1.2.1
Check: tests
Result: ERROR
     Running ‘test-all.R’ [77s/93s]
    Running the tests in ‘tests/test-all.R’ failed.
    Complete output:
     > library(testthat)
     > test_check("reproducible")
     Loading required package: reproducible
     ── ERROR (test-cache.R:550:3): test pipe for Cache ─────────────────────────────
     Error: object 'split_chain' not found
     Backtrace:
     █
     1. └─`%C%`(...)
     2. └─utils::getFromNamespace("split_chain", ns = "magrittr")
     3. └─base::get(x, envir = ns, inherits = FALSE)
    
     ── Skip (test-cache.R:757:3): test future ──────────────────────────────────────
     Reason: On CRAN
    
     ── Skip (test-cache.R:929:3): test rm large non-file-backed rasters ────────────
     Reason: On CRAN
    
     ── Skip (test-cache.R:952:3): test cc ──────────────────────────────────────────
     Reason: On CRAN
    
     ── Skip (test-cacheArguments.R:2:3): test cached downloads ─────────────────────
     Reason: On CRAN
    
     ── Skip (test-cloud.R:3:3): test Cache(useCloud=TRUE, ...) ─────────────────────
     Reason: No Drive token is not TRUE
    
     ── Skip (test-cloud.R:145:3): test Cache(useCloud=TRUE, ...) with raster-backed
     Reason: No Drive token is not TRUE
    
     ── Skip (test-cloud.R:181:3): test Cache(useCloud=TRUE, ...) with raster-backed
     Reason: No Drive token is not TRUE
    
     ── Skip (test-cloud.R:204:3): test Cache(useCloud=TRUE, ...) with raster-backed
     Reason: No Drive token is not TRUE
    
     ── Skip (test-cluster.R:2:3): test parallel collisions ─────────────────────────
     Reason: On CRAN
    
     ── Warning (test-copy.R:8:3): test Copy ────────────────────────────────────────
     NOT UPDATED FOR PROJ >= 6
    
     ── Skip (test-download.R:1:1): dlGeneric works ─────────────────────────────────
     Reason: empty test
    
     ── Skip (test-examples.R:1:1): all exported functions have examples ────────────
     Reason: empty test
    
     ── Skip (test-filesMissingExtension.R:2:3): prepInputs works with NULL archive +
     Reason: On CRAN
    
     ── Skip (test-filesMissingExtension.R:14:3): prepInputs WORKS if the file is not
     Reason: On CRAN
    
     ── Skip (test-filesMissingExtension.R:27:3): prepInputs WORKS if passing archive
     Reason: On CRAN
    
     ── Skip (test-filesMissingExtension.R:40:3): prepInputs WORKS passing just targe
     Reason: On CRAN
    
     ── Skip (test-filesMissingExtension.R:52:3): prepInputs WORKS passing archive +
     Reason: On CRAN
    
     Writing layer `file36c5f2581c45b9' to data source `/tmp/RtmpOwUEDM/working_dir/RtmpKoKTLg/raster//file36c5f2581c45b9.shp' using driver `ESRI Shapefile'
     Writing 3 features with 2 fields and geometry type Polygon.
     adding: tmp/RtmpOwUEDM/working_dir/RtmpKoKTLg/Require/FNSjN1/YIGI2Xt.tif (stored 0%)
     adding: tmp/RtmpOwUEDM/working_dir/RtmpKoKTLg/Require/FNSjN1/eR9eiXf.grd (stored 0%)
     ── Skip (test-misc.R:149:3): test miscellaneous fns (part 2) ───────────────────
     Reason: No Drive token is not TRUE
    
     ── Skip (test-multipleCacheRepo.R:40:3): test multiple cacheRepo with 1 of them
     Reason: test cloudCache inside Cache -- Not fully written test
    
     ── Skip (test-preProcessDoesntWork.R:2:3): preProcess fails if user provides a n
     Reason: On CRAN
    
     ── Skip (test-preProcessDoesntWork.R:18:3): preProcess fails if user provides no
     Reason: On CRAN
    
     ── Skip (test-preProcessDoesntWork.R:34:3): preProcess fails if user provides a
     Reason: On CRAN
    
     ── Skip (test-preProcessDoesntWork.R:50:3): preProcess fails if the .rar file is
     Reason: On CRAN
    
     ── Skip (test-preProcessWorks.R:2:3): preProcess works for .tar files ──────────
     Reason: On CRAN
    
     ── Skip (test-preProcessWorks.R:14:3): preProcess works for .zip when provided o
     Reason: On CRAN
    
     ── Skip (test-preProcessWorks.R:26:3): preProcess works with only url ──────────
     Reason: On CRAN
    
     ── Skip (test-preProcessWorks.R:38:3): preProcess works when provides only archi
     Reason: On CRAN
    
     ── Skip (test-preProcessWorks.R:54:3): preProcess works when provides archive an
     Reason: On CRAN
    
     ── Skip (test-preProcessWorks.R:71:3): preProcess works when provides only targe
     Reason: On CRAN
    
     ── Skip (test-preProcessWorks.R:84:3): preProcess works when provides targetfile
     Reason: On CRAN
    
     ── Skip (test-preProcessWorks.R:98:3): preProcess works when provides url, archi
     Reason: On CRAN
    
     ── Skip (test-preProcessWorks.R:112:3): preProcess works when provides url, targ
     Reason: On CRAN
    
     ── Skip (test-preProcessWorks.R:125:3): preProcess works when provides url and d
     Reason: On CRAN
    
     ── Skip (test-preProcessWorks.R:145:3): preProcess works when provides url, targ
     Reason: On CRAN
    
     ── Skip (test-preProcessWorks.R:169:3): preProcess works when provides url, arch
     Reason: On CRAN
    
     ── Skip (test-preProcessWorks.R:190:3): preProcess works, but gives a warning wh
     Reason: On CRAN
    
     ── Skip (test-preProcessWorks.R:204:3): preProcess works, but gives a warning wh
     Reason: On CRAN
    
     ── Skip (test-preProcessWorks.R:219:3): preProcess works, but gives a warning wh
     Reason: On CRAN
    
     ── Skip (test-preProcessWorks.R:233:3): preProcess works, but gives a warning wh
     Reason: On CRAN
    
     ── Skip (test-preProcessWorks.R:247:3): preProcess works, but gives a warning wh
     Reason: On CRAN
    
     ── Skip (test-prepInputs-large-files.R:2:3): prepInputs correctly unzips large f
     Reason: On CRAN
    
     ── Skip (test-prepInputs.R:2:3): prepInputs doesn't work (part 1) ──────────────
     Reason: On CRAN
    
     ── Skip (test-prepInputs.R:295:1): interactive prepInputs ──────────────────────
     Reason: empty test
    
     ── Skip (test-prepInputs.R:439:3): preProcess doesn't work ─────────────────────
     Reason: On CRAN
    
     ── Skip (test-prepInputs.R:1114:3): prepInputs doesn't work (part 2) ───────────
     Reason: On CRAN
    
     ── Skip (test-prepInputs.R:1385:1): lightweight tests for code coverage ────────
     Reason: empty test
    
     ── Skip (test-prepInputs.R:1521:3): lightweight tests 2 for code coverage ──────
     Reason: On CRAN
    
     ── Skip (test-prepInputs.R:1584:3): options inputPaths ─────────────────────────
     Reason: On CRAN
    
     ── Skip (test-prepInputs.R:1754:3): writeOutputs saves factor rasters with .grd
     Reason: On CRAN
    
     ── Warning (test-prepInputs.R:1803:3): rasters aren't properly resampled ───────
     input and ouput crs are the same
    
     ── Warning (test-prepInputs.R:1818:3): rasters aren't properly resampled ───────
     input and ouput crs are the same
    
     ── Skip (test-prepInputs.R:1825:3): System call gdal works ─────────────────────
     Reason: On CRAN
    
     ── Skip (test-prepInputs.R:1861:3): System call gdal works using multicores for
     Reason: On CRAN
    
     ── Skip (test-prepInputs.R:1918:3): System call gdal will make the rasters match
     Reason: On CRAN
    
     ── Skip (test-prepInputs.R:1953:3): cropInputs crops too closely when input proj
     Reason: On CRAN
    
     ── Skip (test-prepInputs.R:1990:3): message when files from archive are already
     Reason: On CRAN
    
     ── Skip (test-prepInputs.R:2005:3): message when file is a shapefile ───────────
     Reason: On CRAN
    
     ── Skip (test-prepInputs.R:2017:3): message when doesn't know the targetFile ext
     Reason: On CRAN
    
     ── Skip (test-prepInputs.R:2029:3): When supplying two files without archive, wh
     Reason: On CRAN
    
     ── Skip (test-prepInputs.R:2043:3): message when archive has two known files (ra
     Reason: On CRAN
    
     ── Skip (test-prepInputs.R:2058:3): message when extracting a file that is alrea
     Reason: On CRAN
    
     ── Skip (test-prepInputs.R:2076:1): Test to fix issue #101 prepInputs on raster
     Reason: empty test
    
     ── Skip (test-prepInputs.R:2092:1): Test of using future and progress indicator
     Reason: empty test
    
     Writing layer `file36c5f21315ce12' to data source `/tmp/RtmpOwUEDM/working_dir/RtmpKoKTLg/raster//file36c5f21315ce12.shp' using driver `ESRI Shapefile'
     Writing 1 features with 0 fields and geometry type Polygon.
     Writing layer `file36c5f2229b5cbc' to data source `/tmp/RtmpOwUEDM/working_dir/RtmpKoKTLg/raster//file36c5f2229b5cbc.shp' using driver `ESRI Shapefile'
     Writing 1 features with 0 fields and geometry type Polygon.
     Writing layer `file36c5f211acaf72' to data source `/tmp/RtmpOwUEDM/working_dir/RtmpKoKTLg/raster//file36c5f211acaf72.shp' using driver `ESRI Shapefile'
     Writing 1 features with 0 fields and geometry type Polygon.
     ── Skip (test-prepInputsInNestedArchives.R:2:3): prepInputs in a simple one doub
     Reason: On CRAN
    
     ── Skip (test-prepInputsInNestedArchives.R:14:3): prepInputs in a simple one dou
     Reason: On CRAN
    
     ── Skip (test-prepInputsInNestedArchives.R:28:3): prepInputs in a two files doub
     Reason: On CRAN
    
     ── Skip (test-prepInputsInNestedArchives.R:40:3): prepInputs in a two files doub
     Reason: On CRAN
    
     ── Skip (test-prepInputsInNestedArchives.R:58:3): prepInputs in a two files doub
     Reason: On CRAN
    
     ── Skip (test-prepInputsInNestedArchives.R:79:3): prepInputs in a two files doub
     Reason: On CRAN
    
     ── Skip (test-prepInputsInNestedArchives.R:95:3): prepInputs in a two files doub
     Reason: On CRAN
    
     ── Skip (test-prepInputsInNestedArchives.R:124:3): prepInputs in a two files dou
     Reason: On CRAN
    
     ── Skip (test-prepInputsInNestedArchives.R:149:3): prepInputs in a two files dou
     Reason: On CRAN
    
     ── Skip (test-prepInputsInNestedArchives.R:175:3): prepInputs works with nested
     Reason: On CRAN
    
     ── Skipped tests ──────────────────────────────────────────────────────────────
     ● No Drive token is not TRUE (5)
     ● On CRAN (58)
     ● empty test (6)
     ● test cloudCache inside Cache -- Not fully written test (1)
    
     ══ testthat results ═══════════════════════════════════════════════════════════
     ERROR (test-cache.R:550:3): test pipe for Cache
     Warning (test-copy.R:8:3): test Copy
     Warning (test-prepInputs.R:1803:3): rasters aren't properly resampled
     Warning (test-prepInputs.R:1818:3): rasters aren't properly resampled
    
     [ FAIL 1 | WARN 3 | SKIP 70 | PASS 353 ]
     Error: Test failures
     Execution halted
Flavor: r-devel-linux-x86_64-fedora-clang

Version: 1.2.1
Check: re-building of vignette outputs
Result: WARN
    Error(s) in re-building vignettes:
    --- re-building ‘Cache-using-postgresql.Rmd’ using rmarkdown
    --- finished re-building ‘Cache-using-postgresql.Rmd’
    
    --- re-building ‘Intro-to-Cache.Rmd’ using rmarkdown
    Quitting from lines 87-101 (Intro-to-Cache.Rmd)
    Error: processing vignette 'Intro-to-Cache.Rmd' failed with diagnostics:
    object 'split_chain' not found
    --- failed re-building ‘Intro-to-Cache.Rmd’
    
    SUMMARY: processing the following file failed:
     ‘Intro-to-Cache.Rmd’
    
    Error: Vignette re-building failed.
    Execution halted
Flavors: r-devel-linux-x86_64-fedora-clang, r-devel-linux-x86_64-fedora-gcc, r-devel-windows-ix86+x86_64, r-release-windows-ix86+x86_64, r-oldrel-windows-ix86+x86_64

Version: 1.2.1
Check: tests
Result: ERROR
     Running ‘test-all.R’ [89s/111s]
    Running the tests in ‘tests/test-all.R’ failed.
    Complete output:
     > library(testthat)
     > test_check("reproducible")
     Loading required package: reproducible
     ── ERROR (test-cache.R:550:3): test pipe for Cache ─────────────────────────────
     Error: object 'split_chain' not found
     Backtrace:
     █
     1. └─`%C%`(...)
     2. └─utils::getFromNamespace("split_chain", ns = "magrittr")
     3. └─base::get(x, envir = ns, inherits = FALSE)
    
     ── Skip (test-cache.R:757:3): test future ──────────────────────────────────────
     Reason: On CRAN
    
     ── Skip (test-cache.R:929:3): test rm large non-file-backed rasters ────────────
     Reason: On CRAN
    
     ── Skip (test-cache.R:952:3): test cc ──────────────────────────────────────────
     Reason: On CRAN
    
     ── Skip (test-cacheArguments.R:2:3): test cached downloads ─────────────────────
     Reason: On CRAN
    
     ── Skip (test-cloud.R:3:3): test Cache(useCloud=TRUE, ...) ─────────────────────
     Reason: No Drive token is not TRUE
    
     ── Skip (test-cloud.R:145:3): test Cache(useCloud=TRUE, ...) with raster-backed
     Reason: No Drive token is not TRUE
    
     ── Skip (test-cloud.R:181:3): test Cache(useCloud=TRUE, ...) with raster-backed
     Reason: No Drive token is not TRUE
    
     ── Skip (test-cloud.R:204:3): test Cache(useCloud=TRUE, ...) with raster-backed
     Reason: No Drive token is not TRUE
    
     ── Skip (test-cluster.R:2:3): test parallel collisions ─────────────────────────
     Reason: On CRAN
    
     ── Warning (test-copy.R:8:3): test Copy ────────────────────────────────────────
     NOT UPDATED FOR PROJ >= 6
    
     ── Skip (test-download.R:1:1): dlGeneric works ─────────────────────────────────
     Reason: empty test
    
     ── Skip (test-examples.R:1:1): all exported functions have examples ────────────
     Reason: empty test
    
     ── Skip (test-filesMissingExtension.R:2:3): prepInputs works with NULL archive +
     Reason: On CRAN
    
     ── Skip (test-filesMissingExtension.R:14:3): prepInputs WORKS if the file is not
     Reason: On CRAN
    
     ── Skip (test-filesMissingExtension.R:27:3): prepInputs WORKS if passing archive
     Reason: On CRAN
    
     ── Skip (test-filesMissingExtension.R:40:3): prepInputs WORKS passing just targe
     Reason: On CRAN
    
     ── Skip (test-filesMissingExtension.R:52:3): prepInputs WORKS passing archive +
     Reason: On CRAN
    
     Writing layer `file2c59502434f466' to data source `/tmp/RtmpqqxprK/working_dir/RtmpQScI19/raster//file2c59502434f466.shp' using driver `ESRI Shapefile'
     Writing 3 features with 2 fields and geometry type Polygon.
     adding: tmp/RtmpqqxprK/working_dir/RtmpQScI19/Require/FNSjN1/YIGI2Xt.tif (stored 0%)
     adding: tmp/RtmpqqxprK/working_dir/RtmpQScI19/Require/FNSjN1/eR9eiXf.grd (stored 0%)
     ── Skip (test-misc.R:149:3): test miscellaneous fns (part 2) ───────────────────
     Reason: No Drive token is not TRUE
    
     ── Skip (test-multipleCacheRepo.R:40:3): test multiple cacheRepo with 1 of them
     Reason: test cloudCache inside Cache -- Not fully written test
    
     ── Skip (test-preProcessDoesntWork.R:2:3): preProcess fails if user provides a n
     Reason: On CRAN
    
     ── Skip (test-preProcessDoesntWork.R:18:3): preProcess fails if user provides no
     Reason: On CRAN
    
     ── Skip (test-preProcessDoesntWork.R:34:3): preProcess fails if user provides a
     Reason: On CRAN
    
     ── Skip (test-preProcessDoesntWork.R:50:3): preProcess fails if the .rar file is
     Reason: On CRAN
    
     ── Skip (test-preProcessWorks.R:2:3): preProcess works for .tar files ──────────
     Reason: On CRAN
    
     ── Skip (test-preProcessWorks.R:14:3): preProcess works for .zip when provided o
     Reason: On CRAN
    
     ── Skip (test-preProcessWorks.R:26:3): preProcess works with only url ──────────
     Reason: On CRAN
    
     ── Skip (test-preProcessWorks.R:38:3): preProcess works when provides only archi
     Reason: On CRAN
    
     ── Skip (test-preProcessWorks.R:54:3): preProcess works when provides archive an
     Reason: On CRAN
    
     ── Skip (test-preProcessWorks.R:71:3): preProcess works when provides only targe
     Reason: On CRAN
    
     ── Skip (test-preProcessWorks.R:84:3): preProcess works when provides targetfile
     Reason: On CRAN
    
     ── Skip (test-preProcessWorks.R:98:3): preProcess works when provides url, archi
     Reason: On CRAN
    
     ── Skip (test-preProcessWorks.R:112:3): preProcess works when provides url, targ
     Reason: On CRAN
    
     ── Skip (test-preProcessWorks.R:125:3): preProcess works when provides url and d
     Reason: On CRAN
    
     ── Skip (test-preProcessWorks.R:145:3): preProcess works when provides url, targ
     Reason: On CRAN
    
     ── Skip (test-preProcessWorks.R:169:3): preProcess works when provides url, arch
     Reason: On CRAN
    
     ── Skip (test-preProcessWorks.R:190:3): preProcess works, but gives a warning wh
     Reason: On CRAN
    
     ── Skip (test-preProcessWorks.R:204:3): preProcess works, but gives a warning wh
     Reason: On CRAN
    
     ── Skip (test-preProcessWorks.R:219:3): preProcess works, but gives a warning wh
     Reason: On CRAN
    
     ── Skip (test-preProcessWorks.R:233:3): preProcess works, but gives a warning wh
     Reason: On CRAN
    
     ── Skip (test-preProcessWorks.R:247:3): preProcess works, but gives a warning wh
     Reason: On CRAN
    
     ── Skip (test-prepInputs-large-files.R:2:3): prepInputs correctly unzips large f
     Reason: On CRAN
    
     ── Skip (test-prepInputs.R:2:3): prepInputs doesn't work (part 1) ──────────────
     Reason: On CRAN
    
     ── Skip (test-prepInputs.R:295:1): interactive prepInputs ──────────────────────
     Reason: empty test
    
     ── Skip (test-prepInputs.R:439:3): preProcess doesn't work ─────────────────────
     Reason: On CRAN
    
     ── Skip (test-prepInputs.R:1114:3): prepInputs doesn't work (part 2) ───────────
     Reason: On CRAN
    
     ── Skip (test-prepInputs.R:1385:1): lightweight tests for code coverage ────────
     Reason: empty test
    
     ── Skip (test-prepInputs.R:1521:3): lightweight tests 2 for code coverage ──────
     Reason: On CRAN
    
     ── Skip (test-prepInputs.R:1584:3): options inputPaths ─────────────────────────
     Reason: On CRAN
    
     ── Skip (test-prepInputs.R:1754:3): writeOutputs saves factor rasters with .grd
     Reason: On CRAN
    
     ── Warning (test-prepInputs.R:1803:3): rasters aren't properly resampled ───────
     input and ouput crs are the same
    
     ── Warning (test-prepInputs.R:1818:3): rasters aren't properly resampled ───────
     input and ouput crs are the same
    
     ── Skip (test-prepInputs.R:1825:3): System call gdal works ─────────────────────
     Reason: On CRAN
    
     ── Skip (test-prepInputs.R:1861:3): System call gdal works using multicores for
     Reason: On CRAN
    
     ── Skip (test-prepInputs.R:1918:3): System call gdal will make the rasters match
     Reason: On CRAN
    
     ── Skip (test-prepInputs.R:1953:3): cropInputs crops too closely when input proj
     Reason: On CRAN
    
     ── Skip (test-prepInputs.R:1990:3): message when files from archive are already
     Reason: On CRAN
    
     ── Skip (test-prepInputs.R:2005:3): message when file is a shapefile ───────────
     Reason: On CRAN
    
     ── Skip (test-prepInputs.R:2017:3): message when doesn't know the targetFile ext
     Reason: On CRAN
    
     ── Skip (test-prepInputs.R:2029:3): When supplying two files without archive, wh
     Reason: On CRAN
    
     ── Skip (test-prepInputs.R:2043:3): message when archive has two known files (ra
     Reason: On CRAN
    
     ── Skip (test-prepInputs.R:2058:3): message when extracting a file that is alrea
     Reason: On CRAN
    
     ── Skip (test-prepInputs.R:2076:1): Test to fix issue #101 prepInputs on raster
     Reason: empty test
    
     ── Skip (test-prepInputs.R:2092:1): Test of using future and progress indicator
     Reason: empty test
    
     Writing layer `file2c59502f2a63bc' to data source `/tmp/RtmpqqxprK/working_dir/RtmpQScI19/raster//file2c59502f2a63bc.shp' using driver `ESRI Shapefile'
     Writing 1 features with 0 fields and geometry type Polygon.
     Writing layer `file2c59501ed6348f' to data source `/tmp/RtmpqqxprK/working_dir/RtmpQScI19/raster//file2c59501ed6348f.shp' using driver `ESRI Shapefile'
     Writing 1 features with 0 fields and geometry type Polygon.
     Writing layer `file2c5950278c1f0f' to data source `/tmp/RtmpqqxprK/working_dir/RtmpQScI19/raster//file2c5950278c1f0f.shp' using driver `ESRI Shapefile'
     Writing 1 features with 0 fields and geometry type Polygon.
     ── Skip (test-prepInputsInNestedArchives.R:2:3): prepInputs in a simple one doub
     Reason: On CRAN
    
     ── Skip (test-prepInputsInNestedArchives.R:14:3): prepInputs in a simple one dou
     Reason: On CRAN
    
     ── Skip (test-prepInputsInNestedArchives.R:28:3): prepInputs in a two files doub
     Reason: On CRAN
    
     ── Skip (test-prepInputsInNestedArchives.R:40:3): prepInputs in a two files doub
     Reason: On CRAN
    
     ── Skip (test-prepInputsInNestedArchives.R:58:3): prepInputs in a two files doub
     Reason: On CRAN
    
     ── Skip (test-prepInputsInNestedArchives.R:79:3): prepInputs in a two files doub
     Reason: On CRAN
    
     ── Skip (test-prepInputsInNestedArchives.R:95:3): prepInputs in a two files doub
     Reason: On CRAN
    
     ── Skip (test-prepInputsInNestedArchives.R:124:3): prepInputs in a two files dou
     Reason: On CRAN
    
     ── Skip (test-prepInputsInNestedArchives.R:149:3): prepInputs in a two files dou
     Reason: On CRAN
    
     ── Skip (test-prepInputsInNestedArchives.R:175:3): prepInputs works with nested
     Reason: On CRAN
    
     ── Skipped tests ──────────────────────────────────────────────────────────────
     ● No Drive token is not TRUE (5)
     ● On CRAN (58)
     ● empty test (6)
     ● test cloudCache inside Cache -- Not fully written test (1)
    
     ══ testthat results ═══════════════════════════════════════════════════════════
     ERROR (test-cache.R:550:3): test pipe for Cache
     Warning (test-copy.R:8:3): test Copy
     Warning (test-prepInputs.R:1803:3): rasters aren't properly resampled
     Warning (test-prepInputs.R:1818:3): rasters aren't properly resampled
    
     [ FAIL 1 | WARN 3 | SKIP 70 | PASS 353 ]
     Error: Test failures
     Execution halted
Flavor: r-devel-linux-x86_64-fedora-gcc

Version: 1.2.1
Check: tests
Result: ERROR
     Running 'test-all.R' [90s]
    Running the tests in 'tests/test-all.R' failed.
    Complete output:
     > library(testthat)
     > test_check("reproducible")
     Loading required package: reproducible
     -- ERROR (test-cache.R:550:3): test pipe for Cache -----------------------------
     Error: object 'split_chain' not found
     Backtrace:
     x
     1. \-`%C%`(...)
     2. \-utils::getFromNamespace("split_chain", ns = "magrittr")
     3. \-base::get(x, envir = ns, inherits = FALSE)
    
     -- Skip (test-cache.R:757:3): test future --------------------------------------
     Reason: On CRAN
    
     -- Skip (test-cache.R:929:3): test rm large non-file-backed rasters ------------
     Reason: On CRAN
    
     -- Skip (test-cache.R:952:3): test cc ------------------------------------------
     Reason: On CRAN
    
     -- Skip (test-cacheArguments.R:2:3): test cached downloads ---------------------
     Reason: On CRAN
    
     -- Skip (test-cloud.R:3:3): test Cache(useCloud=TRUE, ...) ---------------------
     Reason: No Drive token is not TRUE
    
     -- Skip (test-cloud.R:145:3): test Cache(useCloud=TRUE, ...) with raster-backed
     Reason: No Drive token is not TRUE
    
     -- Skip (test-cloud.R:181:3): test Cache(useCloud=TRUE, ...) with raster-backed
     Reason: No Drive token is not TRUE
    
     -- Skip (test-cloud.R:204:3): test Cache(useCloud=TRUE, ...) with raster-backed
     Reason: No Drive token is not TRUE
    
     -- Skip (test-cluster.R:2:3): test parallel collisions -------------------------
     Reason: On CRAN
    
     -- Warning (test-copy.R:8:3): test Copy ----------------------------------------
     NOT UPDATED FOR PROJ >= 6
    
     -- Skip (test-download.R:1:1): dlGeneric works ---------------------------------
     Reason: empty test
    
     -- Skip (test-examples.R:1:1): all exported functions have examples ------------
     Reason: empty test
    
     -- Skip (test-filesMissingExtension.R:2:3): prepInputs works with NULL archive +
     Reason: On CRAN
    
     -- Skip (test-filesMissingExtension.R:14:3): prepInputs WORKS if the file is not
     Reason: On CRAN
    
     -- Skip (test-filesMissingExtension.R:27:3): prepInputs WORKS if passing archive
     Reason: On CRAN
    
     -- Skip (test-filesMissingExtension.R:40:3): prepInputs WORKS passing just targe
     Reason: On CRAN
    
     -- Skip (test-filesMissingExtension.R:52:3): prepInputs WORKS passing archive +
     Reason: On CRAN
    
     Writing layer `file2ffd03cbb1547' to data source `D:/temp/Rtmp0uTyD8/raster/file2ffd03cbb1547.shp' using driver `ESRI Shapefile'
     Writing 3 features with 2 fields and geometry type Polygon.
     adding: temp/Rtmp0uTyD8/Require/FNSjN1/YIGI2Xt.tif (stored 0%)
     adding: temp/Rtmp0uTyD8/Require/FNSjN1/eR9eiXf.grd (stored 0%)
     -- Skip (test-misc.R:149:3): test miscellaneous fns (part 2) -------------------
     Reason: No Drive token is not TRUE
    
     -- Skip (test-multipleCacheRepo.R:40:3): test multiple cacheRepo with 1 of them
     Reason: test cloudCache inside Cache -- Not fully written test
    
     -- Skip (test-preProcessDoesntWork.R:2:3): preProcess fails if user provides a n
     Reason: On CRAN
    
     -- Skip (test-preProcessDoesntWork.R:18:3): preProcess fails if user provides no
     Reason: On CRAN
    
     -- Skip (test-preProcessDoesntWork.R:34:3): preProcess fails if user provides a
     Reason: On CRAN
    
     -- Skip (test-preProcessDoesntWork.R:50:3): preProcess fails if the .rar file is
     Reason: On CRAN
    
     -- Skip (test-preProcessWorks.R:2:3): preProcess works for .tar files ----------
     Reason: On CRAN
    
     -- Skip (test-preProcessWorks.R:14:3): preProcess works for .zip when provided o
     Reason: On CRAN
    
     -- Skip (test-preProcessWorks.R:26:3): preProcess works with only url ----------
     Reason: On CRAN
    
     -- Skip (test-preProcessWorks.R:38:3): preProcess works when provides only archi
     Reason: On CRAN
    
     -- Skip (test-preProcessWorks.R:54:3): preProcess works when provides archive an
     Reason: On CRAN
    
     -- Skip (test-preProcessWorks.R:71:3): preProcess works when provides only targe
     Reason: On CRAN
    
     -- Skip (test-preProcessWorks.R:84:3): preProcess works when provides targetfile
     Reason: On CRAN
    
     -- Skip (test-preProcessWorks.R:98:3): preProcess works when provides url, archi
     Reason: On CRAN
    
     -- Skip (test-preProcessWorks.R:112:3): preProcess works when provides url, targ
     Reason: On CRAN
    
     -- Skip (test-preProcessWorks.R:125:3): preProcess works when provides url and d
     Reason: On CRAN
    
     -- Skip (test-preProcessWorks.R:145:3): preProcess works when provides url, targ
     Reason: On CRAN
    
     -- Skip (test-preProcessWorks.R:169:3): preProcess works when provides url, arch
     Reason: On CRAN
    
     -- Skip (test-preProcessWorks.R:190:3): preProcess works, but gives a warning wh
     Reason: On CRAN
    
     -- Skip (test-preProcessWorks.R:204:3): preProcess works, but gives a warning wh
     Reason: On CRAN
    
     -- Skip (test-preProcessWorks.R:219:3): preProcess works, but gives a warning wh
     Reason: On CRAN
    
     -- Skip (test-preProcessWorks.R:233:3): preProcess works, but gives a warning wh
     Reason: On CRAN
    
     -- Skip (test-preProcessWorks.R:247:3): preProcess works, but gives a warning wh
     Reason: On CRAN
    
     -- Skip (test-prepInputs-large-files.R:2:3): prepInputs correctly unzips large f
     Reason: On CRAN
    
     -- Skip (test-prepInputs.R:2:3): prepInputs doesn't work (part 1) --------------
     Reason: On CRAN
    
     -- Skip (test-prepInputs.R:295:1): interactive prepInputs ----------------------
     Reason: empty test
    
     -- Skip (test-prepInputs.R:439:3): preProcess doesn't work ---------------------
     Reason: On CRAN
    
     -- Skip (test-prepInputs.R:1114:3): prepInputs doesn't work (part 2) -----------
     Reason: On CRAN
    
     -- Skip (test-prepInputs.R:1385:1): lightweight tests for code coverage --------
     Reason: empty test
    
     -- Skip (test-prepInputs.R:1521:3): lightweight tests 2 for code coverage ------
     Reason: On CRAN
    
     -- Skip (test-prepInputs.R:1584:3): options inputPaths -------------------------
     Reason: On CRAN
    
     -- Skip (test-prepInputs.R:1754:3): writeOutputs saves factor rasters with .grd
     Reason: On CRAN
    
     -- Warning (test-prepInputs.R:1803:3): rasters aren't properly resampled -------
     input and ouput crs are the same
    
     -- Warning (test-prepInputs.R:1818:3): rasters aren't properly resampled -------
     input and ouput crs are the same
    
     -- Skip (test-prepInputs.R:1825:3): System call gdal works ---------------------
     Reason: On CRAN
    
     -- Skip (test-prepInputs.R:1861:3): System call gdal works using multicores for
     Reason: On CRAN
    
     -- Skip (test-prepInputs.R:1918:3): System call gdal will make the rasters match
     Reason: On CRAN
    
     -- Skip (test-prepInputs.R:1953:3): cropInputs crops too closely when input proj
     Reason: On CRAN
    
     -- Skip (test-prepInputs.R:1990:3): message when files from archive are already
     Reason: On CRAN
    
     -- Skip (test-prepInputs.R:2005:3): message when file is a shapefile -----------
     Reason: On CRAN
    
     -- Skip (test-prepInputs.R:2017:3): message when doesn't know the targetFile ext
     Reason: On CRAN
    
     -- Skip (test-prepInputs.R:2029:3): When supplying two files without archive, wh
     Reason: On CRAN
    
     -- Skip (test-prepInputs.R:2043:3): message when archive has two known files (ra
     Reason: On CRAN
    
     -- Skip (test-prepInputs.R:2058:3): message when extracting a file that is alrea
     Reason: On CRAN
    
     -- Skip (test-prepInputs.R:2076:1): Test to fix issue #101 prepInputs on raster
     Reason: empty test
    
     -- Skip (test-prepInputs.R:2092:1): Test of using future and progress indicator
     Reason: empty test
    
     Writing layer `file2ffd06f593018' to data source `D:/temp/Rtmp0uTyD8/raster/file2ffd06f593018.shp' using driver `ESRI Shapefile'
     Writing 1 features with 0 fields and geometry type Polygon.
     Writing layer `file2ffd023f213cc' to data source `D:/temp/Rtmp0uTyD8/raster/file2ffd023f213cc.shp' using driver `ESRI Shapefile'
     Writing 1 features with 0 fields and geometry type Polygon.
     Writing layer `file2ffd0423f721c' to data source `D:/temp/Rtmp0uTyD8/raster/file2ffd0423f721c.shp' using driver `ESRI Shapefile'
     Writing 1 features with 0 fields and geometry type Polygon.
     -- Skip (test-prepInputsInNestedArchives.R:2:3): prepInputs in a simple one doub
     Reason: On CRAN
    
     -- Skip (test-prepInputsInNestedArchives.R:14:3): prepInputs in a simple one dou
     Reason: On CRAN
    
     -- Skip (test-prepInputsInNestedArchives.R:28:3): prepInputs in a two files doub
     Reason: On CRAN
    
     -- Skip (test-prepInputsInNestedArchives.R:40:3): prepInputs in a two files doub
     Reason: On CRAN
    
     -- Skip (test-prepInputsInNestedArchives.R:58:3): prepInputs in a two files doub
     Reason: On CRAN
    
     -- Skip (test-prepInputsInNestedArchives.R:79:3): prepInputs in a two files doub
     Reason: On CRAN
    
     -- Skip (test-prepInputsInNestedArchives.R:95:3): prepInputs in a two files doub
     Reason: On CRAN
    
     -- Skip (test-prepInputsInNestedArchives.R:124:3): prepInputs in a two files dou
     Reason: On CRAN
    
     -- Skip (test-prepInputsInNestedArchives.R:149:3): prepInputs in a two files dou
     Reason: On CRAN
    
     -- Skip (test-prepInputsInNestedArchives.R:175:3): prepInputs works with nested
     Reason: On CRAN
    
     -- Skipped tests --------------------------------------------------------------
     * No Drive token is not TRUE (5)
     * On CRAN (58)
     * empty test (6)
     * test cloudCache inside Cache -- Not fully written test (1)
    
     == testthat results ===========================================================
     ERROR (test-cache.R:550:3): test pipe for Cache
     Warning (test-copy.R:8:3): test Copy
     Warning (test-prepInputs.R:1803:3): rasters aren't properly resampled
     Warning (test-prepInputs.R:1818:3): rasters aren't properly resampled
    
     [ FAIL 1 | WARN 3 | SKIP 70 | PASS 354 ]
     Error: Test failures
     Execution halted
Flavor: r-devel-windows-ix86+x86_64

Version: 1.2.1
Check: tests
Result: ERROR
     Running ‘test-all.R’ [70s/96s]
    Running the tests in ‘tests/test-all.R’ failed.
    Complete output:
     > library(testthat)
     > test_check("reproducible")
     Loading required package: reproducible
     ── ERROR (test-cache.R:550:3): test pipe for Cache ─────────────────────────────
     Error: object 'split_chain' not found
     Backtrace:
     █
     1. └─`%C%`(...)
     2. └─utils::getFromNamespace("split_chain", ns = "magrittr")
     3. └─base::get(x, envir = ns, inherits = FALSE)
    
     ── Skip (test-cache.R:757:3): test future ──────────────────────────────────────
     Reason: On CRAN
    
     ── Skip (test-cache.R:929:3): test rm large non-file-backed rasters ────────────
     Reason: On CRAN
    
     ── Skip (test-cache.R:952:3): test cc ──────────────────────────────────────────
     Reason: On CRAN
    
     ── Skip (test-cacheArguments.R:2:3): test cached downloads ─────────────────────
     Reason: On CRAN
    
     ── Skip (test-cloud.R:3:3): test Cache(useCloud=TRUE, ...) ─────────────────────
     Reason: No Drive token is not TRUE
    
     ── Skip (test-cloud.R:145:3): test Cache(useCloud=TRUE, ...) with raster-backed
     Reason: No Drive token is not TRUE
    
     ── Skip (test-cloud.R:181:3): test Cache(useCloud=TRUE, ...) with raster-backed
     Reason: No Drive token is not TRUE
    
     ── Skip (test-cloud.R:204:3): test Cache(useCloud=TRUE, ...) with raster-backed
     Reason: No Drive token is not TRUE
    
     ── Skip (test-cluster.R:2:3): test parallel collisions ─────────────────────────
     Reason: On CRAN
    
     ── Warning (test-copy.R:8:3): test Copy ────────────────────────────────────────
     NOT UPDATED FOR PROJ >= 6
    
     ── Skip (test-download.R:1:1): dlGeneric works ─────────────────────────────────
     Reason: empty test
    
     ── Skip (test-examples.R:1:1): all exported functions have examples ────────────
     Reason: empty test
    
     ── Skip (test-filesMissingExtension.R:2:3): prepInputs works with NULL archive +
     Reason: On CRAN
    
     ── Skip (test-filesMissingExtension.R:14:3): prepInputs WORKS if the file is not
     Reason: On CRAN
    
     ── Skip (test-filesMissingExtension.R:27:3): prepInputs WORKS if passing archive
     Reason: On CRAN
    
     ── Skip (test-filesMissingExtension.R:40:3): prepInputs WORKS passing just targe
     Reason: On CRAN
    
     ── Skip (test-filesMissingExtension.R:52:3): prepInputs WORKS passing archive +
     Reason: On CRAN
    
     Writing layer `file3d8953b5561e' to data source `/tmp/RtmpVbNF9l/raster//file3d8953b5561e.shp' using driver `ESRI Shapefile'
     Writing 3 features with 2 fields and geometry type Polygon.
     adding: tmp/RtmpVbNF9l/Require/FNSjN1/YIGI2Xt.tif (stored 0%)
     adding: tmp/RtmpVbNF9l/Require/FNSjN1/eR9eiXf.grd (stored 0%)
     ── Skip (test-misc.R:149:3): test miscellaneous fns (part 2) ───────────────────
     Reason: No Drive token is not TRUE
    
     ── Skip (test-multipleCacheRepo.R:40:3): test multiple cacheRepo with 1 of them
     Reason: test cloudCache inside Cache -- Not fully written test
    
     ── Skip (test-preProcessDoesntWork.R:2:3): preProcess fails if user provides a n
     Reason: On CRAN
    
     ── Skip (test-preProcessDoesntWork.R:18:3): preProcess fails if user provides no
     Reason: On CRAN
    
     ── Skip (test-preProcessDoesntWork.R:34:3): preProcess fails if user provides a
     Reason: On CRAN
    
     ── Skip (test-preProcessDoesntWork.R:50:3): preProcess fails if the .rar file is
     Reason: On CRAN
    
     ── Skip (test-preProcessWorks.R:2:3): preProcess works for .tar files ──────────
     Reason: On CRAN
    
     ── Skip (test-preProcessWorks.R:14:3): preProcess works for .zip when provided o
     Reason: On CRAN
    
     ── Skip (test-preProcessWorks.R:26:3): preProcess works with only url ──────────
     Reason: On CRAN
    
     ── Skip (test-preProcessWorks.R:38:3): preProcess works when provides only archi
     Reason: On CRAN
    
     ── Skip (test-preProcessWorks.R:54:3): preProcess works when provides archive an
     Reason: On CRAN
    
     ── Skip (test-preProcessWorks.R:71:3): preProcess works when provides only targe
     Reason: On CRAN
    
     ── Skip (test-preProcessWorks.R:84:3): preProcess works when provides targetfile
     Reason: On CRAN
    
     ── Skip (test-preProcessWorks.R:98:3): preProcess works when provides url, archi
     Reason: On CRAN
    
     ── Skip (test-preProcessWorks.R:112:3): preProcess works when provides url, targ
     Reason: On CRAN
    
     ── Skip (test-preProcessWorks.R:125:3): preProcess works when provides url and d
     Reason: On CRAN
    
     ── Skip (test-preProcessWorks.R:145:3): preProcess works when provides url, targ
     Reason: On CRAN
    
     ── Skip (test-preProcessWorks.R:169:3): preProcess works when provides url, arch
     Reason: On CRAN
    
     ── Skip (test-preProcessWorks.R:190:3): preProcess works, but gives a warning wh
     Reason: On CRAN
    
     ── Skip (test-preProcessWorks.R:204:3): preProcess works, but gives a warning wh
     Reason: On CRAN
    
     ── Skip (test-preProcessWorks.R:219:3): preProcess works, but gives a warning wh
     Reason: On CRAN
    
     ── Skip (test-preProcessWorks.R:233:3): preProcess works, but gives a warning wh
     Reason: On CRAN
    
     ── Skip (test-preProcessWorks.R:247:3): preProcess works, but gives a warning wh
     Reason: On CRAN
    
     ── Skip (test-prepInputs-large-files.R:2:3): prepInputs correctly unzips large f
     Reason: On CRAN
    
     ── Skip (test-prepInputs.R:2:3): prepInputs doesn't work (part 1) ──────────────
     Reason: On CRAN
    
     ── Skip (test-prepInputs.R:295:1): interactive prepInputs ──────────────────────
     Reason: empty test
    
     ── Skip (test-prepInputs.R:439:3): preProcess doesn't work ─────────────────────
     Reason: On CRAN
    
     ── Skip (test-prepInputs.R:1114:3): prepInputs doesn't work (part 2) ───────────
     Reason: On CRAN
    
     ── Skip (test-prepInputs.R:1385:1): lightweight tests for code coverage ────────
     Reason: empty test
    
     ── Skip (test-prepInputs.R:1521:3): lightweight tests 2 for code coverage ──────
     Reason: On CRAN
    
     ── Skip (test-prepInputs.R:1584:3): options inputPaths ─────────────────────────
     Reason: On CRAN
    
     ── Skip (test-prepInputs.R:1754:3): writeOutputs saves factor rasters with .grd
     Reason: On CRAN
    
     ── Warning (test-prepInputs.R:1803:3): rasters aren't properly resampled ───────
     input and ouput crs are the same
    
     ── Warning (test-prepInputs.R:1818:3): rasters aren't properly resampled ───────
     input and ouput crs are the same
    
     ── Skip (test-prepInputs.R:1825:3): System call gdal works ─────────────────────
     Reason: On CRAN
    
     ── Skip (test-prepInputs.R:1861:3): System call gdal works using multicores for
     Reason: On CRAN
    
     ── Skip (test-prepInputs.R:1918:3): System call gdal will make the rasters match
     Reason: On CRAN
    
     ── Skip (test-prepInputs.R:1953:3): cropInputs crops too closely when input proj
     Reason: On CRAN
    
     ── Skip (test-prepInputs.R:1990:3): message when files from archive are already
     Reason: On CRAN
    
     ── Skip (test-prepInputs.R:2005:3): message when file is a shapefile ───────────
     Reason: On CRAN
    
     ── Skip (test-prepInputs.R:2017:3): message when doesn't know the targetFile ext
     Reason: On CRAN
    
     ── Skip (test-prepInputs.R:2029:3): When supplying two files without archive, wh
     Reason: On CRAN
    
     ── Skip (test-prepInputs.R:2043:3): message when archive has two known files (ra
     Reason: On CRAN
    
     ── Skip (test-prepInputs.R:2058:3): message when extracting a file that is alrea
     Reason: On CRAN
    
     ── Skip (test-prepInputs.R:2076:1): Test to fix issue #101 prepInputs on raster
     Reason: empty test
    
     ── Skip (test-prepInputs.R:2092:1): Test of using future and progress indicator
     Reason: empty test
    
     Writing layer `file3d89755b5c58' to data source `/tmp/RtmpVbNF9l/raster//file3d89755b5c58.shp' using driver `ESRI Shapefile'
     Writing 1 features with 0 fields and geometry type Polygon.
     Writing layer `file3d897026822d' to data source `/tmp/RtmpVbNF9l/raster//file3d897026822d.shp' using driver `ESRI Shapefile'
     Writing 1 features with 0 fields and geometry type Polygon.
     Writing layer `file3d897ff53d4' to data source `/tmp/RtmpVbNF9l/raster//file3d897ff53d4.shp' using driver `ESRI Shapefile'
     Writing 1 features with 0 fields and geometry type Polygon.
     ── Skip (test-prepInputsInNestedArchives.R:2:3): prepInputs in a simple one doub
     Reason: On CRAN
    
     ── Skip (test-prepInputsInNestedArchives.R:14:3): prepInputs in a simple one dou
     Reason: On CRAN
    
     ── Skip (test-prepInputsInNestedArchives.R:28:3): prepInputs in a two files doub
     Reason: On CRAN
    
     ── Skip (test-prepInputsInNestedArchives.R:40:3): prepInputs in a two files doub
     Reason: On CRAN
    
     ── Skip (test-prepInputsInNestedArchives.R:58:3): prepInputs in a two files doub
     Reason: On CRAN
    
     ── Skip (test-prepInputsInNestedArchives.R:79:3): prepInputs in a two files doub
     Reason: On CRAN
    
     ── Skip (test-prepInputsInNestedArchives.R:95:3): prepInputs in a two files doub
     Reason: On CRAN
    
     ── Skip (test-prepInputsInNestedArchives.R:124:3): prepInputs in a two files dou
     Reason: On CRAN
    
     ── Skip (test-prepInputsInNestedArchives.R:149:3): prepInputs in a two files dou
     Reason: On CRAN
    
     ── Skip (test-prepInputsInNestedArchives.R:175:3): prepInputs works with nested
     Reason: On CRAN
    
     ── Skipped tests ──────────────────────────────────────────────────────────────
     ● No Drive token is not TRUE (5)
     ● On CRAN (58)
     ● empty test (6)
     ● test cloudCache inside Cache -- Not fully written test (1)
    
     ══ testthat results ═══════════════════════════════════════════════════════════
     ERROR (test-cache.R:550:3): test pipe for Cache
     Warning (test-copy.R:8:3): test Copy
     Warning (test-prepInputs.R:1803:3): rasters aren't properly resampled
     Warning (test-prepInputs.R:1818:3): rasters aren't properly resampled
    
     [ FAIL 1 | WARN 3 | SKIP 70 | PASS 353 ]
     Error: Test failures
     Execution halted
Flavor: r-patched-linux-x86_64

Version: 1.2.1
Check: tests
Result: ERROR
     Running ‘test-all.R’ [84s/95s]
    Running the tests in ‘tests/test-all.R’ failed.
    Complete output:
     > library(testthat)
     > test_check("reproducible")
     Loading required package: reproducible
     ── ERROR (test-cache.R:550:3): test pipe for Cache ─────────────────────────────
     Error: object 'split_chain' not found
     Backtrace:
     █
     1. └─`%C%`(...)
     2. └─utils::getFromNamespace("split_chain", ns = "magrittr")
     3. └─base::get(x, envir = ns, inherits = FALSE)
    
     ── Skip (test-cache.R:757:3): test future ──────────────────────────────────────
     Reason: On CRAN
    
     ── Skip (test-cache.R:929:3): test rm large non-file-backed rasters ────────────
     Reason: On CRAN
    
     ── Skip (test-cache.R:952:3): test cc ──────────────────────────────────────────
     Reason: On CRAN
    
     ── Skip (test-cacheArguments.R:2:3): test cached downloads ─────────────────────
     Reason: On CRAN
    
     ── Skip (test-cloud.R:3:3): test Cache(useCloud=TRUE, ...) ─────────────────────
     Reason: No Drive token is not TRUE
    
     ── Skip (test-cloud.R:145:3): test Cache(useCloud=TRUE, ...) with raster-backed
     Reason: No Drive token is not TRUE
    
     ── Skip (test-cloud.R:181:3): test Cache(useCloud=TRUE, ...) with raster-backed
     Reason: No Drive token is not TRUE
    
     ── Skip (test-cloud.R:204:3): test Cache(useCloud=TRUE, ...) with raster-backed
     Reason: No Drive token is not TRUE
    
     ── Skip (test-cluster.R:2:3): test parallel collisions ─────────────────────────
     Reason: On CRAN
    
     ── Skip (test-download.R:1:1): dlGeneric works ─────────────────────────────────
     Reason: empty test
    
     ── Skip (test-examples.R:1:1): all exported functions have examples ────────────
     Reason: empty test
    
     ── Skip (test-filesMissingExtension.R:2:3): prepInputs works with NULL archive +
     Reason: On CRAN
    
     ── Skip (test-filesMissingExtension.R:14:3): prepInputs WORKS if the file is not
     Reason: On CRAN
    
     ── Skip (test-filesMissingExtension.R:27:3): prepInputs WORKS if passing archive
     Reason: On CRAN
    
     ── Skip (test-filesMissingExtension.R:40:3): prepInputs WORKS passing just targe
     Reason: On CRAN
    
     ── Skip (test-filesMissingExtension.R:52:3): prepInputs WORKS passing archive +
     Reason: On CRAN
    
     Writing layer `file337c2eb078c1' to data source `/tmp/RtmpRtaigg/working_dir/RtmpQ3aGVz/raster//file337c2eb078c1.shp' using driver `ESRI Shapefile'
     Writing 3 features with 2 fields and geometry type Polygon.
     adding: tmp/RtmpRtaigg/working_dir/RtmpQ3aGVz/Require/FNSjN1/YIGI2Xt.tif (stored 0%)
     adding: tmp/RtmpRtaigg/working_dir/RtmpQ3aGVz/Require/FNSjN1/eR9eiXf.grd (stored 0%)
     ── Skip (test-misc.R:149:3): test miscellaneous fns (part 2) ───────────────────
     Reason: No Drive token is not TRUE
    
     ── Skip (test-multipleCacheRepo.R:40:3): test multiple cacheRepo with 1 of them
     Reason: test cloudCache inside Cache -- Not fully written test
    
     ── Skip (test-preProcessDoesntWork.R:2:3): preProcess fails if user provides a n
     Reason: On CRAN
    
     ── Skip (test-preProcessDoesntWork.R:18:3): preProcess fails if user provides no
     Reason: On CRAN
    
     ── Skip (test-preProcessDoesntWork.R:34:3): preProcess fails if user provides a
     Reason: On CRAN
    
     ── Skip (test-preProcessDoesntWork.R:50:3): preProcess fails if the .rar file is
     Reason: On CRAN
    
     ── Skip (test-preProcessWorks.R:2:3): preProcess works for .tar files ──────────
     Reason: On CRAN
    
     ── Skip (test-preProcessWorks.R:14:3): preProcess works for .zip when provided o
     Reason: On CRAN
    
     ── Skip (test-preProcessWorks.R:26:3): preProcess works with only url ──────────
     Reason: On CRAN
    
     ── Skip (test-preProcessWorks.R:38:3): preProcess works when provides only archi
     Reason: On CRAN
    
     ── Skip (test-preProcessWorks.R:54:3): preProcess works when provides archive an
     Reason: On CRAN
    
     ── Skip (test-preProcessWorks.R:71:3): preProcess works when provides only targe
     Reason: On CRAN
    
     ── Skip (test-preProcessWorks.R:84:3): preProcess works when provides targetfile
     Reason: On CRAN
    
     ── Skip (test-preProcessWorks.R:98:3): preProcess works when provides url, archi
     Reason: On CRAN
    
     ── Skip (test-preProcessWorks.R:112:3): preProcess works when provides url, targ
     Reason: On CRAN
    
     ── Skip (test-preProcessWorks.R:125:3): preProcess works when provides url and d
     Reason: On CRAN
    
     ── Skip (test-preProcessWorks.R:145:3): preProcess works when provides url, targ
     Reason: On CRAN
    
     ── Skip (test-preProcessWorks.R:169:3): preProcess works when provides url, arch
     Reason: On CRAN
    
     ── Skip (test-preProcessWorks.R:190:3): preProcess works, but gives a warning wh
     Reason: On CRAN
    
     ── Skip (test-preProcessWorks.R:204:3): preProcess works, but gives a warning wh
     Reason: On CRAN
    
     ── Skip (test-preProcessWorks.R:219:3): preProcess works, but gives a warning wh
     Reason: On CRAN
    
     ── Skip (test-preProcessWorks.R:233:3): preProcess works, but gives a warning wh
     Reason: On CRAN
    
     ── Skip (test-preProcessWorks.R:247:3): preProcess works, but gives a warning wh
     Reason: On CRAN
    
     ── Skip (test-prepInputs-large-files.R:2:3): prepInputs correctly unzips large f
     Reason: On CRAN
    
     ── Skip (test-prepInputs.R:2:3): prepInputs doesn't work (part 1) ──────────────
     Reason: On CRAN
    
     ── Skip (test-prepInputs.R:295:1): interactive prepInputs ──────────────────────
     Reason: empty test
    
     ── Skip (test-prepInputs.R:439:3): preProcess doesn't work ─────────────────────
     Reason: On CRAN
    
     ── Skip (test-prepInputs.R:1114:3): prepInputs doesn't work (part 2) ───────────
     Reason: On CRAN
    
     ── Skip (test-prepInputs.R:1385:1): lightweight tests for code coverage ────────
     Reason: empty test
    
     ── Skip (test-prepInputs.R:1521:3): lightweight tests 2 for code coverage ──────
     Reason: On CRAN
    
     ── Skip (test-prepInputs.R:1584:3): options inputPaths ─────────────────────────
     Reason: On CRAN
    
     ── Skip (test-prepInputs.R:1754:3): writeOutputs saves factor rasters with .grd
     Reason: On CRAN
    
     ── Warning (test-prepInputs.R:1803:3): rasters aren't properly resampled ───────
     input and ouput crs are the same
    
     ── Warning (test-prepInputs.R:1818:3): rasters aren't properly resampled ───────
     input and ouput crs are the same
    
     ── Skip (test-prepInputs.R:1825:3): System call gdal works ─────────────────────
     Reason: On CRAN
    
     ── Skip (test-prepInputs.R:1861:3): System call gdal works using multicores for
     Reason: On CRAN
    
     ── Skip (test-prepInputs.R:1918:3): System call gdal will make the rasters match
     Reason: On CRAN
    
     ── Skip (test-prepInputs.R:1953:3): cropInputs crops too closely when input proj
     Reason: On CRAN
    
     ── Skip (test-prepInputs.R:1990:3): message when files from archive are already
     Reason: On CRAN
    
     ── Skip (test-prepInputs.R:2005:3): message when file is a shapefile ───────────
     Reason: On CRAN
    
     ── Skip (test-prepInputs.R:2017:3): message when doesn't know the targetFile ext
     Reason: On CRAN
    
     ── Skip (test-prepInputs.R:2029:3): When supplying two files without archive, wh
     Reason: On CRAN
    
     ── Skip (test-prepInputs.R:2043:3): message when archive has two known files (ra
     Reason: On CRAN
    
     ── Skip (test-prepInputs.R:2058:3): message when extracting a file that is alrea
     Reason: On CRAN
    
     ── Skip (test-prepInputs.R:2076:1): Test to fix issue #101 prepInputs on raster
     Reason: empty test
    
     ── Skip (test-prepInputs.R:2092:1): Test of using future and progress indicator
     Reason: empty test
    
     Writing layer `file337c6f41761a' to data source `/tmp/RtmpRtaigg/working_dir/RtmpQ3aGVz/raster//file337c6f41761a.shp' using driver `ESRI Shapefile'
     Writing 1 features with 0 fields and geometry type Polygon.
     Writing layer `file337c4bec12de' to data source `/tmp/RtmpRtaigg/working_dir/RtmpQ3aGVz/raster//file337c4bec12de.shp' using driver `ESRI Shapefile'
     Writing 1 features with 0 fields and geometry type Polygon.
     Writing layer `file337c4b0712a6' to data source `/tmp/RtmpRtaigg/working_dir/RtmpQ3aGVz/raster//file337c4b0712a6.shp' using driver `ESRI Shapefile'
     Writing 1 features with 0 fields and geometry type Polygon.
     ── Skip (test-prepInputsInNestedArchives.R:2:3): prepInputs in a simple one doub
     Reason: On CRAN
    
     ── Skip (test-prepInputsInNestedArchives.R:14:3): prepInputs in a simple one dou
     Reason: On CRAN
    
     ── Skip (test-prepInputsInNestedArchives.R:28:3): prepInputs in a two files doub
     Reason: On CRAN
    
     ── Skip (test-prepInputsInNestedArchives.R:40:3): prepInputs in a two files doub
     Reason: On CRAN
    
     ── Skip (test-prepInputsInNestedArchives.R:58:3): prepInputs in a two files doub
     Reason: On CRAN
    
     ── Skip (test-prepInputsInNestedArchives.R:79:3): prepInputs in a two files doub
     Reason: On CRAN
    
     ── Skip (test-prepInputsInNestedArchives.R:95:3): prepInputs in a two files doub
     Reason: On CRAN
    
     ── Skip (test-prepInputsInNestedArchives.R:124:3): prepInputs in a two files dou
     Reason: On CRAN
    
     ── Skip (test-prepInputsInNestedArchives.R:149:3): prepInputs in a two files dou
     Reason: On CRAN
    
     ── Skip (test-prepInputsInNestedArchives.R:175:3): prepInputs works with nested
     Reason: On CRAN
    
     ── Skipped tests ──────────────────────────────────────────────────────────────
     ● No Drive token is not TRUE (5)
     ● On CRAN (58)
     ● empty test (6)
     ● test cloudCache inside Cache -- Not fully written test (1)
    
     ══ testthat results ═══════════════════════════════════════════════════════════
     ERROR (test-cache.R:550:3): test pipe for Cache
     Warning (test-prepInputs.R:1803:3): rasters aren't properly resampled
     Warning (test-prepInputs.R:1818:3): rasters aren't properly resampled
    
     [ FAIL 1 | WARN 2 | SKIP 70 | PASS 353 ]
     Error: Test failures
     Execution halted
Flavor: r-patched-solaris-x86

Version: 1.2.1
Check: re-building of vignette outputs
Result: WARN
    Error(s) in re-building vignettes:
     ...
    --- re-building ‘Cache-using-postgresql.Rmd’ using rmarkdown
    Warning in engine$weave(file, quiet = quiet, encoding = enc) :
     Pandoc (>= 1.12.3) and/or pandoc-citeproc not available. Falling back to R Markdown v1.
    --- finished re-building ‘Cache-using-postgresql.Rmd’
    
    --- re-building ‘Intro-to-Cache.Rmd’ using rmarkdown
    Warning in engine$weave(file, quiet = quiet, encoding = enc) :
     Pandoc (>= 1.12.3) and/or pandoc-citeproc not available. Falling back to R Markdown v1.
    Quitting from lines 87-101 (Intro-to-Cache.Rmd)
    Error: processing vignette 'Intro-to-Cache.Rmd' failed with diagnostics:
    object 'split_chain' not found
    --- failed re-building ‘Intro-to-Cache.Rmd’
    
    SUMMARY: processing the following file failed:
     ‘Intro-to-Cache.Rmd’
    
    Error: Vignette re-building failed.
    Execution halted
Flavor: r-patched-solaris-x86

Version: 1.2.1
Check: tests
Result: ERROR
     Running ‘test-all.R’ [70s/93s]
    Running the tests in ‘tests/test-all.R’ failed.
    Complete output:
     > library(testthat)
     > test_check("reproducible")
     Loading required package: reproducible
     ── ERROR (test-cache.R:550:3): test pipe for Cache ─────────────────────────────
     Error: object 'split_chain' not found
     Backtrace:
     █
     1. └─`%C%`(...)
     2. └─utils::getFromNamespace("split_chain", ns = "magrittr")
     3. └─base::get(x, envir = ns, inherits = FALSE)
    
     ── Skip (test-cache.R:757:3): test future ──────────────────────────────────────
     Reason: On CRAN
    
     ── Skip (test-cache.R:929:3): test rm large non-file-backed rasters ────────────
     Reason: On CRAN
    
     ── Skip (test-cache.R:952:3): test cc ──────────────────────────────────────────
     Reason: On CRAN
    
     ── Skip (test-cacheArguments.R:2:3): test cached downloads ─────────────────────
     Reason: On CRAN
    
     ── Skip (test-cloud.R:3:3): test Cache(useCloud=TRUE, ...) ─────────────────────
     Reason: No Drive token is not TRUE
    
     ── Skip (test-cloud.R:145:3): test Cache(useCloud=TRUE, ...) with raster-backed
     Reason: No Drive token is not TRUE
    
     ── Skip (test-cloud.R:181:3): test Cache(useCloud=TRUE, ...) with raster-backed
     Reason: No Drive token is not TRUE
    
     ── Skip (test-cloud.R:204:3): test Cache(useCloud=TRUE, ...) with raster-backed
     Reason: No Drive token is not TRUE
    
     ── Skip (test-cluster.R:2:3): test parallel collisions ─────────────────────────
     Reason: On CRAN
    
     ── Warning (test-copy.R:8:3): test Copy ────────────────────────────────────────
     NOT UPDATED FOR PROJ >= 6
    
     ── Skip (test-download.R:1:1): dlGeneric works ─────────────────────────────────
     Reason: empty test
    
     ── Skip (test-examples.R:1:1): all exported functions have examples ────────────
     Reason: empty test
    
     ── Skip (test-filesMissingExtension.R:2:3): prepInputs works with NULL archive +
     Reason: On CRAN
    
     ── Skip (test-filesMissingExtension.R:14:3): prepInputs WORKS if the file is not
     Reason: On CRAN
    
     ── Skip (test-filesMissingExtension.R:27:3): prepInputs WORKS if passing archive
     Reason: On CRAN
    
     ── Skip (test-filesMissingExtension.R:40:3): prepInputs WORKS passing just targe
     Reason: On CRAN
    
     ── Skip (test-filesMissingExtension.R:52:3): prepInputs WORKS passing archive +
     Reason: On CRAN
    
     Writing layer `file420f36bb3d16' to data source `/tmp/RtmpCUofGU/raster//file420f36bb3d16.shp' using driver `ESRI Shapefile'
     Writing 3 features with 2 fields and geometry type Polygon.
     adding: tmp/RtmpCUofGU/Require/FNSjN1/YIGI2Xt.tif (stored 0%)
     adding: tmp/RtmpCUofGU/Require/FNSjN1/eR9eiXf.grd (stored 0%)
     ── Skip (test-misc.R:149:3): test miscellaneous fns (part 2) ───────────────────
     Reason: No Drive token is not TRUE
    
     ── Skip (test-multipleCacheRepo.R:40:3): test multiple cacheRepo with 1 of them
     Reason: test cloudCache inside Cache -- Not fully written test
    
     ── Skip (test-preProcessDoesntWork.R:2:3): preProcess fails if user provides a n
     Reason: On CRAN
    
     ── Skip (test-preProcessDoesntWork.R:18:3): preProcess fails if user provides no
     Reason: On CRAN
    
     ── Skip (test-preProcessDoesntWork.R:34:3): preProcess fails if user provides a
     Reason: On CRAN
    
     ── Skip (test-preProcessDoesntWork.R:50:3): preProcess fails if the .rar file is
     Reason: On CRAN
    
     ── Skip (test-preProcessWorks.R:2:3): preProcess works for .tar files ──────────
     Reason: On CRAN
    
     ── Skip (test-preProcessWorks.R:14:3): preProcess works for .zip when provided o
     Reason: On CRAN
    
     ── Skip (test-preProcessWorks.R:26:3): preProcess works with only url ──────────
     Reason: On CRAN
    
     ── Skip (test-preProcessWorks.R:38:3): preProcess works when provides only archi
     Reason: On CRAN
    
     ── Skip (test-preProcessWorks.R:54:3): preProcess works when provides archive an
     Reason: On CRAN
    
     ── Skip (test-preProcessWorks.R:71:3): preProcess works when provides only targe
     Reason: On CRAN
    
     ── Skip (test-preProcessWorks.R:84:3): preProcess works when provides targetfile
     Reason: On CRAN
    
     ── Skip (test-preProcessWorks.R:98:3): preProcess works when provides url, archi
     Reason: On CRAN
    
     ── Skip (test-preProcessWorks.R:112:3): preProcess works when provides url, targ
     Reason: On CRAN
    
     ── Skip (test-preProcessWorks.R:125:3): preProcess works when provides url and d
     Reason: On CRAN
    
     ── Skip (test-preProcessWorks.R:145:3): preProcess works when provides url, targ
     Reason: On CRAN
    
     ── Skip (test-preProcessWorks.R:169:3): preProcess works when provides url, arch
     Reason: On CRAN
    
     ── Skip (test-preProcessWorks.R:190:3): preProcess works, but gives a warning wh
     Reason: On CRAN
    
     ── Skip (test-preProcessWorks.R:204:3): preProcess works, but gives a warning wh
     Reason: On CRAN
    
     ── Skip (test-preProcessWorks.R:219:3): preProcess works, but gives a warning wh
     Reason: On CRAN
    
     ── Skip (test-preProcessWorks.R:233:3): preProcess works, but gives a warning wh
     Reason: On CRAN
    
     ── Skip (test-preProcessWorks.R:247:3): preProcess works, but gives a warning wh
     Reason: On CRAN
    
     ── Skip (test-prepInputs-large-files.R:2:3): prepInputs correctly unzips large f
     Reason: On CRAN
    
     ── Skip (test-prepInputs.R:2:3): prepInputs doesn't work (part 1) ──────────────
     Reason: On CRAN
    
     ── Skip (test-prepInputs.R:295:1): interactive prepInputs ──────────────────────
     Reason: empty test
    
     ── Skip (test-prepInputs.R:439:3): preProcess doesn't work ─────────────────────
     Reason: On CRAN
    
     ── Skip (test-prepInputs.R:1114:3): prepInputs doesn't work (part 2) ───────────
     Reason: On CRAN
    
     ── Skip (test-prepInputs.R:1385:1): lightweight tests for code coverage ────────
     Reason: empty test
    
     ── Skip (test-prepInputs.R:1521:3): lightweight tests 2 for code coverage ──────
     Reason: On CRAN
    
     ── Skip (test-prepInputs.R:1584:3): options inputPaths ─────────────────────────
     Reason: On CRAN
    
     ── Skip (test-prepInputs.R:1754:3): writeOutputs saves factor rasters with .grd
     Reason: On CRAN
    
     ── Warning (test-prepInputs.R:1803:3): rasters aren't properly resampled ───────
     input and ouput crs are the same
    
     ── Warning (test-prepInputs.R:1818:3): rasters aren't properly resampled ───────
     input and ouput crs are the same
    
     ── Skip (test-prepInputs.R:1825:3): System call gdal works ─────────────────────
     Reason: On CRAN
    
     ── Skip (test-prepInputs.R:1861:3): System call gdal works using multicores for
     Reason: On CRAN
    
     ── Skip (test-prepInputs.R:1918:3): System call gdal will make the rasters match
     Reason: On CRAN
    
     ── Skip (test-prepInputs.R:1953:3): cropInputs crops too closely when input proj
     Reason: On CRAN
    
     ── Skip (test-prepInputs.R:1990:3): message when files from archive are already
     Reason: On CRAN
    
     ── Skip (test-prepInputs.R:2005:3): message when file is a shapefile ───────────
     Reason: On CRAN
    
     ── Skip (test-prepInputs.R:2017:3): message when doesn't know the targetFile ext
     Reason: On CRAN
    
     ── Skip (test-prepInputs.R:2029:3): When supplying two files without archive, wh
     Reason: On CRAN
    
     ── Skip (test-prepInputs.R:2043:3): message when archive has two known files (ra
     Reason: On CRAN
    
     ── Skip (test-prepInputs.R:2058:3): message when extracting a file that is alrea
     Reason: On CRAN
    
     ── Skip (test-prepInputs.R:2076:1): Test to fix issue #101 prepInputs on raster
     Reason: empty test
    
     ── Skip (test-prepInputs.R:2092:1): Test of using future and progress indicator
     Reason: empty test
    
     Writing layer `file420f8767c76' to data source `/tmp/RtmpCUofGU/raster//file420f8767c76.shp' using driver `ESRI Shapefile'
     Writing 1 features with 0 fields and geometry type Polygon.
     Writing layer `file420f51a2c18a' to data source `/tmp/RtmpCUofGU/raster//file420f51a2c18a.shp' using driver `ESRI Shapefile'
     Writing 1 features with 0 fields and geometry type Polygon.
     Writing layer `file420f583a10d8' to data source `/tmp/RtmpCUofGU/raster//file420f583a10d8.shp' using driver `ESRI Shapefile'
     Writing 1 features with 0 fields and geometry type Polygon.
     ── Skip (test-prepInputsInNestedArchives.R:2:3): prepInputs in a simple one doub
     Reason: On CRAN
    
     ── Skip (test-prepInputsInNestedArchives.R:14:3): prepInputs in a simple one dou
     Reason: On CRAN
    
     ── Skip (test-prepInputsInNestedArchives.R:28:3): prepInputs in a two files doub
     Reason: On CRAN
    
     ── Skip (test-prepInputsInNestedArchives.R:40:3): prepInputs in a two files doub
     Reason: On CRAN
    
     ── Skip (test-prepInputsInNestedArchives.R:58:3): prepInputs in a two files doub
     Reason: On CRAN
    
     ── Skip (test-prepInputsInNestedArchives.R:79:3): prepInputs in a two files doub
     Reason: On CRAN
    
     ── Skip (test-prepInputsInNestedArchives.R:95:3): prepInputs in a two files doub
     Reason: On CRAN
    
     ── Skip (test-prepInputsInNestedArchives.R:124:3): prepInputs in a two files dou
     Reason: On CRAN
    
     ── Skip (test-prepInputsInNestedArchives.R:149:3): prepInputs in a two files dou
     Reason: On CRAN
    
     ── Skip (test-prepInputsInNestedArchives.R:175:3): prepInputs works with nested
     Reason: On CRAN
    
     ── Skipped tests ──────────────────────────────────────────────────────────────
     ● No Drive token is not TRUE (5)
     ● On CRAN (58)
     ● empty test (6)
     ● test cloudCache inside Cache -- Not fully written test (1)
    
     ══ testthat results ═══════════════════════════════════════════════════════════
     ERROR (test-cache.R:550:3): test pipe for Cache
     Warning (test-copy.R:8:3): test Copy
     Warning (test-prepInputs.R:1803:3): rasters aren't properly resampled
     Warning (test-prepInputs.R:1818:3): rasters aren't properly resampled
    
     [ FAIL 1 | WARN 3 | SKIP 70 | PASS 353 ]
     Error: Test failures
     Execution halted
Flavor: r-release-linux-x86_64

Version: 1.2.1
Check: tests
Result: ERROR
     Running 'test-all.R' [70s]
    Running the tests in 'tests/test-all.R' failed.
    Complete output:
     > library(testthat)
     > test_check("reproducible")
     Loading required package: reproducible
     -- ERROR (test-cache.R:550:3): test pipe for Cache -----------------------------
     Error: object 'split_chain' not found
     Backtrace:
     x
     1. \-`%C%`(...)
     2. \-utils::getFromNamespace("split_chain", ns = "magrittr")
     3. \-base::get(x, envir = ns, inherits = FALSE)
    
     -- Skip (test-cache.R:757:3): test future --------------------------------------
     Reason: On CRAN
    
     -- Skip (test-cache.R:929:3): test rm large non-file-backed rasters ------------
     Reason: On CRAN
    
     -- Skip (test-cache.R:952:3): test cc ------------------------------------------
     Reason: On CRAN
    
     -- Skip (test-cacheArguments.R:2:3): test cached downloads ---------------------
     Reason: On CRAN
    
     -- Skip (test-cloud.R:3:3): test Cache(useCloud=TRUE, ...) ---------------------
     Reason: No Drive token is not TRUE
    
     -- Skip (test-cloud.R:145:3): test Cache(useCloud=TRUE, ...) with raster-backed
     Reason: No Drive token is not TRUE
    
     -- Skip (test-cloud.R:181:3): test Cache(useCloud=TRUE, ...) with raster-backed
     Reason: No Drive token is not TRUE
    
     -- Skip (test-cloud.R:204:3): test Cache(useCloud=TRUE, ...) with raster-backed
     Reason: No Drive token is not TRUE
    
     -- Skip (test-cluster.R:2:3): test parallel collisions -------------------------
     Reason: On CRAN
    
     -- Warning (test-copy.R:8:3): test Copy ----------------------------------------
     NOT UPDATED FOR PROJ >= 6
    
     -- Skip (test-download.R:1:1): dlGeneric works ---------------------------------
     Reason: empty test
    
     -- Skip (test-examples.R:1:1): all exported functions have examples ------------
     Reason: empty test
    
     -- Skip (test-filesMissingExtension.R:2:3): prepInputs works with NULL archive +
     Reason: On CRAN
    
     -- Skip (test-filesMissingExtension.R:14:3): prepInputs WORKS if the file is not
     Reason: On CRAN
    
     -- Skip (test-filesMissingExtension.R:27:3): prepInputs WORKS if passing archive
     Reason: On CRAN
    
     -- Skip (test-filesMissingExtension.R:40:3): prepInputs WORKS passing just targe
     Reason: On CRAN
    
     -- Skip (test-filesMissingExtension.R:52:3): prepInputs WORKS passing archive +
     Reason: On CRAN
    
     Writing layer `file25f2471c61b4' to data source `D:/temp/RtmpAfLwB6/raster/file25f2471c61b4.shp' using driver `ESRI Shapefile'
     Writing 3 features with 2 fields and geometry type Polygon.
     adding: temp/RtmpAfLwB6/Require/FNSjN1/YIGI2Xt.tif (stored 0%)
     adding: temp/RtmpAfLwB6/Require/FNSjN1/eR9eiXf.grd (stored 0%)
     -- Skip (test-misc.R:149:3): test miscellaneous fns (part 2) -------------------
     Reason: No Drive token is not TRUE
    
     -- Skip (test-multipleCacheRepo.R:40:3): test multiple cacheRepo with 1 of them
     Reason: test cloudCache inside Cache -- Not fully written test
    
     -- Skip (test-preProcessDoesntWork.R:2:3): preProcess fails if user provides a n
     Reason: On CRAN
    
     -- Skip (test-preProcessDoesntWork.R:18:3): preProcess fails if user provides no
     Reason: On CRAN
    
     -- Skip (test-preProcessDoesntWork.R:34:3): preProcess fails if user provides a
     Reason: On CRAN
    
     -- Skip (test-preProcessDoesntWork.R:50:3): preProcess fails if the .rar file is
     Reason: On CRAN
    
     -- Skip (test-preProcessWorks.R:2:3): preProcess works for .tar files ----------
     Reason: On CRAN
    
     -- Skip (test-preProcessWorks.R:14:3): preProcess works for .zip when provided o
     Reason: On CRAN
    
     -- Skip (test-preProcessWorks.R:26:3): preProcess works with only url ----------
     Reason: On CRAN
    
     -- Skip (test-preProcessWorks.R:38:3): preProcess works when provides only archi
     Reason: On CRAN
    
     -- Skip (test-preProcessWorks.R:54:3): preProcess works when provides archive an
     Reason: On CRAN
    
     -- Skip (test-preProcessWorks.R:71:3): preProcess works when provides only targe
     Reason: On CRAN
    
     -- Skip (test-preProcessWorks.R:84:3): preProcess works when provides targetfile
     Reason: On CRAN
    
     -- Skip (test-preProcessWorks.R:98:3): preProcess works when provides url, archi
     Reason: On CRAN
    
     -- Skip (test-preProcessWorks.R:112:3): preProcess works when provides url, targ
     Reason: On CRAN
    
     -- Skip (test-preProcessWorks.R:125:3): preProcess works when provides url and d
     Reason: On CRAN
    
     -- Skip (test-preProcessWorks.R:145:3): preProcess works when provides url, targ
     Reason: On CRAN
    
     -- Skip (test-preProcessWorks.R:169:3): preProcess works when provides url, arch
     Reason: On CRAN
    
     -- Skip (test-preProcessWorks.R:190:3): preProcess works, but gives a warning wh
     Reason: On CRAN
    
     -- Skip (test-preProcessWorks.R:204:3): preProcess works, but gives a warning wh
     Reason: On CRAN
    
     -- Skip (test-preProcessWorks.R:219:3): preProcess works, but gives a warning wh
     Reason: On CRAN
    
     -- Skip (test-preProcessWorks.R:233:3): preProcess works, but gives a warning wh
     Reason: On CRAN
    
     -- Skip (test-preProcessWorks.R:247:3): preProcess works, but gives a warning wh
     Reason: On CRAN
    
     -- Skip (test-prepInputs-large-files.R:2:3): prepInputs correctly unzips large f
     Reason: On CRAN
    
     -- Skip (test-prepInputs.R:2:3): prepInputs doesn't work (part 1) --------------
     Reason: On CRAN
    
     -- Skip (test-prepInputs.R:295:1): interactive prepInputs ----------------------
     Reason: empty test
    
     -- Skip (test-prepInputs.R:439:3): preProcess doesn't work ---------------------
     Reason: On CRAN
    
     -- Skip (test-prepInputs.R:1114:3): prepInputs doesn't work (part 2) -----------
     Reason: On CRAN
    
     -- Skip (test-prepInputs.R:1385:1): lightweight tests for code coverage --------
     Reason: empty test
    
     -- Skip (test-prepInputs.R:1521:3): lightweight tests 2 for code coverage ------
     Reason: On CRAN
    
     -- Skip (test-prepInputs.R:1584:3): options inputPaths -------------------------
     Reason: On CRAN
    
     -- Skip (test-prepInputs.R:1754:3): writeOutputs saves factor rasters with .grd
     Reason: On CRAN
    
     -- Warning (test-prepInputs.R:1803:3): rasters aren't properly resampled -------
     input and ouput crs are the same
    
     -- Warning (test-prepInputs.R:1818:3): rasters aren't properly resampled -------
     input and ouput crs are the same
    
     -- Skip (test-prepInputs.R:1825:3): System call gdal works ---------------------
     Reason: On CRAN
    
     -- Skip (test-prepInputs.R:1861:3): System call gdal works using multicores for
     Reason: On CRAN
    
     -- Skip (test-prepInputs.R:1918:3): System call gdal will make the rasters match
     Reason: On CRAN
    
     -- Skip (test-prepInputs.R:1953:3): cropInputs crops too closely when input proj
     Reason: On CRAN
    
     -- Skip (test-prepInputs.R:1990:3): message when files from archive are already
     Reason: On CRAN
    
     -- Skip (test-prepInputs.R:2005:3): message when file is a shapefile -----------
     Reason: On CRAN
    
     -- Skip (test-prepInputs.R:2017:3): message when doesn't know the targetFile ext
     Reason: On CRAN
    
     -- Skip (test-prepInputs.R:2029:3): When supplying two files without archive, wh
     Reason: On CRAN
    
     -- Skip (test-prepInputs.R:2043:3): message when archive has two known files (ra
     Reason: On CRAN
    
     -- Skip (test-prepInputs.R:2058:3): message when extracting a file that is alrea
     Reason: On CRAN
    
     -- Skip (test-prepInputs.R:2076:1): Test to fix issue #101 prepInputs on raster
     Reason: empty test
    
     -- Skip (test-prepInputs.R:2092:1): Test of using future and progress indicator
     Reason: empty test
    
     Writing layer `file25f2460f34e94' to data source `D:/temp/RtmpAfLwB6/raster/file25f2460f34e94.shp' using driver `ESRI Shapefile'
     Writing 1 features with 0 fields and geometry type Polygon.
     Writing layer `file25f24444a4894' to data source `D:/temp/RtmpAfLwB6/raster/file25f24444a4894.shp' using driver `ESRI Shapefile'
     Writing 1 features with 0 fields and geometry type Polygon.
     Writing layer `file25f24631a2f16' to data source `D:/temp/RtmpAfLwB6/raster/file25f24631a2f16.shp' using driver `ESRI Shapefile'
     Writing 1 features with 0 fields and geometry type Polygon.
     -- Skip (test-prepInputsInNestedArchives.R:2:3): prepInputs in a simple one doub
     Reason: On CRAN
    
     -- Skip (test-prepInputsInNestedArchives.R:14:3): prepInputs in a simple one dou
     Reason: On CRAN
    
     -- Skip (test-prepInputsInNestedArchives.R:28:3): prepInputs in a two files doub
     Reason: On CRAN
    
     -- Skip (test-prepInputsInNestedArchives.R:40:3): prepInputs in a two files doub
     Reason: On CRAN
    
     -- Skip (test-prepInputsInNestedArchives.R:58:3): prepInputs in a two files doub
     Reason: On CRAN
    
     -- Skip (test-prepInputsInNestedArchives.R:79:3): prepInputs in a two files doub
     Reason: On CRAN
    
     -- Skip (test-prepInputsInNestedArchives.R:95:3): prepInputs in a two files doub
     Reason: On CRAN
    
     -- Skip (test-prepInputsInNestedArchives.R:124:3): prepInputs in a two files dou
     Reason: On CRAN
    
     -- Skip (test-prepInputsInNestedArchives.R:149:3): prepInputs in a two files dou
     Reason: On CRAN
    
     -- Skip (test-prepInputsInNestedArchives.R:175:3): prepInputs works with nested
     Reason: On CRAN
    
     -- Skipped tests --------------------------------------------------------------
     * No Drive token is not TRUE (5)
     * On CRAN (58)
     * empty test (6)
     * test cloudCache inside Cache -- Not fully written test (1)
    
     == testthat results ===========================================================
     ERROR (test-cache.R:550:3): test pipe for Cache
     Warning (test-copy.R:8:3): test Copy
     Warning (test-prepInputs.R:1803:3): rasters aren't properly resampled
     Warning (test-prepInputs.R:1818:3): rasters aren't properly resampled
    
     [ FAIL 1 | WARN 3 | SKIP 70 | PASS 354 ]
     Error: Test failures
     Execution halted
Flavor: r-release-windows-ix86+x86_64

Version: 1.2.1
Check: tests
Result: ERROR
     Running 'test-all.R' [69s]
    Running the tests in 'tests/test-all.R' failed.
    Complete output:
     > library(testthat)
     > test_check("reproducible")
     Loading required package: reproducible
     -- ERROR (test-cache.R:550:3): test pipe for Cache -----------------------------
     Error: object 'split_chain' not found
     Backtrace:
     x
     1. \-`%C%`(...)
     2. \-utils::getFromNamespace("split_chain", ns = "magrittr")
     3. \-base::get(x, envir = ns, inherits = FALSE)
    
     -- Skip (test-cache.R:757:3): test future --------------------------------------
     Reason: On CRAN
    
     -- Skip (test-cache.R:929:3): test rm large non-file-backed rasters ------------
     Reason: On CRAN
    
     -- Skip (test-cache.R:952:3): test cc ------------------------------------------
     Reason: On CRAN
    
     -- Skip (test-cacheArguments.R:2:3): test cached downloads ---------------------
     Reason: On CRAN
    
     -- Skip (test-cloud.R:3:3): test Cache(useCloud=TRUE, ...) ---------------------
     Reason: No Drive token is not TRUE
    
     -- Skip (test-cloud.R:145:3): test Cache(useCloud=TRUE, ...) with raster-backed
     Reason: No Drive token is not TRUE
    
     -- Skip (test-cloud.R:181:3): test Cache(useCloud=TRUE, ...) with raster-backed
     Reason: No Drive token is not TRUE
    
     -- Skip (test-cloud.R:204:3): test Cache(useCloud=TRUE, ...) with raster-backed
     Reason: No Drive token is not TRUE
    
     -- Skip (test-cluster.R:2:3): test parallel collisions -------------------------
     Reason: On CRAN
    
     -- Warning (test-copy.R:8:3): test Copy ----------------------------------------
     NOT UPDATED FOR PROJ >= 6
    
     -- Skip (test-download.R:1:1): dlGeneric works ---------------------------------
     Reason: empty test
    
     -- Skip (test-examples.R:1:1): all exported functions have examples ------------
     Reason: empty test
    
     -- Skip (test-filesMissingExtension.R:2:3): prepInputs works with NULL archive +
     Reason: On CRAN
    
     -- Skip (test-filesMissingExtension.R:14:3): prepInputs WORKS if the file is not
     Reason: On CRAN
    
     -- Skip (test-filesMissingExtension.R:27:3): prepInputs WORKS if passing archive
     Reason: On CRAN
    
     -- Skip (test-filesMissingExtension.R:40:3): prepInputs WORKS passing just targe
     Reason: On CRAN
    
     -- Skip (test-filesMissingExtension.R:52:3): prepInputs WORKS passing archive +
     Reason: On CRAN
    
     Writing layer `file2fd9c17fb366f' to data source `D:/temp/RtmpG6s70w/raster/file2fd9c17fb366f.shp' using driver `ESRI Shapefile'
     Writing 3 features with 2 fields and geometry type Polygon.
     adding: temp/RtmpG6s70w/Require/FNSjN1/YIGI2Xt.tif (stored 0%)
     adding: temp/RtmpG6s70w/Require/FNSjN1/eR9eiXf.grd (stored 0%)
     -- Skip (test-misc.R:149:3): test miscellaneous fns (part 2) -------------------
     Reason: No Drive token is not TRUE
    
     -- Skip (test-multipleCacheRepo.R:40:3): test multiple cacheRepo with 1 of them
     Reason: test cloudCache inside Cache -- Not fully written test
    
     -- Skip (test-preProcessDoesntWork.R:2:3): preProcess fails if user provides a n
     Reason: On CRAN
    
     -- Skip (test-preProcessDoesntWork.R:18:3): preProcess fails if user provides no
     Reason: On CRAN
    
     -- Skip (test-preProcessDoesntWork.R:34:3): preProcess fails if user provides a
     Reason: On CRAN
    
     -- Skip (test-preProcessDoesntWork.R:50:3): preProcess fails if the .rar file is
     Reason: On CRAN
    
     -- Skip (test-preProcessWorks.R:2:3): preProcess works for .tar files ----------
     Reason: On CRAN
    
     -- Skip (test-preProcessWorks.R:14:3): preProcess works for .zip when provided o
     Reason: On CRAN
    
     -- Skip (test-preProcessWorks.R:26:3): preProcess works with only url ----------
     Reason: On CRAN
    
     -- Skip (test-preProcessWorks.R:38:3): preProcess works when provides only archi
     Reason: On CRAN
    
     -- Skip (test-preProcessWorks.R:54:3): preProcess works when provides archive an
     Reason: On CRAN
    
     -- Skip (test-preProcessWorks.R:71:3): preProcess works when provides only targe
     Reason: On CRAN
    
     -- Skip (test-preProcessWorks.R:84:3): preProcess works when provides targetfile
     Reason: On CRAN
    
     -- Skip (test-preProcessWorks.R:98:3): preProcess works when provides url, archi
     Reason: On CRAN
    
     -- Skip (test-preProcessWorks.R:112:3): preProcess works when provides url, targ
     Reason: On CRAN
    
     -- Skip (test-preProcessWorks.R:125:3): preProcess works when provides url and d
     Reason: On CRAN
    
     -- Skip (test-preProcessWorks.R:145:3): preProcess works when provides url, targ
     Reason: On CRAN
    
     -- Skip (test-preProcessWorks.R:169:3): preProcess works when provides url, arch
     Reason: On CRAN
    
     -- Skip (test-preProcessWorks.R:190:3): preProcess works, but gives a warning wh
     Reason: On CRAN
    
     -- Skip (test-preProcessWorks.R:204:3): preProcess works, but gives a warning wh
     Reason: On CRAN
    
     -- Skip (test-preProcessWorks.R:219:3): preProcess works, but gives a warning wh
     Reason: On CRAN
    
     -- Skip (test-preProcessWorks.R:233:3): preProcess works, but gives a warning wh
     Reason: On CRAN
    
     -- Skip (test-preProcessWorks.R:247:3): preProcess works, but gives a warning wh
     Reason: On CRAN
    
     -- Skip (test-prepInputs-large-files.R:2:3): prepInputs correctly unzips large f
     Reason: On CRAN
    
     -- Skip (test-prepInputs.R:2:3): prepInputs doesn't work (part 1) --------------
     Reason: On CRAN
    
     -- Skip (test-prepInputs.R:295:1): interactive prepInputs ----------------------
     Reason: empty test
    
     -- Skip (test-prepInputs.R:439:3): preProcess doesn't work ---------------------
     Reason: On CRAN
    
     -- Skip (test-prepInputs.R:1114:3): prepInputs doesn't work (part 2) -----------
     Reason: On CRAN
    
     -- Skip (test-prepInputs.R:1385:1): lightweight tests for code coverage --------
     Reason: empty test
    
     -- Skip (test-prepInputs.R:1521:3): lightweight tests 2 for code coverage ------
     Reason: On CRAN
    
     -- Skip (test-prepInputs.R:1584:3): options inputPaths -------------------------
     Reason: On CRAN
    
     -- Skip (test-prepInputs.R:1754:3): writeOutputs saves factor rasters with .grd
     Reason: On CRAN
    
     -- Warning (test-prepInputs.R:1803:3): rasters aren't properly resampled -------
     input and ouput crs are the same
    
     -- Warning (test-prepInputs.R:1818:3): rasters aren't properly resampled -------
     input and ouput crs are the same
    
     -- Skip (test-prepInputs.R:1825:3): System call gdal works ---------------------
     Reason: On CRAN
    
     -- Skip (test-prepInputs.R:1861:3): System call gdal works using multicores for
     Reason: On CRAN
    
     -- Skip (test-prepInputs.R:1918:3): System call gdal will make the rasters match
     Reason: On CRAN
    
     -- Skip (test-prepInputs.R:1953:3): cropInputs crops too closely when input proj
     Reason: On CRAN
    
     -- Skip (test-prepInputs.R:1990:3): message when files from archive are already
     Reason: On CRAN
    
     -- Skip (test-prepInputs.R:2005:3): message when file is a shapefile -----------
     Reason: On CRAN
    
     -- Skip (test-prepInputs.R:2017:3): message when doesn't know the targetFile ext
     Reason: On CRAN
    
     -- Skip (test-prepInputs.R:2029:3): When supplying two files without archive, wh
     Reason: On CRAN
    
     -- Skip (test-prepInputs.R:2043:3): message when archive has two known files (ra
     Reason: On CRAN
    
     -- Skip (test-prepInputs.R:2058:3): message when extracting a file that is alrea
     Reason: On CRAN
    
     -- Skip (test-prepInputs.R:2076:1): Test to fix issue #101 prepInputs on raster
     Reason: empty test
    
     -- Skip (test-prepInputs.R:2092:1): Test of using future and progress indicator
     Reason: empty test
    
     Writing layer `file2fd9c6aea26a9' to data source `D:/temp/RtmpG6s70w/raster/file2fd9c6aea26a9.shp' using driver `ESRI Shapefile'
     Writing 1 features with 0 fields and geometry type Polygon.
     Writing layer `file2fd9c43934f99' to data source `D:/temp/RtmpG6s70w/raster/file2fd9c43934f99.shp' using driver `ESRI Shapefile'
     Writing 1 features with 0 fields and geometry type Polygon.
     Writing layer `file2fd9c6d943774' to data source `D:/temp/RtmpG6s70w/raster/file2fd9c6d943774.shp' using driver `ESRI Shapefile'
     Writing 1 features with 0 fields and geometry type Polygon.
     -- Skip (test-prepInputsInNestedArchives.R:2:3): prepInputs in a simple one doub
     Reason: On CRAN
    
     -- Skip (test-prepInputsInNestedArchives.R:14:3): prepInputs in a simple one dou
     Reason: On CRAN
    
     -- Skip (test-prepInputsInNestedArchives.R:28:3): prepInputs in a two files doub
     Reason: On CRAN
    
     -- Skip (test-prepInputsInNestedArchives.R:40:3): prepInputs in a two files doub
     Reason: On CRAN
    
     -- Skip (test-prepInputsInNestedArchives.R:58:3): prepInputs in a two files doub
     Reason: On CRAN
    
     -- Skip (test-prepInputsInNestedArchives.R:79:3): prepInputs in a two files doub
     Reason: On CRAN
    
     -- Skip (test-prepInputsInNestedArchives.R:95:3): prepInputs in a two files doub
     Reason: On CRAN
    
     -- Skip (test-prepInputsInNestedArchives.R:124:3): prepInputs in a two files dou
     Reason: On CRAN
    
     -- Skip (test-prepInputsInNestedArchives.R:149:3): prepInputs in a two files dou
     Reason: On CRAN
    
     -- Skip (test-prepInputsInNestedArchives.R:175:3): prepInputs works with nested
     Reason: On CRAN
    
     -- Skipped tests --------------------------------------------------------------
     * No Drive token is not TRUE (5)
     * On CRAN (58)
     * empty test (6)
     * test cloudCache inside Cache -- Not fully written test (1)
    
     == testthat results ===========================================================
     ERROR (test-cache.R:550:3): test pipe for Cache
     Warning (test-copy.R:8:3): test Copy
     Warning (test-prepInputs.R:1803:3): rasters aren't properly resampled
     Warning (test-prepInputs.R:1818:3): rasters aren't properly resampled
    
     [ FAIL 1 | WARN 3 | SKIP 70 | PASS 354 ]
     Error: Test failures
     Execution halted
Flavor: r-oldrel-windows-ix86+x86_64