CRAN Package Check Results for Package rerddapXtracto

Last updated on 2020-08-09 12:48:39 CEST.

Flavor Version Tinstall Tcheck Ttotal Status Flags
r-devel-linux-x86_64-debian-clang 1.0.0 3.44 77.11 80.55 OK
r-devel-linux-x86_64-debian-gcc 1.0.0 3.13 57.57 60.70 OK
r-devel-linux-x86_64-fedora-clang 1.0.0 93.42 OK
r-devel-linux-x86_64-fedora-gcc 1.0.0 88.55 OK
r-devel-windows-ix86+x86_64 1.0.0 20.00 170.00 190.00 OK
r-patched-linux-x86_64 1.0.0 3.58 75.49 79.07 OK
r-patched-solaris-x86 1.0.0 140.00 OK
r-release-linux-x86_64 1.0.0 4.92 75.31 80.23 OK
r-release-macos-x86_64 1.0.0 OK
r-release-windows-ix86+x86_64 1.0.0 18.00 174.00 192.00 OK
r-oldrel-macos-x86_64 1.0.0 ERROR
r-oldrel-windows-ix86+x86_64 0.4.8 12.00 199.00 211.00 WARN

Check Details

Version: 1.0.0
Check: whether package can be installed
Result: ERROR
    Installation failed.
Flavor: r-oldrel-macos-x86_64

Version: 0.4.8
Check: re-building of vignette outputs
Result: WARN
    Error(s) in re-building vignettes:
    --- re-building 'UsingrerddapXtracto.Rmd' using rmarkdown
    Warning in raster::projectRaster(r, crs = crs_string) :
     input and ouput crs are the same
    Warning in raster::projectRaster(r, crs = crs_string) :
     input and ouput crs are the same
    Warning in raster::projectRaster(r, crs = crs_string) :
     input and ouput crs are the same
    Warning in raster::projectRaster(r, crs = crs_string) :
     input and ouput crs are the same
    Quitting from lines 525-535 (UsingrerddapXtracto.Rmd)
    Error: processing vignette 'UsingrerddapXtracto.Rmd' failed with diagnostics:
    Coordinates out of dataset bounds - see messages above
    --- failed re-building 'UsingrerddapXtracto.Rmd'
    
    SUMMARY: processing the following file failed:
     'UsingrerddapXtracto.Rmd'
    
    Error: Vignette re-building failed.
    Execution halted
Flavor: r-oldrel-windows-ix86+x86_64