Last updated on 2025-01-19 05:49:18 CET.
Flavor | Version | Tinstall | Tcheck | Ttotal | Status | Flags |
---|---|---|---|---|---|---|
r-devel-linux-x86_64-debian-clang | 1.1 | 2.38 | 68.03 | 70.41 | OK | |
r-devel-linux-x86_64-debian-gcc | 1.1 | 1.83 | 44.80 | 46.63 | OK | |
r-devel-linux-x86_64-fedora-clang | 1.1 | 115.93 | OK | |||
r-devel-linux-x86_64-fedora-gcc | 1.1 | 123.75 | OK | |||
r-devel-windows-x86_64 | 1.1 | 4.00 | 100.00 | 104.00 | OK | |
r-patched-linux-x86_64 | 1.1 | 2.45 | 65.13 | 67.58 | OK | |
r-release-linux-x86_64 | 1.1 | 2.37 | 64.20 | 66.57 | OK | |
r-release-macos-arm64 | 1.1 | 40.00 | OK | |||
r-release-macos-x86_64 | 1.1 | 75.00 | WARN | |||
r-release-windows-x86_64 | 1.1 | 5.00 | 108.00 | 113.00 | OK | |
r-oldrel-macos-arm64 | 1.1 | 40.00 | OK | |||
r-oldrel-macos-x86_64 | 1.1 | 108.00 | OK | |||
r-oldrel-windows-x86_64 | 1.1 | 4.00 | 107.00 | 111.00 | OK |
Version: 1.1
Check: re-building of vignette outputs
Result: WARN
Error(s) in re-building vignettes:
...
--- re-building ‘resde-vignette.Rnw’ using knitr
Error: processing vignette 'resde-vignette.Rnw' failed with diagnostics:
Running 'texi2dvi' on 'resde-vignette.tex' failed.
LaTeX errors:
! Undefined control sequence.
l.200 \hlkwd{sdemodel}\hldef
{(}\hlkwc{phi}\hldef{=}\hlopt{~}\hldef{x,} \hlkw...
?
! Emergency stop.
l.200
End of file on the terminal!
! ==> Fatal error occurred, no output PDF file produced!
--- failed re-building ‘resde-vignette.Rnw’
SUMMARY: processing the following file failed:
‘resde-vignette.Rnw’
Error: Vignette re-building failed.
Execution halted
Flavor: r-release-macos-x86_64