Last updated on 2025-01-19 05:49:18 CET.
Flavor | Version | Tinstall | Tcheck | Ttotal | Status | Flags |
---|---|---|---|---|---|---|
r-devel-linux-x86_64-debian-clang | 2.3.3 | 18.95 | 136.23 | 155.18 | NOTE | |
r-devel-linux-x86_64-debian-gcc | 2.3.3 | 11.15 | 91.96 | 103.11 | NOTE | |
r-devel-linux-x86_64-fedora-clang | 2.3.3 | 252.52 | OK | |||
r-devel-linux-x86_64-fedora-gcc | 2.3.3 | 229.68 | OK | |||
r-devel-windows-x86_64 | 2.3.3 | 21.00 | 165.00 | 186.00 | NOTE | |
r-patched-linux-x86_64 | 2.3.3 | 22.88 | 126.23 | 149.11 | OK | |
r-release-linux-x86_64 | 2.3.3 | 17.38 | 124.63 | 142.01 | OK | |
r-release-macos-arm64 | 2.3.3 | 66.00 | OK | |||
r-release-macos-x86_64 | 2.3.3 | 93.00 | OK | |||
r-release-windows-x86_64 | 2.3.3 | 20.00 | 148.00 | 168.00 | OK | |
r-oldrel-macos-arm64 | 2.3.3 | 65.00 | OK | |||
r-oldrel-macos-x86_64 | 2.3.3 | 163.00 | OK | |||
r-oldrel-windows-x86_64 | 2.3.3 | 24.00 | 182.00 | 206.00 | OK |
Version: 2.3.3
Check: Rd cross-references
Result: NOTE
Found the following Rd file(s) with Rd \link{} targets missing package
anchors:
format_time.Rd: lubridate
Please provide package anchors for all Rd \link{} targets not in the
package itself and the base packages.
Flavors: r-devel-linux-x86_64-debian-clang, r-devel-linux-x86_64-debian-gcc, r-devel-windows-x86_64