Last updated on 2024-03-28 14:48:40 CET.
Flavor | Version | Tinstall | Tcheck | Ttotal | Status | Flags |
---|---|---|---|---|---|---|
r-devel-linux-x86_64-debian-clang | 0.22.5 | 7.74 | 68.73 | 76.47 | ERROR | |
r-devel-linux-x86_64-debian-gcc | 0.23.1 | 5.53 | 85.06 | 90.59 | OK | |
r-devel-linux-x86_64-fedora-clang | 0.23.1 | 151.26 | OK | |||
r-devel-linux-x86_64-fedora-gcc | 0.23.1 | 150.48 | OK | |||
r-devel-windows-x86_64 | 0.23.1 | 8.00 | 104.00 | 112.00 | OK | |
r-patched-linux-x86_64 | 0.23.1 | 6.25 | 112.72 | 118.97 | OK | |
r-release-linux-x86_64 | 0.22.5 | 5.80 | 66.55 | 72.35 | ERROR | |
r-release-macos-arm64 | 0.23.1 | 301.00 | OK | |||
r-release-macos-x86_64 | 0.23.1 | 372.00 | OK | |||
r-release-windows-x86_64 | 0.22.5 | 8.00 | 79.00 | 87.00 | ERROR | |
r-oldrel-macos-arm64 | 0.23.1 | 301.00 | OK | |||
r-oldrel-windows-x86_64 | 0.23.1 | 8.00 | 112.00 | 120.00 | OK |
Version: 0.22.5
Check: tests
Result: ERROR
Running ‘tinytest.R’ [18s/20s]
Running the tests in ‘tests/tinytest.R’ failed.
Complete output:
> if ( requireNamespace("tinytest", quietly=TRUE) ){
+ home <- length(unclass(packageVersion("restatapi"))[[1]]) == 4
+ tinytest::test_package("restatapi", at_home = home)
+ }
restatapi: - version 0.22.5
- config file with the API version 2 loaded from GitHub (the 'current' API version number is 2).
- 4 from the 32 cores are used for parallel computing, can be changed with 'options(restatapi_cores=...)'
- 'auto' method will be used for file download, can be changed with 'options(restatapi_dmethod=...)'
- the Table of contents (TOC) was not pre-loaded into the deafult cache ('.restatapi_env').
test_restatapi.R.............. 0 tests
test_restatapi.R.............. 0 tests
test_restatapi.R.............. 0 tests
test_restatapi.R.............. 0 tests
test_restatapi.R.............. 0 tests
test_restatapi.R.............. 0 tests
test_restatapi.R.............. 0 tests
test_restatapi.R.............. 0 tests
test_restatapi.R.............. 0 tests
test_restatapi.R.............. 0 tests
test_restatapi.R.............. 0 tests
test_restatapi.R.............. 0 tests
test_restatapi.R.............. 0 tests
test_restatapi.R.............. 0 tests
test_restatapi.R.............. 0 tests
test_restatapi.R.............. 0 tests
test_restatapi.R.............. 0 tests
test_restatapi.R.............. 0 tests
test_restatapi.R.............. 0 tests
test_restatapi.R.............. 0 tests
test_restatapi.R.............. 0 tests
test_restatapi.R.............. 0 tests
test_restatapi.R.............. 0 tests
test_restatapi.R.............. 0 tests
test_restatapi.R.............. 0 tests Error: column(s) not found: [downloadLink.sdmx]
Timing stopped at: 15.43 1.28 17.71
Execution halted
Flavor: r-devel-linux-x86_64-debian-clang
Version: 0.22.5
Check: tests
Result: ERROR
Running ‘tinytest.R’ [18s/20s]
Running the tests in ‘tests/tinytest.R’ failed.
Complete output:
> if ( requireNamespace("tinytest", quietly=TRUE) ){
+ home <- length(unclass(packageVersion("restatapi"))[[1]]) == 4
+ tinytest::test_package("restatapi", at_home = home)
+ }
restatapi: - version 0.22.5
- config file with the API version 2 loaded from GitHub (the 'current' API version number is 2).
- 4 from the 32 cores are used for parallel computing, can be changed with 'options(restatapi_cores=...)'
- 'auto' method will be used for file download, can be changed with 'options(restatapi_dmethod=...)'
- the Table of contents (TOC) was not pre-loaded into the deafult cache ('.restatapi_env').
test_restatapi.R.............. 0 tests
test_restatapi.R.............. 0 tests
test_restatapi.R.............. 0 tests
test_restatapi.R.............. 0 tests
test_restatapi.R.............. 0 tests
test_restatapi.R.............. 0 tests
test_restatapi.R.............. 0 tests
test_restatapi.R.............. 0 tests
test_restatapi.R.............. 0 tests
test_restatapi.R.............. 0 tests
test_restatapi.R.............. 0 tests
test_restatapi.R.............. 0 tests
test_restatapi.R.............. 0 tests
test_restatapi.R.............. 0 tests
test_restatapi.R.............. 0 tests
test_restatapi.R.............. 0 tests
test_restatapi.R.............. 0 tests
test_restatapi.R.............. 0 tests
test_restatapi.R.............. 0 tests
test_restatapi.R.............. 0 tests
test_restatapi.R.............. 0 tests
test_restatapi.R.............. 0 tests
test_restatapi.R.............. 0 tests
test_restatapi.R.............. 0 tests
test_restatapi.R.............. 0 tests Error: column(s) not found: [downloadLink.sdmx]
Timing stopped at: 15.53 1.307 18.06
Execution halted
Flavor: r-release-linux-x86_64
Version: 0.22.5
Check: tests
Result: ERROR
Running 'tinytest.R' [18s]
Running the tests in 'tests/tinytest.R' failed.
Complete output:
> if ( requireNamespace("tinytest", quietly=TRUE) ){
+ home <- length(unclass(packageVersion("restatapi"))[[1]]) == 4
+ tinytest::test_package("restatapi", at_home = home)
+ }
restatapi: - version 0.22.5
- config file with the API version 2 loaded from GitHub (the 'current' API version number is 2).
- no parallel computing.
- 'libcurl' method will be used for file download, can be changed with 'options(restatapi_dmethod=...)'
- the Table of contents (TOC) was not pre-loaded into the deafult cache ('.restatapi_env').
test_restatapi.R.............. 0 tests
test_restatapi.R.............. 0 tests
test_restatapi.R.............. 0 tests
test_restatapi.R.............. 0 tests
test_restatapi.R.............. 0 tests
test_restatapi.R.............. 0 tests
test_restatapi.R.............. 0 tests
test_restatapi.R.............. 0 tests
test_restatapi.R.............. 0 tests
test_restatapi.R.............. 0 tests
test_restatapi.R.............. 0 tests
test_restatapi.R.............. 0 tests
test_restatapi.R.............. 0 tests
test_restatapi.R.............. 0 tests
test_restatapi.R.............. 0 tests
test_restatapi.R.............. 0 tests
test_restatapi.R.............. 0 tests
test_restatapi.R.............. 0 tests
test_restatapi.R.............. 0 tests
test_restatapi.R.............. 0 tests
test_restatapi.R.............. 0 tests
test_restatapi.R.............. 0 tests
test_restatapi.R.............. 0 tests
test_restatapi.R.............. 0 tests
test_restatapi.R.............. 0 tests Error: column(s) not found: [downloadLink.sdmx]
Timing stopped at: 14.65 0.59 17.17
Execution halted
Flavor: r-release-windows-x86_64