CRAN Package Check Results for Package retel

Last updated on 2025-01-19 05:49:18 CET.

Flavor Version Tinstall Tcheck Ttotal Status Flags
r-devel-linux-x86_64-debian-clang 0.1.0 5.06 51.37 56.43 NOTE
r-devel-linux-x86_64-debian-gcc 0.1.0 5.17 39.16 44.33 NOTE
r-devel-linux-x86_64-fedora-clang 0.1.0 90.42 OK
r-devel-linux-x86_64-fedora-gcc 0.1.0 86.97 OK
r-devel-windows-x86_64 0.1.0 7.00 66.00 73.00 NOTE
r-patched-linux-x86_64 0.1.0 7.27 48.42 55.69 OK
r-release-linux-x86_64 0.1.0 5.53 48.81 54.34 OK
r-release-macos-arm64 0.1.0 30.00 OK
r-release-macos-x86_64 0.1.0 42.00 OK
r-release-windows-x86_64 0.1.0 6.00 68.00 74.00 OK
r-oldrel-macos-arm64 0.1.0 36.00 OK
r-oldrel-macos-x86_64 0.1.0 67.00 OK
r-oldrel-windows-x86_64 0.1.0 6.00 75.00 81.00 OK

Check Details

Version: 0.1.0
Check: Rd cross-references
Result: NOTE Found the following Rd file(s) with Rd \link{} targets missing package anchors: etel.Rd: nloptr retel.Rd: nloptr Please provide package anchors for all Rd \link{} targets not in the package itself and the base packages. Flavors: r-devel-linux-x86_64-debian-clang, r-devel-linux-x86_64-debian-gcc, r-devel-windows-x86_64