Last updated on 2025-01-19 05:49:18 CET.
Flavor | Version | Tinstall | Tcheck | Ttotal | Status | Flags |
---|---|---|---|---|---|---|
r-devel-linux-x86_64-debian-clang | 0.2.6 | 67.05 | 39.75 | 106.80 | OK | |
r-devel-linux-x86_64-debian-gcc | 0.2.6 | 52.86 | 35.17 | 88.03 | OK | |
r-devel-linux-x86_64-fedora-clang | 0.2.6 | 175.10 | OK | |||
r-devel-linux-x86_64-fedora-gcc | 0.2.6 | 205.84 | OK | |||
r-devel-windows-x86_64 | 0.2.6 | 61.00 | 98.00 | 159.00 | OK | |
r-patched-linux-x86_64 | 0.2.6 | 69.83 | 41.55 | 111.38 | OK | |
r-release-linux-x86_64 | 0.2.6 | 71.94 | 40.17 | 112.11 | OK | |
r-release-macos-arm64 | 0.2.6 | 75.00 | NOTE | |||
r-release-macos-x86_64 | 0.2.6 | 177.00 | NOTE | |||
r-release-windows-x86_64 | 0.2.6 | 65.00 | 91.00 | 156.00 | NOTE | |
r-oldrel-macos-arm64 | 0.2.6 | 73.00 | NOTE | |||
r-oldrel-macos-x86_64 | 0.2.6 | 172.00 | NOTE | |||
r-oldrel-windows-x86_64 | 0.2.6 | 74.00 | 99.00 | 173.00 | NOTE |
Version: 0.2.6
Check: installed package size
Result: NOTE
installed size is 28.3Mb
sub-directories of 1Mb or more:
include 2.4Mb
libs 24.1Mb
models 1.6Mb
Flavors: r-release-macos-arm64, r-release-macos-x86_64, r-release-windows-x86_64, r-oldrel-macos-arm64, r-oldrel-macos-x86_64, r-oldrel-windows-x86_64