Last updated on 2025-01-19 05:49:18 CET.
Flavor | Version | Tinstall | Tcheck | Ttotal | Status | Flags |
---|---|---|---|---|---|---|
r-devel-linux-x86_64-debian-clang | 1.5.5 | 40.33 | 384.48 | 424.81 | OK | |
r-devel-linux-x86_64-debian-gcc | 1.5.5 | 29.51 | 216.86 | 246.37 | OK | |
r-devel-linux-x86_64-fedora-clang | 1.5.5 | 724.53 | OK | |||
r-devel-linux-x86_64-fedora-gcc | 1.5.5 | 702.01 | OK | |||
r-devel-windows-x86_64 | 1.5.5 | 45.00 | 394.00 | 439.00 | OK | |
r-patched-linux-x86_64 | 1.5.5 | 44.40 | 358.98 | 403.38 | OK | |
r-release-linux-x86_64 | 1.5.5 | 43.39 | 360.49 | 403.88 | OK | |
r-release-macos-arm64 | 1.5.5 | 160.00 | NOTE | |||
r-release-macos-x86_64 | 1.5.5 | 533.00 | NOTE | |||
r-release-windows-x86_64 | 1.5.5 | 46.00 | 373.00 | 419.00 | OK | |
r-oldrel-macos-arm64 | 1.5.5 | 252.00 | NOTE | |||
r-oldrel-macos-x86_64 | 1.5.5 | 573.00 | NOTE | |||
r-oldrel-windows-x86_64 | 1.5.5 | 54.00 | 485.00 | 539.00 | OK |
Version: 1.5.5
Check: installed package size
Result: NOTE
installed size is 5.9Mb
sub-directories of 1Mb or more:
libs 4.7Mb
Flavors: r-release-macos-arm64, r-release-macos-x86_64, r-oldrel-macos-arm64, r-oldrel-macos-x86_64