Last updated on 2025-01-19 05:49:18 CET.
Flavor | Version | Tinstall | Tcheck | Ttotal | Status | Flags |
---|---|---|---|---|---|---|
r-devel-linux-x86_64-debian-clang | 1.0.4 | 7.23 | 62.65 | 69.88 | NOTE | |
r-devel-linux-x86_64-debian-gcc | 1.0.4 | 4.29 | 43.09 | 47.38 | NOTE | |
r-devel-linux-x86_64-fedora-clang | 1.0.4 | 116.68 | NOTE | |||
r-devel-linux-x86_64-fedora-gcc | 1.0.4 | 120.60 | NOTE | |||
r-devel-windows-x86_64 | 1.0.4 | 7.00 | 100.00 | 107.00 | NOTE | |
r-patched-linux-x86_64 | 1.0.4 | 7.59 | 57.76 | 65.35 | NOTE | |
r-release-linux-x86_64 | 1.0.4 | 6.28 | 58.36 | 64.64 | NOTE | |
r-release-macos-arm64 | 1.0.4 | 38.00 | NOTE | |||
r-release-macos-x86_64 | 1.0.4 | 61.00 | NOTE | |||
r-release-windows-x86_64 | 1.0.4 | 9.00 | 107.00 | 116.00 | NOTE | |
r-oldrel-macos-arm64 | 1.0.4 | 37.00 | NOTE | |||
r-oldrel-macos-x86_64 | 1.0.4 | 52.00 | NOTE | |||
r-oldrel-windows-x86_64 | 1.0.4 | 10.00 | 98.00 | 108.00 | NOTE |
Version: 1.0.4
Check: Rd files
Result: NOTE
checkRd: (-1) rec.Rd:23: Escaped LaTeX specials: \$
Flavors: r-devel-linux-x86_64-debian-clang, r-devel-linux-x86_64-debian-gcc, r-devel-linux-x86_64-fedora-clang, r-devel-linux-x86_64-fedora-gcc, r-devel-windows-x86_64, r-patched-linux-x86_64, r-release-linux-x86_64, r-release-macos-arm64, r-release-macos-x86_64, r-release-windows-x86_64, r-oldrel-macos-arm64, r-oldrel-macos-x86_64, r-oldrel-windows-x86_64