Last updated on 2024-03-29 15:54:49 CET.
Flavor | Version | Tinstall | Tcheck | Ttotal | Status | Flags |
---|---|---|---|---|---|---|
r-devel-linux-x86_64-debian-clang | 0.15 | 2.95 | 29.24 | 32.19 | NOTE | |
r-devel-linux-x86_64-debian-gcc | 0.15 | 2.50 | 23.39 | 25.89 | NOTE | |
r-devel-linux-x86_64-fedora-clang | 0.15 | 40.97 | NOTE | |||
r-devel-linux-x86_64-fedora-gcc | 0.15 | 39.73 | NOTE | |||
r-devel-windows-x86_64 | 0.15 | 3.00 | 42.00 | 45.00 | NOTE | |
r-patched-linux-x86_64 | 0.15 | 3.20 | 28.94 | 32.14 | NOTE | |
r-release-linux-x86_64 | 0.15 | 2.92 | 29.14 | 32.06 | NOTE | |
r-release-macos-arm64 | 0.15 | 22.00 | NOTE | |||
r-release-macos-x86_64 | 0.15 | 22.00 | NOTE | |||
r-release-windows-x86_64 | 0.15 | 4.00 | 44.00 | 48.00 | NOTE | |
r-oldrel-macos-arm64 | 0.15 | 16.00 | NOTE | |||
r-oldrel-windows-x86_64 | 0.15 | 5.00 | 51.00 | 56.00 | NOTE |
Version: 0.15
Check: LazyData
Result: NOTE
'LazyData' is specified without a 'data' directory
Flavors: r-devel-linux-x86_64-debian-clang, r-devel-linux-x86_64-debian-gcc, r-devel-linux-x86_64-fedora-clang, r-devel-linux-x86_64-fedora-gcc, r-devel-windows-x86_64, r-patched-linux-x86_64, r-release-linux-x86_64, r-release-macos-arm64, r-release-macos-x86_64, r-release-windows-x86_64, r-oldrel-macos-arm64, r-oldrel-windows-x86_64