CRAN Package Check Results for Package revtools

Last updated on 2025-01-19 05:49:18 CET.

Flavor Version Tinstall Tcheck Ttotal Status Flags
r-devel-linux-x86_64-debian-clang 0.4.1 11.59 76.09 87.68 OK
r-devel-linux-x86_64-debian-gcc 0.4.1 7.87 53.25 61.12 OK
r-devel-linux-x86_64-fedora-clang 0.4.1 145.88 OK
r-devel-linux-x86_64-fedora-gcc 0.4.1 131.08 OK
r-devel-windows-x86_64 0.4.1 12.00 94.00 106.00 OK
r-patched-linux-x86_64 0.4.1 11.01 70.13 81.14 NOTE
r-release-linux-x86_64 0.4.1 10.88 71.25 82.13 NOTE
r-release-macos-arm64 0.4.1 40.00 NOTE
r-release-macos-x86_64 0.4.1 57.00 NOTE
r-release-windows-x86_64 0.4.1 15.00 100.00 115.00 NOTE
r-oldrel-macos-arm64 0.4.1 40.00 NOTE
r-oldrel-macos-x86_64 0.4.1 67.00 NOTE
r-oldrel-windows-x86_64 0.4.1 16.00 107.00 123.00 NOTE

Check Details

Version: 0.4.1
Check: LazyData
Result: NOTE 'LazyData' is specified without a 'data' directory Flavors: r-patched-linux-x86_64, r-release-linux-x86_64, r-release-macos-arm64, r-release-macos-x86_64, r-release-windows-x86_64, r-oldrel-macos-arm64, r-oldrel-macos-x86_64, r-oldrel-windows-x86_64