CRAN Package Check Results for Package rfPermute

Last updated on 2025-01-19 05:49:18 CET.

Flavor Version Tinstall Tcheck Ttotal Status Flags
r-devel-linux-x86_64-debian-clang 2.5.2 4.10 57.09 61.19 NOTE
r-devel-linux-x86_64-debian-gcc 2.5.2 2.90 41.02 43.92 NOTE
r-devel-linux-x86_64-fedora-clang 2.5.2 101.93 OK
r-devel-linux-x86_64-fedora-gcc 2.5.2 94.26 OK
r-devel-windows-x86_64 2.5.2 7.00 77.00 84.00 NOTE
r-patched-linux-x86_64 2.5.2 10.84 53.08 63.92 OK
r-release-linux-x86_64 2.5.2 3.69 53.89 57.58 OK
r-release-macos-arm64 2.5.2 35.00 OK
r-release-macos-x86_64 2.5.2 51.00 OK
r-release-windows-x86_64 2.5.2 7.00 82.00 89.00 OK
r-oldrel-macos-arm64 2.5.2 38.00 OK
r-oldrel-macos-x86_64 2.5.2 69.00 OK
r-oldrel-windows-x86_64 2.5.2 7.00 86.00 93.00 OK

Check Details

Version: 2.5.2
Check: Rd cross-references
Result: NOTE Found the following Rd file(s) with Rd \link{} targets missing package anchors: plotProximity.Rd: ggplot rfPermute.Rd: randomForest Please provide package anchors for all Rd \link{} targets not in the package itself and the base packages. Flavors: r-devel-linux-x86_64-debian-clang, r-devel-linux-x86_64-debian-gcc, r-devel-windows-x86_64