Last updated on 2025-01-19 05:49:18 CET.
Flavor | Version | Tinstall | Tcheck | Ttotal | Status | Flags |
---|---|---|---|---|---|---|
r-devel-linux-x86_64-debian-clang | 1.0.3 | 10.95 | 118.13 | 129.08 | OK | |
r-devel-linux-x86_64-debian-gcc | 1.0.3 | 8.01 | 79.75 | 87.76 | OK | |
r-devel-linux-x86_64-fedora-clang | 1.0.3 | 204.03 | NOTE | |||
r-devel-linux-x86_64-fedora-gcc | 1.0.3 | 210.80 | NOTE | |||
r-devel-windows-x86_64 | 1.0.3 | 12.00 | 124.00 | 136.00 | OK | |
r-patched-linux-x86_64 | 1.0.3 | 8.93 | 108.63 | 117.56 | OK | |
r-release-linux-x86_64 | 1.0.3 | 9.77 | 108.39 | 118.16 | OK | |
r-release-macos-arm64 | 1.0.3 | 57.00 | OK | |||
r-release-macos-x86_64 | 1.0.3 | 86.00 | OK | |||
r-release-windows-x86_64 | 1.0.3 | 12.00 | 131.00 | 143.00 | OK | |
r-oldrel-macos-arm64 | 1.0.3 | 64.00 | OK | |||
r-oldrel-macos-x86_64 | 1.0.3 | 104.00 | OK | |||
r-oldrel-windows-x86_64 | 1.0.3 | 15.00 | 146.00 | 161.00 | OK |
Version: 1.0.3
Check: dependencies in R code
Result: NOTE
Namespace in Imports field not imported from: ‘titanic’
All declared Imports should be used.
Flavors: r-devel-linux-x86_64-fedora-clang, r-devel-linux-x86_64-fedora-gcc