CRAN Package Check Results for Package rgbif

Last updated on 2020-10-19 12:49:17 CEST.

Flavor Version Tinstall Tcheck Ttotal Status Flags
r-devel-linux-x86_64-debian-clang 3.3.0 16.25 170.91 187.16 OK
r-devel-linux-x86_64-debian-gcc 3.3.0 12.68 128.86 141.54 OK
r-devel-linux-x86_64-fedora-clang 3.3.0 223.95 OK
r-devel-linux-x86_64-fedora-gcc 3.3.0 224.69 OK
r-devel-windows-ix86+x86_64 3.3.0 19.00 166.00 185.00 OK
r-patched-linux-x86_64 3.3.0 12.37 165.50 177.87 OK
r-patched-solaris-x86 3.3.0 278.40 NOTE
r-release-linux-x86_64 3.3.0 15.08 164.16 179.24 OK
r-release-macos-x86_64 3.3.0 OK
r-release-windows-ix86+x86_64 3.3.0 30.00 163.00 193.00 OK
r-oldrel-macos-x86_64 3.3.0 OK
r-oldrel-windows-ix86+x86_64 3.3.0 17.00 153.00 170.00 OK

Check Details

Version: 3.3.0
Check: installed package size
Result: NOTE
     installed size is 5.3Mb
     sub-directories of 1Mb or more:
     doc 1.7Mb
     help 2.3Mb
Flavor: r-patched-solaris-x86