CRAN Package Check Results for Package rgdax

Last updated on 2025-01-19 05:49:18 CET.

Flavor Version Tinstall Tcheck Ttotal Status Flags
r-devel-linux-x86_64-debian-clang 1.2.1 3.54 31.79 35.33 NOTE
r-devel-linux-x86_64-debian-gcc 1.2.1 2.45 24.81 27.26 NOTE
r-devel-linux-x86_64-fedora-clang 1.2.1 55.34 NOTE
r-devel-linux-x86_64-fedora-gcc 1.2.1 54.10 NOTE
r-devel-windows-x86_64 1.2.1 4.00 64.00 68.00 NOTE
r-patched-linux-x86_64 1.2.1 3.23 30.67 33.90 NOTE
r-release-linux-x86_64 1.2.1 2.64 30.52 33.16 NOTE
r-release-macos-arm64 1.2.1 21.00 NOTE
r-release-macos-x86_64 1.2.1 29.00 NOTE
r-release-windows-x86_64 1.2.1 5.00 52.00 57.00 NOTE
r-oldrel-macos-arm64 1.2.1 22.00 NOTE
r-oldrel-macos-x86_64 1.2.1 28.00 NOTE
r-oldrel-windows-x86_64 1.2.1 6.00 57.00 63.00 NOTE

Check Details

Version: 1.2.1
Check: package subdirectories
Result: NOTE Problems with news in ‘NEWS.md’: No news entries found. Flavors: r-devel-linux-x86_64-debian-clang, r-devel-linux-x86_64-debian-gcc, r-devel-linux-x86_64-fedora-clang, r-devel-linux-x86_64-fedora-gcc, r-devel-windows-x86_64, r-patched-linux-x86_64, r-release-linux-x86_64, r-release-macos-arm64, r-release-macos-x86_64, r-release-windows-x86_64, r-oldrel-macos-arm64, r-oldrel-macos-x86_64, r-oldrel-windows-x86_64