CRAN Package Check Results for Package rgenius

Last updated on 2025-01-19 05:49:18 CET.

Flavor Version Tinstall Tcheck Ttotal Status Flags
r-devel-linux-x86_64-debian-clang 0.1.0 3.94 39.85 43.79 OK
r-devel-linux-x86_64-debian-gcc 0.1.0 3.18 29.55 32.73 OK
r-devel-linux-x86_64-fedora-clang 0.1.0 69.72 OK
r-devel-linux-x86_64-fedora-gcc 0.1.0 66.10 OK
r-devel-windows-x86_64 0.1.0 7.00 58.00 65.00 OK
r-patched-linux-x86_64 0.1.0 4.26 36.93 41.19 NOTE
r-release-linux-x86_64 0.1.0 3.84 37.17 41.01 NOTE
r-release-macos-arm64 0.1.0 23.00 NOTE
r-release-macos-x86_64 0.1.0 35.00 NOTE
r-release-windows-x86_64 0.1.0 8.00 64.00 72.00 NOTE
r-oldrel-macos-arm64 0.1.0 20.00 NOTE
r-oldrel-macos-x86_64 0.1.0 30.00 NOTE
r-oldrel-windows-x86_64 0.1.0 8.00 62.00 70.00 NOTE

Check Details

Version: 0.1.0
Check: LazyData
Result: NOTE 'LazyData' is specified without a 'data' directory Flavors: r-patched-linux-x86_64, r-release-linux-x86_64, r-release-macos-arm64, r-release-macos-x86_64, r-release-windows-x86_64, r-oldrel-macos-arm64, r-oldrel-macos-x86_64, r-oldrel-windows-x86_64