CRAN Package Check Results for Package rgenoud

Last updated on 2020-06-03 12:49:18 CEST.

Flavor Version Tinstall Tcheck Ttotal Status Flags
r-devel-linux-x86_64-debian-clang 5.8-3.0 14.47 48.77 63.24 NOTE
r-devel-linux-x86_64-debian-gcc 5.8-3.0 7.74 50.31 58.05 NOTE
r-devel-linux-x86_64-fedora-clang 5.8-3.0 91.89 NOTE
r-devel-linux-x86_64-fedora-gcc 5.8-3.0 81.27 NOTE
r-devel-windows-ix86+x86_64 5.8-3.0 42.00 148.00 190.00 NOTE
r-patched-linux-x86_64 5.8-3.0 8.99 56.16 65.15 NOTE
r-patched-solaris-x86 5.8-3.0 106.10 NOTE
r-release-linux-x86_64 5.8-3.0 9.36 68.14 77.50 NOTE
r-release-osx-x86_64 5.8-3.0 NOTE
r-release-windows-ix86+x86_64 5.8-3.0 30.00 128.00 158.00 NOTE
r-oldrel-osx-x86_64 5.8-3.0 NOTE
r-oldrel-windows-ix86+x86_64 5.8-3.0 35.00 140.00 175.00 NOTE

Additional issues

clang-UBSAN gcc-UBSAN

Check Details

Version: 5.8-3.0
Check: R code for possible problems
Result: NOTE
    genoud: multiple local function definitions for 'fn1.bfgs' with
     different formal arguments
    genoud: multiple local function definitions for 'gr1' with different
     formal arguments
    genoud: multiple local function definitions for 'hess.fn' with
     different formal arguments
    genoud_transform: multiple local function definitions for 'fn1.bfgs'
     with different formal arguments
    genoud_transform: multiple local function definitions for 'gr1' with
     different formal arguments
Flavors: r-devel-linux-x86_64-debian-clang, r-devel-linux-x86_64-debian-gcc, r-devel-linux-x86_64-fedora-clang, r-devel-linux-x86_64-fedora-gcc, r-devel-windows-ix86+x86_64, r-patched-linux-x86_64, r-patched-solaris-x86, r-release-linux-x86_64, r-release-osx-x86_64, r-release-windows-ix86+x86_64, r-oldrel-osx-x86_64, r-oldrel-windows-ix86+x86_64