CRAN Package Check Results for Package rgenoud

Last updated on 2019-10-19 12:47:45 CEST.

Flavor Version Tinstall Tcheck Ttotal Status Flags
r-devel-linux-x86_64-debian-clang 5.8-3.0 14.13 44.61 58.74 NOTE
r-devel-linux-x86_64-debian-gcc 5.8-3.0 7.88 45.77 53.65 NOTE
r-devel-linux-x86_64-fedora-clang 5.8-3.0 79.18 NOTE
r-devel-linux-x86_64-fedora-gcc 5.8-3.0 81.30 NOTE
r-devel-windows-ix86+x86_64 5.8-3.0 33.00 144.00 177.00 NOTE
r-patched-linux-x86_64 5.8-3.0 8.63 58.11 66.74 NOTE
r-patched-solaris-x86 5.8-3.0 97.10 NOTE
r-release-linux-x86_64 5.8-3.0 8.75 50.63 59.38 NOTE
r-release-windows-ix86+x86_64 5.8-3.0 26.00 163.00 189.00 NOTE
r-release-osx-x86_64 5.8-3.0 NOTE
r-oldrel-windows-ix86+x86_64 5.8-3.0 35.00 103.00 138.00 NOTE
r-oldrel-osx-x86_64 5.8-3.0 NOTE

Additional issues

clang-UBSAN gcc-UBSAN

Check Details

Version: 5.8-3.0
Check: R code for possible problems
Result: NOTE
    genoud: multiple local function definitions for 'fn1.bfgs' with
     different formal arguments
    genoud: multiple local function definitions for 'gr1' with different
     formal arguments
    genoud: multiple local function definitions for 'hess.fn' with
     different formal arguments
    genoud_transform: multiple local function definitions for 'fn1.bfgs'
     with different formal arguments
    genoud_transform: multiple local function definitions for 'gr1' with
     different formal arguments
Flavors: r-devel-linux-x86_64-debian-clang, r-devel-linux-x86_64-debian-gcc, r-devel-linux-x86_64-fedora-clang, r-devel-linux-x86_64-fedora-gcc, r-devel-windows-ix86+x86_64, r-patched-linux-x86_64, r-patched-solaris-x86, r-release-linux-x86_64, r-release-windows-ix86+x86_64, r-release-osx-x86_64, r-oldrel-windows-ix86+x86_64, r-oldrel-osx-x86_64