Last updated on 2025-01-19 05:49:18 CET.
Flavor | Version | Tinstall | Tcheck | Ttotal | Status | Flags |
---|---|---|---|---|---|---|
r-devel-linux-x86_64-debian-clang | 0.0.11-1 | 229.98 | 39.70 | 269.68 | OK | |
r-devel-linux-x86_64-debian-gcc | 0.0.11-1 | 171.89 | 36.84 | 208.73 | OK | |
r-devel-linux-x86_64-fedora-clang | 0.0.11-1 | 560.13 | OK | |||
r-devel-linux-x86_64-fedora-gcc | 0.0.11-1 | 603.51 | OK | |||
r-devel-windows-x86_64 | 0.0.11-1 | 283.00 | 112.00 | 395.00 | OK | |
r-patched-linux-x86_64 | 0.0.11-1 | 245.29 | 46.88 | 292.17 | OK | |
r-release-linux-x86_64 | 0.0.11-1 | 241.55 | 46.74 | 288.29 | OK | |
r-release-macos-arm64 | 0.0.11-1 | 106.00 | NOTE | |||
r-release-macos-x86_64 | 0.0.11-1 | 120.00 | NOTE | |||
r-release-windows-x86_64 | 0.0.11-1 | 287.00 | 108.00 | 395.00 | OK | |
r-oldrel-macos-arm64 | 0.0.11-1 | 108.00 | NOTE | |||
r-oldrel-macos-x86_64 | 0.0.11-1 | 119.00 | NOTE | |||
r-oldrel-windows-x86_64 | 0.0.11-1 | 279.00 | 130.00 | 409.00 | OK |
Version: 0.0.11-1
Check: installed package size
Result: NOTE
installed size is 28.6Mb
sub-directories of 1Mb or more:
libs 27.3Mb
Flavors: r-release-macos-arm64, r-release-macos-x86_64, r-oldrel-macos-arm64, r-oldrel-macos-x86_64