Last updated on 2025-01-19 05:49:18 CET.
Flavor | Version | Tinstall | Tcheck | Ttotal | Status | Flags |
---|---|---|---|---|---|---|
r-devel-linux-x86_64-debian-clang | 1.3.16 | 130.96 | 213.24 | 344.20 | NOTE | |
r-devel-linux-x86_64-debian-gcc | 1.3.17 | 86.27 | 155.65 | 241.92 | OK | |
r-devel-linux-x86_64-fedora-clang | 1.3.17 | 586.23 | OK | |||
r-devel-linux-x86_64-fedora-gcc | 1.3.17 | 452.20 | OK | |||
r-devel-windows-x86_64 | 1.3.17 | 155.00 | 402.00 | 557.00 | OK | |
r-patched-linux-x86_64 | 1.3.16 | 125.81 | 199.04 | 324.85 | OK | |
r-release-linux-x86_64 | 1.3.16 | 119.23 | 200.11 | 319.34 | OK | |
r-release-macos-arm64 | 1.3.16 | 166.00 | NOTE | |||
r-release-macos-x86_64 | 1.3.16 | 282.00 | NOTE | |||
r-release-windows-x86_64 | 1.3.16 | 208.00 | 240.00 | 448.00 | NOTE | |
r-oldrel-macos-arm64 | 1.3.16 | 161.00 | NOTE | |||
r-oldrel-macos-x86_64 | 1.3.16 | 244.00 | NOTE | |||
r-oldrel-windows-x86_64 | 1.3.17 | 178.00 | 262.00 | 440.00 | NOTE |
Version: 1.3.16
Check: top-level files
Result: NOTE
possible bashism in configure.ac line 200 (test -a/-o):
if test "x$HAVE_PKG_CONFIG" = "xyes" -a "x`pkg-config freetype2 --cflags`" != "x"; then
Flavor: r-devel-linux-x86_64-debian-clang
Version: 1.3.16
Check: installed package size
Result: NOTE
installed size is 36.3Mb
sub-directories of 1Mb or more:
doc 7.1Mb
fonts 1.5Mb
libs 24.5Mb
Flavors: r-release-macos-arm64, r-release-macos-x86_64, r-release-windows-x86_64, r-oldrel-macos-arm64, r-oldrel-macos-x86_64
Version: 1.3.17
Check: installed package size
Result: NOTE
installed size is 13.8Mb
sub-directories of 1Mb or more:
doc 7.1Mb
fonts 1.5Mb
libs 2.7Mb
Flavor: r-oldrel-windows-x86_64