Last updated on 2024-05-01 16:53:08 CEST.
Flavor | Version | Tinstall | Tcheck | Ttotal | Status | Flags |
---|---|---|---|---|---|---|
r-devel-linux-x86_64-debian-clang | 0.4.0 | 2.75 | 51.13 | 53.88 | OK | |
r-devel-linux-x86_64-debian-gcc | 0.4.0 | 2.36 | 38.54 | 40.90 | OK | |
r-devel-linux-x86_64-fedora-clang | 0.4.0 | 69.17 | NOTE | |||
r-devel-linux-x86_64-fedora-gcc | 0.4.0 | 77.23 | NOTE | |||
r-devel-windows-x86_64 | 0.4.0 | 4.00 | 68.00 | 72.00 | OK | |
r-patched-linux-x86_64 | 0.4.0 | 4.34 | 50.07 | 54.41 | OK | |
r-release-linux-x86_64 | 0.4.0 | 2.91 | 48.54 | 51.45 | OK | |
r-release-macos-arm64 | 0.4.0 | 32.00 | OK | |||
r-release-windows-x86_64 | 0.4.0 | 5.00 | 68.00 | 73.00 | OK | |
r-oldrel-macos-arm64 | 0.4.0 | 33.00 | OK | |||
r-oldrel-macos-x86_64 | 0.4.0 | 49.00 | OK | |||
r-oldrel-windows-x86_64 | 0.4.0 | 5.00 | 68.00 | 73.00 | OK |
Version: 0.4.0
Check: data for non-ASCII characters
Result: NOTE
Note: found 1473 marked UTF-8 strings
Flavors: r-devel-linux-x86_64-fedora-clang, r-devel-linux-x86_64-fedora-gcc