Last updated on 2025-01-19 05:49:19 CET.
Flavor | Version | Tinstall | Tcheck | Ttotal | Status | Flags |
---|---|---|---|---|---|---|
r-devel-linux-x86_64-debian-clang | 1.0.0 | 28.70 | 303.51 | 332.21 | OK | |
r-devel-linux-x86_64-debian-gcc | 1.0.0 | 17.15 | 198.98 | 216.13 | OK | |
r-devel-linux-x86_64-fedora-clang | 1.0.0 | 538.28 | OK | |||
r-devel-linux-x86_64-fedora-gcc | 1.0.0 | 627.28 | NOTE | |||
r-devel-windows-x86_64 | 1.0.0 | 26.00 | 267.00 | 293.00 | OK | |
r-patched-linux-x86_64 | 1.0.0 | 25.93 | 285.95 | 311.88 | OK | |
r-release-linux-x86_64 | 1.0.0 | 26.38 | 285.36 | 311.74 | OK | |
r-release-macos-arm64 | 1.0.0 | 184.00 | OK | |||
r-release-macos-x86_64 | 1.0.0 | 344.00 | OK | |||
r-release-windows-x86_64 | 1.0.0 | 26.00 | 266.00 | 292.00 | OK | |
r-oldrel-macos-arm64 | 1.0.0 | 177.00 | OK | |||
r-oldrel-macos-x86_64 | 1.0.0 | 319.00 | OK | |||
r-oldrel-windows-x86_64 | 1.0.0 | 33.00 | 345.00 | 378.00 | OK |
Version: 1.0.0
Check: for non-standard things in the check directory
Result: NOTE
Found the following files/directories:
‘rnaturalearthhires’
Flavor: r-devel-linux-x86_64-fedora-gcc