CRAN Package Check Results for Package ricegeneann

Last updated on 2025-01-19 05:49:19 CET.

Flavor Version Tinstall Tcheck Ttotal Status Flags
r-devel-linux-x86_64-debian-clang 1.0.2 4.51 18.74 23.25 OK
r-devel-linux-x86_64-debian-gcc 1.0.2 3.47 15.67 19.14 OK
r-devel-linux-x86_64-fedora-clang 1.0.2 38.34 OK
r-devel-linux-x86_64-fedora-gcc 1.0.2 37.23 OK
r-devel-windows-x86_64 1.0.2 7.00 46.00 53.00 OK
r-patched-linux-x86_64 1.0.2 4.78 18.14 22.92 NOTE
r-release-linux-x86_64 1.0.2 4.90 18.09 22.99 NOTE
r-release-macos-arm64 1.0.2 17.00 NOTE
r-release-macos-x86_64 1.0.2 25.00 NOTE
r-release-windows-x86_64 1.0.2 6.00 47.00 53.00 NOTE
r-oldrel-macos-arm64 1.0.2 20.00 NOTE
r-oldrel-macos-x86_64 1.0.2 23.00 NOTE
r-oldrel-windows-x86_64 1.0.2 8.00 45.00 53.00 NOTE

Check Details

Version: 1.0.2
Check: LazyData
Result: NOTE 'LazyData' is specified without a 'data' directory Flavors: r-patched-linux-x86_64, r-release-linux-x86_64, r-release-macos-arm64, r-release-macos-x86_64, r-release-windows-x86_64, r-oldrel-macos-arm64, r-oldrel-macos-x86_64, r-oldrel-windows-x86_64