CRAN Package Check Results for Package riceidconverter

Last updated on 2025-01-19 05:49:19 CET.

Flavor Version Tinstall Tcheck Ttotal Status Flags
r-devel-linux-x86_64-debian-clang 1.1.1 8.10 21.27 29.37 OK
r-devel-linux-x86_64-debian-gcc 1.1.1 6.32 18.43 24.75 OK
r-devel-linux-x86_64-fedora-clang 1.1.1 48.02 OK
r-devel-linux-x86_64-fedora-gcc 1.1.1 46.82 OK
r-devel-windows-x86_64 1.1.1 10.00 42.00 52.00 OK
r-patched-linux-x86_64 1.1.1 8.72 20.76 29.48 NOTE
r-release-linux-x86_64 1.1.1 8.31 20.96 29.27 NOTE
r-release-macos-arm64 1.1.1 21.00 NOTE
r-release-macos-x86_64 1.1.1 32.00 NOTE
r-release-windows-x86_64 1.1.1 10.00 56.00 66.00 NOTE
r-oldrel-macos-arm64 1.1.1 24.00 NOTE
r-oldrel-macos-x86_64 1.1.1 30.00 NOTE
r-oldrel-windows-x86_64 1.1.1 11.00 44.00 55.00 NOTE

Check Details

Version: 1.1.1
Check: LazyData
Result: NOTE 'LazyData' is specified without a 'data' directory Flavors: r-patched-linux-x86_64, r-release-linux-x86_64, r-release-macos-arm64, r-release-macos-x86_64, r-release-windows-x86_64, r-oldrel-macos-arm64, r-oldrel-macos-x86_64, r-oldrel-windows-x86_64