CRAN Package Check Results for Package ricu

Last updated on 2025-01-19 05:49:19 CET.

Flavor Version Tinstall Tcheck Ttotal Status Flags
r-devel-linux-x86_64-debian-clang 0.5.6 15.04 154.95 169.99 NOTE
r-devel-linux-x86_64-debian-gcc 0.5.6 8.09 107.52 115.61 NOTE
r-devel-linux-x86_64-fedora-clang 0.5.6 278.71 OK
r-devel-linux-x86_64-fedora-gcc 0.5.6 286.21 OK
r-devel-windows-x86_64 0.5.6 16.00 174.00 190.00 NOTE
r-patched-linux-x86_64 0.5.6 20.29 145.31 165.60 NOTE
r-release-linux-x86_64 0.5.6 13.05 144.54 157.59 NOTE
r-release-macos-arm64 0.5.6 74.00 NOTE
r-release-macos-x86_64 0.5.6 118.00 NOTE
r-release-windows-x86_64 0.5.6 17.00 170.00 187.00 NOTE
r-oldrel-macos-arm64 0.5.6 85.00 NOTE
r-oldrel-macos-x86_64 0.5.6 175.00 NOTE
r-oldrel-windows-x86_64 0.5.6 21.00 197.00 218.00 NOTE

Check Details

Version: 0.5.6
Check: Rd cross-references
Result: NOTE Found the following Rd file(s) with Rd \link{} targets missing package anchors: ts_utils.Rd: data.table Please provide package anchors for all Rd \link{} targets not in the package itself and the base packages. Flavors: r-devel-linux-x86_64-debian-clang, r-devel-linux-x86_64-debian-gcc, r-devel-windows-x86_64

Version: 0.5.6
Check: package dependencies
Result: NOTE Packages suggested but not available for checking: 'mimic.demo', 'eicu.demo' Flavors: r-patched-linux-x86_64, r-release-linux-x86_64, r-release-macos-arm64, r-release-macos-x86_64, r-release-windows-x86_64, r-oldrel-macos-arm64, r-oldrel-macos-x86_64, r-oldrel-windows-x86_64