CRAN Package Check Results for Package rijkspalette

Last updated on 2020-06-02 12:48:54 CEST.

Flavor Version Tinstall Tcheck Ttotal Status Flags
r-devel-linux-x86_64-debian-clang 1.0.1 2.12 19.95 22.07 OK
r-devel-linux-x86_64-debian-gcc 1.0.1 1.66 15.85 17.51 OK
r-devel-linux-x86_64-fedora-clang 1.0.1 36.59 NOTE
r-devel-linux-x86_64-fedora-gcc 1.0.1 26.76 NOTE
r-devel-windows-ix86+x86_64 1.0.1 8.00 93.00 101.00 WARN
r-patched-linux-x86_64 1.0.1 2.04 20.17 22.21 OK
r-patched-solaris-x86 1.0.1 42.80 NOTE
r-release-linux-x86_64 1.0.1 2.05 20.39 22.44 OK
r-release-osx-x86_64 1.0.1 NOTE
r-release-windows-ix86+x86_64 1.0.1 6.00 44.00 50.00 OK
r-oldrel-osx-x86_64 1.0.1 NOTE
r-oldrel-windows-ix86+x86_64 1.0.1 5.00 33.00 38.00 OK

Check Details

Version: 1.0.1
Check: dependencies in R code
Result: NOTE
    Namespace in Imports field not imported from: ‘curl’
     All declared Imports should be used.
Flavors: r-devel-linux-x86_64-fedora-clang, r-devel-linux-x86_64-fedora-gcc, r-patched-solaris-x86, r-release-osx-x86_64, r-oldrel-osx-x86_64

Version: 1.0.1
Check: whether package can be installed
Result: WARN
    Found the following significant warnings:
     Warning: S4 exports specified in 'NAMESPACE' but not defined in package 'rijkspalette'
Flavor: r-devel-windows-ix86+x86_64