CRAN Package Check Results for Package rijkspalette

Last updated on 2019-10-22 12:48:15 CEST.

Flavor Version Tinstall Tcheck Ttotal Status Flags
r-devel-linux-x86_64-debian-clang 1.0.1 1.75 18.37 20.12 OK
r-devel-linux-x86_64-debian-gcc 1.0.1 1.59 14.90 16.49 OK
r-devel-linux-x86_64-fedora-clang 1.0.1 25.24 NOTE
r-devel-linux-x86_64-fedora-gcc 1.0.1 24.14 NOTE
r-devel-windows-ix86+x86_64 1.0.1 6.00 57.00 63.00 OK
r-patched-linux-x86_64 1.0.1 1.44 18.01 19.45 OK
r-patched-solaris-x86 1.0.1 39.50 NOTE
r-release-linux-x86_64 1.0.1 1.68 18.35 20.03 OK
r-release-windows-ix86+x86_64 1.0.1 6.00 39.00 45.00 OK
r-release-osx-x86_64 1.0.1 NOTE
r-oldrel-windows-ix86+x86_64 1.0.1 4.00 61.00 65.00 OK
r-oldrel-osx-x86_64 1.0.1 NOTE

Check Details

Version: 1.0.1
Check: dependencies in R code
Result: NOTE
    Namespace in Imports field not imported from: ‘curl’
     All declared Imports should be used.
Flavors: r-devel-linux-x86_64-fedora-clang, r-devel-linux-x86_64-fedora-gcc, r-patched-solaris-x86, r-release-osx-x86_64, r-oldrel-osx-x86_64