Last updated on 2024-05-01 16:53:08 CEST.
Flavor | Version | Tinstall | Tcheck | Ttotal | Status | Flags |
---|---|---|---|---|---|---|
r-devel-linux-x86_64-debian-clang | 0.6.4 | 6.87 | 70.21 | 77.08 | OK | |
r-devel-linux-x86_64-debian-gcc | 0.6.4 | 4.71 | 52.42 | 57.13 | OK | |
r-devel-linux-x86_64-fedora-clang | 0.6.4 | 96.93 | NOTE | |||
r-devel-linux-x86_64-fedora-gcc | 0.6.4 | 105.20 | NOTE | |||
r-devel-windows-x86_64 | 0.6.4 | 7.00 | 77.00 | 84.00 | OK | |
r-patched-linux-x86_64 | 0.6.4 | 7.33 | 67.78 | 75.11 | OK | |
r-release-linux-x86_64 | 0.6.4 | 5.31 | 67.63 | 72.94 | OK | |
r-release-macos-arm64 | 0.6.4 | 44.00 | OK | |||
r-release-windows-x86_64 | 0.6.4 | 6.00 | 78.00 | 84.00 | OK | |
r-oldrel-macos-arm64 | 0.6.4 | 48.00 | OK | |||
r-oldrel-macos-x86_64 | 0.6.4 | 118.00 | NOTE | |||
r-oldrel-windows-x86_64 | 0.6.4 | 6.00 | 81.00 | 87.00 | OK |
Version: 0.6.4
Check: data for non-ASCII characters
Result: NOTE
Note: found 169 marked UTF-8 strings
Flavors: r-devel-linux-x86_64-fedora-clang, r-devel-linux-x86_64-fedora-gcc
Version: 0.6.4
Check: installed package size
Result: NOTE
installed size is 5.6Mb
sub-directories of 1Mb or more:
data 3.2Mb
extdata 1.3Mb
Flavor: r-oldrel-macos-x86_64