CRAN Package Check Results for Package riskParityPortfolio

Last updated on 2019-10-22 12:48:15 CEST.

Flavor Version Tinstall Tcheck Ttotal Status Flags
r-devel-linux-x86_64-debian-clang 0.2.1 90.23 46.75 136.98 OK
r-devel-linux-x86_64-debian-gcc 0.2.1 66.55 38.78 105.33 OK
r-devel-linux-x86_64-fedora-clang 0.2.1 180.18 NOTE
r-devel-linux-x86_64-fedora-gcc 0.2.1 180.61 OK
r-devel-windows-ix86+x86_64 0.2.1 129.00 106.00 235.00 OK
r-patched-linux-x86_64 0.2.1 77.49 48.48 125.97 OK
r-patched-solaris-x86 0.2.1 154.00 OK
r-release-linux-x86_64 0.2.1 74.51 48.38 122.89 OK
r-release-windows-ix86+x86_64 0.2.1 171.00 78.00 249.00 OK
r-release-osx-x86_64 0.2.1 NOTE
r-oldrel-windows-ix86+x86_64 0.2.1 167.00 96.00 263.00 OK
r-oldrel-osx-x86_64 0.2.1 NOTE

Check Details

Version: 0.2.1
Check: installed package size
Result: NOTE
     installed size is 24.0Mb
     sub-directories of 1Mb or more:
     doc 1.4Mb
     libs 22.4Mb
Flavors: r-devel-linux-x86_64-fedora-clang, r-release-osx-x86_64, r-oldrel-osx-x86_64