CRAN Package Check Results for Package riskParityPortfolio

Last updated on 2020-06-03 12:49:19 CEST.

Flavor Version Tinstall Tcheck Ttotal Status Flags
r-devel-linux-x86_64-debian-clang 0.2.1 98.00 50.72 148.72 OK
r-devel-linux-x86_64-debian-gcc 0.2.1 72.11 42.44 114.55 OK
r-devel-linux-x86_64-fedora-clang 0.2.1 210.26 NOTE
r-devel-linux-x86_64-fedora-gcc 0.2.1 195.26 OK
r-devel-windows-ix86+x86_64 0.2.1 215.00 124.00 339.00 OK
r-patched-linux-x86_64 0.2.1 78.22 54.77 132.99 OK
r-patched-solaris-x86 0.2.1 162.20 OK
r-release-linux-x86_64 0.2.1 80.57 55.03 135.60 OK
r-release-osx-x86_64 0.2.1 NOTE
r-release-windows-ix86+x86_64 0.2.1 143.00 91.00 234.00 OK
r-oldrel-osx-x86_64 0.2.1 NOTE
r-oldrel-windows-ix86+x86_64 0.2.1 157.00 83.00 240.00 OK

Check Details

Version: 0.2.1
Check: installed package size
Result: NOTE
     installed size is 24.5Mb
     sub-directories of 1Mb or more:
     doc 1.4Mb
     libs 22.9Mb
Flavors: r-devel-linux-x86_64-fedora-clang, r-release-osx-x86_64, r-oldrel-osx-x86_64