Last updated on 2025-01-19 05:49:19 CET.
Flavor | Version | Tinstall | Tcheck | Ttotal | Status | Flags |
---|---|---|---|---|---|---|
r-devel-linux-x86_64-debian-clang | 1.3.1 | 201.57 | 32.00 | 233.57 | OK | |
r-devel-linux-x86_64-debian-gcc | 1.3.1 | 187.18 | 25.55 | 212.73 | OK | |
r-devel-linux-x86_64-fedora-clang | 1.3.1 | 378.89 | OK | |||
r-devel-linux-x86_64-fedora-gcc | 1.3.1 | 580.08 | OK | |||
r-devel-windows-x86_64 | 1.3.1 | 213.00 | 104.00 | 317.00 | OK | |
r-patched-linux-x86_64 | 1.3.1 | 242.51 | 31.44 | 273.95 | OK | |
r-release-linux-x86_64 | 1.3.1 | 253.19 | 30.38 | 283.57 | OK | |
r-release-macos-arm64 | 1.3.1 | 144.00 | NOTE | |||
r-release-macos-x86_64 | 1.3.1 | 162.00 | NOTE | |||
r-release-windows-x86_64 | 1.3.1 | 213.00 | 108.00 | 321.00 | NOTE | |
r-oldrel-macos-arm64 | 1.3.1 | 145.00 | NOTE | |||
r-oldrel-macos-x86_64 | 1.3.1 | 155.00 | NOTE | |||
r-oldrel-windows-x86_64 | 1.3.1 | 245.00 | 114.00 | 359.00 | NOTE |
Version: 1.3.1
Check: installed package size
Result: NOTE
installed size is 55.9Mb
sub-directories of 1Mb or more:
include 3.4Mb
libs 51.6Mb
Flavors: r-release-macos-arm64, r-release-macos-x86_64, r-release-windows-x86_64, r-oldrel-macos-arm64, r-oldrel-macos-x86_64, r-oldrel-windows-x86_64