Last updated on 2025-01-19 05:49:19 CET.
Flavor | Version | Tinstall | Tcheck | Ttotal | Status | Flags |
---|---|---|---|---|---|---|
r-devel-linux-x86_64-debian-clang | 1.0.13 | 6.18 | 54.01 | 60.19 | NOTE | |
r-devel-linux-x86_64-debian-gcc | 1.0.13 | 3.86 | 41.04 | 44.90 | NOTE | |
r-devel-linux-x86_64-fedora-clang | 1.0.13 | 104.69 | OK | |||
r-devel-linux-x86_64-fedora-gcc | 1.0.13 | 112.93 | OK | |||
r-devel-windows-x86_64 | 1.0.13 | 9.00 | 73.00 | 82.00 | NOTE | |
r-patched-linux-x86_64 | 1.0.13 | 9.66 | 52.39 | 62.05 | OK | |
r-release-linux-x86_64 | 1.0.13 | 6.04 | 52.48 | 58.52 | OK | |
r-release-macos-arm64 | 1.0.13 | 44.00 | OK | |||
r-release-macos-x86_64 | 1.0.13 | 61.00 | OK | |||
r-release-windows-x86_64 | 1.0.13 | 9.00 | 73.00 | 82.00 | OK | |
r-oldrel-macos-arm64 | 1.0.13 | 48.00 | OK | |||
r-oldrel-macos-x86_64 | 1.0.13 | 76.00 | OK | |||
r-oldrel-windows-x86_64 | 1.0.13 | 9.00 | 79.00 | 88.00 | OK |
Version: 1.0.13
Check: Rd cross-references
Result: NOTE
Found the following Rd file(s) with Rd \link{} targets missing package
anchors:
log_error.Rd: glue
Please provide package anchors for all Rd \link{} targets not in the
package itself and the base packages.
Flavors: r-devel-linux-x86_64-debian-clang, r-devel-linux-x86_64-debian-gcc, r-devel-windows-x86_64