Last updated on 2025-01-19 05:49:19 CET.
Flavor | Version | Tinstall | Tcheck | Ttotal | Status | Flags |
---|---|---|---|---|---|---|
r-devel-linux-x86_64-debian-clang | 1.8.0 | 87.97 | 29.74 | 117.71 | OK | |
r-devel-linux-x86_64-debian-gcc | 1.8.0 | 78.73 | 22.98 | 101.71 | OK | |
r-devel-linux-x86_64-fedora-clang | 1.8.0 | 243.51 | OK | |||
r-devel-linux-x86_64-fedora-gcc | 1.8.0 | 276.53 | OK | |||
r-devel-windows-x86_64 | 1.8.0 | 151.00 | 83.00 | 234.00 | OK | |
r-patched-linux-x86_64 | 1.8.0 | 107.02 | 28.27 | 135.29 | OK | |
r-release-linux-x86_64 | 1.8.0 | 106.08 | 27.83 | 133.91 | OK | |
r-release-macos-arm64 | 1.8.0 | 65.00 | NOTE | |||
r-release-macos-x86_64 | 1.8.0 | 91.00 | NOTE | |||
r-release-windows-x86_64 | 1.8.0 | 153.00 | 82.00 | 235.00 | OK | |
r-oldrel-macos-arm64 | 1.8.0 | 74.00 | NOTE | |||
r-oldrel-macos-x86_64 | 1.8.0 | 77.00 | NOTE | |||
r-oldrel-windows-x86_64 | 1.8.0 | 165.00 | 99.00 | 264.00 | OK |
Version: 1.8.0
Check: installed package size
Result: NOTE
installed size is 9.1Mb
sub-directories of 1Mb or more:
libs 8.6Mb
Flavors: r-release-macos-arm64, r-release-macos-x86_64, r-oldrel-macos-arm64, r-oldrel-macos-x86_64