CRAN Package Check Results for Package rlc

Last updated on 2025-01-19 05:49:19 CET.

Flavor Version Tinstall Tcheck Ttotal Status Flags
r-devel-linux-x86_64-debian-clang 0.5.0 7.50 36.02 43.52 NOTE
r-devel-linux-x86_64-debian-gcc 0.5.0 3.65 26.89 30.54 NOTE
r-devel-linux-x86_64-fedora-clang 0.5.0 67.68 OK
r-devel-linux-x86_64-fedora-gcc 0.5.0 65.75 OK
r-devel-windows-x86_64 0.5.0 7.00 60.00 67.00 NOTE
r-patched-linux-x86_64 0.5.0 11.26 33.56 44.82 OK
r-release-linux-x86_64 0.5.0 6.83 34.48 41.31 OK
r-release-macos-arm64 0.5.0 25.00 OK
r-release-macos-x86_64 0.5.0 35.00 OK
r-release-windows-x86_64 0.5.0 9.00 58.00 67.00 OK
r-oldrel-macos-arm64 0.5.0 29.00 OK
r-oldrel-macos-x86_64 0.5.0 51.00 OK
r-oldrel-windows-x86_64 0.5.0 10.00 66.00 76.00 OK

Check Details

Version: 0.5.0
Check: Rd cross-references
Result: NOTE Found the following Rd file(s) with Rd \link{} targets missing package anchors: chartEvent.Rd: App Please provide package anchors for all Rd \link{} targets not in the package itself and the base packages. Flavors: r-devel-linux-x86_64-debian-clang, r-devel-linux-x86_64-debian-gcc, r-devel-windows-x86_64