CRAN Package Check Results for Package rlemon

Last updated on 2025-01-19 05:49:19 CET.

Flavor Version Tinstall Tcheck Ttotal Status Flags
r-devel-linux-x86_64-debian-clang 0.2.1 72.78 36.22 109.00 OK
r-devel-linux-x86_64-debian-gcc 0.2.1 68.31 26.86 95.17 OK
r-devel-linux-x86_64-fedora-clang 0.2.1 173.18 OK
r-devel-linux-x86_64-fedora-gcc 0.2.1 241.56 OK
r-devel-windows-x86_64 0.2.1 77.00 89.00 166.00 OK
r-patched-linux-x86_64 0.2.1 95.78 33.83 129.61 OK
r-release-linux-x86_64 0.2.1 90.20 34.73 124.93 OK
r-release-macos-arm64 0.2.1 50.00 NOTE
r-release-macos-x86_64 0.2.1 96.00 NOTE
r-release-windows-x86_64 0.2.1 78.00 86.00 164.00 NOTE
r-oldrel-macos-arm64 0.2.1 63.00 NOTE
r-oldrel-macos-x86_64 0.2.1 98.00 NOTE
r-oldrel-windows-x86_64 0.2.1 88.00 101.00 189.00 NOTE

Check Details

Version: 0.2.1
Check: installed package size
Result: NOTE installed size is 19.2Mb sub-directories of 1Mb or more: lemon 2.8Mb libs 16.1Mb Flavors: r-release-macos-arm64, r-release-macos-x86_64, r-release-windows-x86_64, r-oldrel-macos-arm64, r-oldrel-macos-x86_64, r-oldrel-windows-x86_64